{"id":74070,"date":"2026-03-03T18:25:59","date_gmt":"2026-03-03T17:25:59","guid":{"rendered":"https:\/\/vert-e-s-vd.ch\/nord-lausannois\/?page_id=74070"},"modified":"2026-03-03T18:28:37","modified_gmt":"2026-03-03T17:28:37","slug":"epalinges-programme-2026-2031","status":"publish","type":"page","link":"https:\/\/vert-e-s-vd.ch\/nord-lausannois\/epalinges-programme-2026-2031","title":{"rendered":"Epalinges &#8211; programme 2026-2031"},"content":{"rendered":"","protected":false},"excerpt":{"rendered":"","protected":false},"author":68,"featured_media":0,"parent":0,"menu_order":0,"comment_status":"closed","ping_status":"closed","template":"","meta":{"_acf_changed":false,"inline_featured_image":false,"footnotes":""},"class_list":["post-74070","page","type-page","status-publish","hentry"],"acf":[],"yoast_head":"<!-- This site is optimized with the Yoast SEO plugin v26.9 - https:\/\/yoast.com\/product\/yoast-seo-wordpress\/ -->\n<title>Epalinges - programme 2026-2031 - Les VERT-E-S du Nord lausannois<\/title>\n<meta name=\"description\" content=\"La solidarit\u00e9 et la responsabilit\u00e9 sont nos valeurs\u00a0: la solidarit\u00e9 pour soutenir les plus vuln\u00e9rables, la responsabilit\u00e9 pour adapter notre comportement collectif. Elles nous guident \u00e9galement face au changement climatique et \u00e0 la perte de la biodiversit\u00e9.\" \/>\n<meta name=\"robots\" content=\"index, follow, max-snippet:-1, max-image-preview:large, max-video-preview:-1\" \/>\n<link rel=\"canonical\" href=\"https:\/\/vert-e-s-vd.ch\/nord-lausannois\/epalinges-programme-2026-2031\" \/>\n<meta property=\"og:locale\" content=\"fr_FR\" \/>\n<meta property=\"og:type\" content=\"article\" \/>\n<meta property=\"og:title\" content=\"Epalinges - programme 2026-2031 - Les VERT-E-S du Nord lausannois\" \/>\n<meta property=\"og:description\" content=\"La solidarit\u00e9 et la responsabilit\u00e9 sont nos valeurs\u00a0: la solidarit\u00e9 pour soutenir les plus vuln\u00e9rables, la responsabilit\u00e9 pour \u2026\" \/>\n<meta property=\"og:url\" content=\"https:\/\/vert-e-s-vd.ch\/nord-lausannois\/epalinges-programme-2026-2031\" \/>\n<meta property=\"og:site_name\" content=\"Les VERT-E-S du Nord lausannois\" \/>\n<meta property=\"article:modified_time\" content=\"2026-03-03T17:28:37+00:00\" \/>\n<meta name=\"twitter:card\" content=\"summary_large_image\" \/>\n<meta name=\"twitter:label1\" content=\"Dur\u00e9e de lecture estim\u00e9e\" \/>\n\t<meta name=\"twitter:data1\" content=\"7 minutes\" \/>\n<script type=\"application\/ld+json\" class=\"yoast-schema-graph\">{\"@context\":\"https:\/\/schema.org\",\"@graph\":[{\"@type\":\"WebPage\",\"@id\":\"https:\/\/vert-e-s-vd.ch\/nord-lausannois\/epalinges-programme-2026-2031\",\"url\":\"https:\/\/vert-e-s-vd.ch\/nord-lausannois\/epalinges-programme-2026-2031\",\"name\":\"Epalinges - programme 2026-2031 - Les VERT-E-S du Nord lausannois\",\"isPartOf\":{\"@id\":\"https:\/\/vert-e-s-vd.ch\/nord-lausannois\/#website\"},\"datePublished\":\"2026-03-03T17:25:59+00:00\",\"dateModified\":\"2026-03-03T17:28:37+00:00\",\"description\":\"La solidarit\u00e9 et la responsabilit\u00e9 sont nos valeurs\u00a0: la solidarit\u00e9 pour soutenir les plus vuln\u00e9rables, la responsabilit\u00e9 pour adapter notre comportement collectif. Elles nous guident \u00e9galement face au changement climatique et \u00e0 la perte de la biodiversit\u00e9.\",\"breadcrumb\":{\"@id\":\"https:\/\/vert-e-s-vd.ch\/nord-lausannois\/epalinges-programme-2026-2031#breadcrumb\"},\"inLanguage\":\"fr-FR\",\"potentialAction\":[{\"@type\":\"ReadAction\",\"target\":[\"https:\/\/vert-e-s-vd.ch\/nord-lausannois\/epalinges-programme-2026-2031\"]}]},{\"@type\":\"BreadcrumbList\",\"@id\":\"https:\/\/vert-e-s-vd.ch\/nord-lausannois\/epalinges-programme-2026-2031#breadcrumb\",\"itemListElement\":[{\"@type\":\"ListItem\",\"position\":1,\"name\":\"Accueil\",\"item\":\"https:\/\/vert-e-s-vd.ch\/nord-lausannois\/\"},{\"@type\":\"ListItem\",\"position\":2,\"name\":\"Agenda\"}]},{\"@type\":\"WebSite\",\"@id\":\"https:\/\/vert-e-s-vd.ch\/nord-lausannois\/#website\",\"url\":\"https:\/\/vert-e-s-vd.ch\/nord-lausannois\/\",\"name\":\"Les VERT-E-S du Nord lausannois\",\"description\":\"Une longueur d\u2019avance\",\"potentialAction\":[{\"@type\":\"SearchAction\",\"target\":{\"@type\":\"EntryPoint\",\"urlTemplate\":\"https:\/\/vert-e-s-vd.ch\/nord-lausannois\/?s={search_term_string}\"},\"query-input\":{\"@type\":\"PropertyValueSpecification\",\"valueRequired\":true,\"valueName\":\"search_term_string\"}}],\"inLanguage\":\"fr-FR\"}]}<\/script>\n<!-- \/ Yoast SEO plugin. -->","yoast_head_json":{"title":"Epalinges - programme 2026-2031 - Les VERT-E-S du Nord lausannois","description":"La solidarit\u00e9 et la responsabilit\u00e9 sont nos valeurs\u00a0: la solidarit\u00e9 pour soutenir les plus vuln\u00e9rables, la responsabilit\u00e9 pour adapter notre comportement collectif. Elles nous guident \u00e9galement face au changement climatique et \u00e0 la perte de la biodiversit\u00e9.","robots":{"index":"index","follow":"follow","max-snippet":"max-snippet:-1","max-image-preview":"max-image-preview:large","max-video-preview":"max-video-preview:-1"},"canonical":"https:\/\/vert-e-s-vd.ch\/nord-lausannois\/epalinges-programme-2026-2031","og_locale":"fr_FR","og_type":"article","og_title":"Epalinges - programme 2026-2031 - Les VERT-E-S du Nord lausannois","og_description":"La solidarit\u00e9 et la responsabilit\u00e9 sont nos valeurs\u00a0: la solidarit\u00e9 pour soutenir les plus vuln\u00e9rables, la responsabilit\u00e9 pour \u2026","og_url":"https:\/\/vert-e-s-vd.ch\/nord-lausannois\/epalinges-programme-2026-2031","og_site_name":"Les VERT-E-S du Nord lausannois","article_modified_time":"2026-03-03T17:28:37+00:00","twitter_card":"summary_large_image","twitter_misc":{"Dur\u00e9e de lecture estim\u00e9e":"7 minutes"},"schema":{"@context":"https:\/\/schema.org","@graph":[{"@type":"WebPage","@id":"https:\/\/vert-e-s-vd.ch\/nord-lausannois\/epalinges-programme-2026-2031","url":"https:\/\/vert-e-s-vd.ch\/nord-lausannois\/epalinges-programme-2026-2031","name":"Epalinges - programme 2026-2031 - Les VERT-E-S du Nord lausannois","isPartOf":{"@id":"https:\/\/vert-e-s-vd.ch\/nord-lausannois\/#website"},"datePublished":"2026-03-03T17:25:59+00:00","dateModified":"2026-03-03T17:28:37+00:00","description":"La solidarit\u00e9 et la responsabilit\u00e9 sont nos valeurs\u00a0: la solidarit\u00e9 pour soutenir les plus vuln\u00e9rables, la responsabilit\u00e9 pour adapter notre comportement collectif. Elles nous guident \u00e9galement face au changement climatique et \u00e0 la perte de la biodiversit\u00e9.","breadcrumb":{"@id":"https:\/\/vert-e-s-vd.ch\/nord-lausannois\/epalinges-programme-2026-2031#breadcrumb"},"inLanguage":"fr-FR","potentialAction":[{"@type":"ReadAction","target":["https:\/\/vert-e-s-vd.ch\/nord-lausannois\/epalinges-programme-2026-2031"]}]},{"@type":"BreadcrumbList","@id":"https:\/\/vert-e-s-vd.ch\/nord-lausannois\/epalinges-programme-2026-2031#breadcrumb","itemListElement":[{"@type":"ListItem","position":1,"name":"Accueil","item":"https:\/\/vert-e-s-vd.ch\/nord-lausannois\/"},{"@type":"ListItem","position":2,"name":"Agenda"}]},{"@type":"WebSite","@id":"https:\/\/vert-e-s-vd.ch\/nord-lausannois\/#website","url":"https:\/\/vert-e-s-vd.ch\/nord-lausannois\/","name":"Les VERT-E-S du Nord lausannois","description":"Une longueur d\u2019avance","potentialAction":[{"@type":"SearchAction","target":{"@type":"EntryPoint","urlTemplate":"https:\/\/vert-e-s-vd.ch\/nord-lausannois\/?s={search_term_string}"},"query-input":{"@type":"PropertyValueSpecification","valueRequired":true,"valueName":"search_term_string"}}],"inLanguage":"fr-FR"}]}},"_links":{"self":[{"href":"https:\/\/vert-e-s-vd.ch\/nord-lausannois\/wp-json\/wp\/v2\/pages\/74070","targetHints":{"allow":["GET"]}}],"collection":[{"href":"https:\/\/vert-e-s-vd.ch\/nord-lausannois\/wp-json\/wp\/v2\/pages"}],"about":[{"href":"https:\/\/vert-e-s-vd.ch\/nord-lausannois\/wp-json\/wp\/v2\/types\/page"}],"author":[{"embeddable":true,"href":"https:\/\/vert-e-s-vd.ch\/nord-lausannois\/wp-json\/wp\/v2\/users\/68"}],"replies":[{"embeddable":true,"href":"https:\/\/vert-e-s-vd.ch\/nord-lausannois\/wp-json\/wp\/v2\/comments?post=74070"}],"version-history":[{"count":4,"href":"https:\/\/vert-e-s-vd.ch\/nord-lausannois\/wp-json\/wp\/v2\/pages\/74070\/revisions"}],"predecessor-version":[{"id":74074,"href":"https:\/\/vert-e-s-vd.ch\/nord-lausannois\/wp-json\/wp\/v2\/pages\/74070\/revisions\/74074"}],"wp:attachment":[{"href":"https:\/\/vert-e-s-vd.ch\/nord-lausannois\/wp-json\/wp\/v2\/media?parent=74070"}],"curies":[{"name":"wp","href":"https:\/\/api.w.org\/{rel}","templated":true}]}}

<!-- This site is optimized with the Yoast SEO plugin v26.9 - https://yoast.com/product/yoast-seo-wordpress/ -->
<title>Epalinges - programme 2026-2031 - Les VERT-E-S du Nord lausannois</title>
<meta name="description" content="La solidarité et la responsabilité sont nos valeurs : la solidarité pour soutenir les plus vulnérables, la responsabilité pour adapter notre comportement collectif. Elles nous guident également face au changement climatique et à la perte de la biodiversité." />
<meta name="robots" content="index, follow, max-snippet:-1, max-image-preview:large, max-video-preview:-1" />
<link rel="canonical" href="https://vert-e-s-vd.ch/nord-lausannois/epalinges-programme-2026-2031" />
<meta property="og:locale" content="fr_FR" />
<meta property="og:type" content="article" />
<meta property="og:title" content="Epalinges - programme 2026-2031 - Les VERT-E-S du Nord lausannois" />
<meta property="og:description" content="La solidarité et la responsabilité sont nos valeurs : la solidarité pour soutenir les plus vulnérables, la responsabilité pour …" />
<meta property="og:url" content="https://vert-e-s-vd.ch/nord-lausannois/epalinges-programme-2026-2031" />
<meta property="og:site_name" content="Les VERT-E-S du Nord lausannois" />
<meta property="article:modified_time" content="2026-03-03T17:28:37+00:00" />
<meta name="twitter:card" content="summary_large_image" />
<meta name="twitter:label1" content="Durée de lecture estimée" />
	<meta name="twitter:data1" content="7 minutes" />
<script type="application/ld+json" class="yoast-schema-graph">{"@context":"https://schema.org","@graph":[{"@type":"WebPage","@id":"https://vert-e-s-vd.ch/nord-lausannois/epalinges-programme-2026-2031","url":"https://vert-e-s-vd.ch/nord-lausannois/epalinges-programme-2026-2031","name":"Epalinges - programme 2026-2031 - Les VERT-E-S du Nord lausannois","isPartOf":{"@id":"https://vert-e-s-vd.ch/nord-lausannois/#website"},"datePublished":"2026-03-03T17:25:59+00:00","dateModified":"2026-03-03T17:28:37+00:00","description":"La solidarité et la responsabilité sont nos valeurs : la solidarité pour soutenir les plus vulnérables, la responsabilité pour adapter notre comportement collectif. Elles nous guident également face au changement climatique et à la perte de la biodiversité.","breadcrumb":{"@id":"https://vert-e-s-vd.ch/nord-lausannois/epalinges-programme-2026-2031#breadcrumb"},"inLanguage":"fr-FR","potentialAction":[{"@type":"ReadAction","target":["https://vert-e-s-vd.ch/nord-lausannois/epalinges-programme-2026-2031"]}]},{"@type":"BreadcrumbList","@id":"https://vert-e-s-vd.ch/nord-lausannois/epalinges-programme-2026-2031#breadcrumb","itemListElement":[{"@type":"ListItem","position":1,"name":"Accueil","item":"https://vert-e-s-vd.ch/nord-lausannois/"},{"@type":"ListItem","position":2,"name":"Agenda"}]},{"@type":"WebSite","@id":"https://vert-e-s-vd.ch/nord-lausannois/#website","url":"https://vert-e-s-vd.ch/nord-lausannois/","name":"Les VERT-E-S du Nord lausannois","description":"Une longueur d’avance","potentialAction":[{"@type":"SearchAction","target":{"@type":"EntryPoint","urlTemplate":"https://vert-e-s-vd.ch/nord-lausannois/?s={search_term_string}"},"query-input":{"@type":"PropertyValueSpecification","valueRequired":true,"valueName":"search_term_string"}}],"inLanguage":"fr-FR"}]}</script>
<!-- / Yoast SEO plugin. -->

La solidarité et la responsabilité sont nos valeurs : la solidarité pour soutenir les plus vulnérables, la responsabilité pour adapter notre comportement collectif. Elles nous guident également face au changement climatique et à la perte de la biodiversité.

La solidarité et la responsabilité sont nos valeurs : la solidarité pour soutenir les plus vulnérables, la responsabilité pour …
