{"id":71340,"date":"2021-01-16T17:41:19","date_gmt":"2021-01-16T16:41:19","guid":{"rendered":"https:\/\/vert-e-s-vd.ch\/nord-lausannois\/?page_id=71340"},"modified":"2026-03-03T18:33:40","modified_gmt":"2026-03-03T17:33:40","slug":"epalinges","status":"publish","type":"page","link":"https:\/\/vert-e-s-vd.ch\/nord-lausannois\/startseite\/communes_2026\/epalinges","title":{"rendered":"Epalinges &#8211; Nos Elu.e.s"},"content":{"rendered":"","protected":false},"excerpt":{"rendered":"","protected":false},"author":16,"featured_media":0,"parent":11,"menu_order":0,"comment_status":"closed","ping_status":"closed","template":"","meta":{"_acf_changed":false,"inline_featured_image":false,"footnotes":""},"class_list":["post-71340","page","type-page","status-publish","hentry"],"acf":[],"yoast_head":"<!-- This site is optimized with the Yoast SEO plugin v26.9 - https:\/\/yoast.com\/product\/yoast-seo-wordpress\/ -->\n<title>Epalinges - Nos Elu.e.s - Les VERT-E-S du Nord lausannois<\/title>\n<meta name=\"description\" content=\"La solidarit\u00e9 et la responsabilit\u00e9 sont nos valeurs\u00a0: la solidarit\u00e9 pour soutenir les plus vuln\u00e9rables, la responsabilit\u00e9 pour adapter notre comportement collectif. Elles nous guident \u00e9galement face au changement climatique et \u00e0 la perte de la biodiversit\u00e9.\" \/>\n<meta name=\"robots\" content=\"index, follow, max-snippet:-1, max-image-preview:large, max-video-preview:-1\" \/>\n<link rel=\"canonical\" href=\"https:\/\/vert-e-s-vd.ch\/nord-lausannois\/startseite\/communes_2026\/epalinges\" \/>\n<meta property=\"og:locale\" content=\"fr_FR\" \/>\n<meta property=\"og:type\" content=\"article\" \/>\n<meta property=\"og:title\" content=\"Epalinges - Nos Elu.e.s - Les VERT-E-S du Nord lausannois\" \/>\n<meta property=\"og:description\" content=\"La solidarit\u00e9 et la responsabilit\u00e9 sont nos valeurs\u00a0: la solidarit\u00e9 pour soutenir les plus vuln\u00e9rables, la responsabilit\u00e9 pour \u2026\" \/>\n<meta property=\"og:url\" content=\"https:\/\/vert-e-s-vd.ch\/nord-lausannois\/startseite\/communes_2026\/epalinges\" \/>\n<meta property=\"og:site_name\" content=\"Les VERT-E-S du Nord lausannois\" \/>\n<meta property=\"article:modified_time\" content=\"2026-03-03T17:33:40+00:00\" \/>\n<meta name=\"twitter:card\" content=\"summary_large_image\" \/>\n<meta name=\"twitter:label1\" content=\"Dur\u00e9e de lecture estim\u00e9e\" \/>\n\t<meta name=\"twitter:data1\" content=\"3 minutes\" \/>\n<script type=\"application\/ld+json\" class=\"yoast-schema-graph\">{\"@context\":\"https:\/\/schema.org\",\"@graph\":[{\"@type\":\"WebPage\",\"@id\":\"https:\/\/vert-e-s-vd.ch\/nord-lausannois\/startseite\/communes_2026\/epalinges\",\"url\":\"https:\/\/vert-e-s-vd.ch\/nord-lausannois\/startseite\/communes_2026\/epalinges\",\"name\":\"Epalinges - Nos Elu.e.s - Les VERT-E-S du Nord lausannois\",\"isPartOf\":{\"@id\":\"https:\/\/vert-e-s-vd.ch\/nord-lausannois\/#website\"},\"datePublished\":\"2021-01-16T16:41:19+00:00\",\"dateModified\":\"2026-03-03T17:33:40+00:00\",\"description\":\"La solidarit\u00e9 et la responsabilit\u00e9 sont nos valeurs\u00a0: la solidarit\u00e9 pour soutenir les plus vuln\u00e9rables, la responsabilit\u00e9 pour adapter notre comportement collectif. Elles nous guident \u00e9galement face au changement climatique et \u00e0 la perte de la biodiversit\u00e9.\",\"breadcrumb\":{\"@id\":\"https:\/\/vert-e-s-vd.ch\/nord-lausannois\/startseite\/communes_2026\/epalinges#breadcrumb\"},\"inLanguage\":\"fr-FR\",\"potentialAction\":[{\"@type\":\"ReadAction\",\"target\":[\"https:\/\/vert-e-s-vd.ch\/nord-lausannois\/startseite\/communes_2026\/epalinges\"]}]},{\"@type\":\"BreadcrumbList\",\"@id\":\"https:\/\/vert-e-s-vd.ch\/nord-lausannois\/startseite\/communes_2026\/epalinges#breadcrumb\",\"itemListElement\":[{\"@type\":\"ListItem\",\"position\":1,\"name\":\"Accueil\",\"item\":\"https:\/\/vert-e-s-vd.ch\/nord-lausannois\/\"},{\"@type\":\"ListItem\",\"position\":2,\"name\":\"Agenda\"}]},{\"@type\":\"WebSite\",\"@id\":\"https:\/\/vert-e-s-vd.ch\/nord-lausannois\/#website\",\"url\":\"https:\/\/vert-e-s-vd.ch\/nord-lausannois\/\",\"name\":\"Les VERT-E-S du Nord lausannois\",\"description\":\"Une longueur d\u2019avance\",\"potentialAction\":[{\"@type\":\"SearchAction\",\"target\":{\"@type\":\"EntryPoint\",\"urlTemplate\":\"https:\/\/vert-e-s-vd.ch\/nord-lausannois\/?s={search_term_string}\"},\"query-input\":{\"@type\":\"PropertyValueSpecification\",\"valueRequired\":true,\"valueName\":\"search_term_string\"}}],\"inLanguage\":\"fr-FR\"}]}<\/script>\n<!-- \/ Yoast SEO plugin. -->","yoast_head_json":{"title":"Epalinges - Nos Elu.e.s - Les VERT-E-S du Nord lausannois","description":"La solidarit\u00e9 et la responsabilit\u00e9 sont nos valeurs\u00a0: la solidarit\u00e9 pour soutenir les plus vuln\u00e9rables, la responsabilit\u00e9 pour adapter notre comportement collectif. Elles nous guident \u00e9galement face au changement climatique et \u00e0 la perte de la biodiversit\u00e9.","robots":{"index":"index","follow":"follow","max-snippet":"max-snippet:-1","max-image-preview":"max-image-preview:large","max-video-preview":"max-video-preview:-1"},"canonical":"https:\/\/vert-e-s-vd.ch\/nord-lausannois\/startseite\/communes_2026\/epalinges","og_locale":"fr_FR","og_type":"article","og_title":"Epalinges - Nos Elu.e.s - Les VERT-E-S du Nord lausannois","og_description":"La solidarit\u00e9 et la responsabilit\u00e9 sont nos valeurs\u00a0: la solidarit\u00e9 pour soutenir les plus vuln\u00e9rables, la responsabilit\u00e9 pour \u2026","og_url":"https:\/\/vert-e-s-vd.ch\/nord-lausannois\/startseite\/communes_2026\/epalinges","og_site_name":"Les VERT-E-S du Nord lausannois","article_modified_time":"2026-03-03T17:33:40+00:00","twitter_card":"summary_large_image","twitter_misc":{"Dur\u00e9e de lecture estim\u00e9e":"3 minutes"},"schema":{"@context":"https:\/\/schema.org","@graph":[{"@type":"WebPage","@id":"https:\/\/vert-e-s-vd.ch\/nord-lausannois\/startseite\/communes_2026\/epalinges","url":"https:\/\/vert-e-s-vd.ch\/nord-lausannois\/startseite\/communes_2026\/epalinges","name":"Epalinges - Nos Elu.e.s - Les VERT-E-S du Nord lausannois","isPartOf":{"@id":"https:\/\/vert-e-s-vd.ch\/nord-lausannois\/#website"},"datePublished":"2021-01-16T16:41:19+00:00","dateModified":"2026-03-03T17:33:40+00:00","description":"La solidarit\u00e9 et la responsabilit\u00e9 sont nos valeurs\u00a0: la solidarit\u00e9 pour soutenir les plus vuln\u00e9rables, la responsabilit\u00e9 pour adapter notre comportement collectif. Elles nous guident \u00e9galement face au changement climatique et \u00e0 la perte de la biodiversit\u00e9.","breadcrumb":{"@id":"https:\/\/vert-e-s-vd.ch\/nord-lausannois\/startseite\/communes_2026\/epalinges#breadcrumb"},"inLanguage":"fr-FR","potentialAction":[{"@type":"ReadAction","target":["https:\/\/vert-e-s-vd.ch\/nord-lausannois\/startseite\/communes_2026\/epalinges"]}]},{"@type":"BreadcrumbList","@id":"https:\/\/vert-e-s-vd.ch\/nord-lausannois\/startseite\/communes_2026\/epalinges#breadcrumb","itemListElement":[{"@type":"ListItem","position":1,"name":"Accueil","item":"https:\/\/vert-e-s-vd.ch\/nord-lausannois\/"},{"@type":"ListItem","position":2,"name":"Agenda"}]},{"@type":"WebSite","@id":"https:\/\/vert-e-s-vd.ch\/nord-lausannois\/#website","url":"https:\/\/vert-e-s-vd.ch\/nord-lausannois\/","name":"Les VERT-E-S du Nord lausannois","description":"Une longueur d\u2019avance","potentialAction":[{"@type":"SearchAction","target":{"@type":"EntryPoint","urlTemplate":"https:\/\/vert-e-s-vd.ch\/nord-lausannois\/?s={search_term_string}"},"query-input":{"@type":"PropertyValueSpecification","valueRequired":true,"valueName":"search_term_string"}}],"inLanguage":"fr-FR"}]}},"_links":{"self":[{"href":"https:\/\/vert-e-s-vd.ch\/nord-lausannois\/wp-json\/wp\/v2\/pages\/71340","targetHints":{"allow":["GET"]}}],"collection":[{"href":"https:\/\/vert-e-s-vd.ch\/nord-lausannois\/wp-json\/wp\/v2\/pages"}],"about":[{"href":"https:\/\/vert-e-s-vd.ch\/nord-lausannois\/wp-json\/wp\/v2\/types\/page"}],"author":[{"embeddable":true,"href":"https:\/\/vert-e-s-vd.ch\/nord-lausannois\/wp-json\/wp\/v2\/users\/16"}],"replies":[{"embeddable":true,"href":"https:\/\/vert-e-s-vd.ch\/nord-lausannois\/wp-json\/wp\/v2\/comments?post=71340"}],"version-history":[{"count":97,"href":"https:\/\/vert-e-s-vd.ch\/nord-lausannois\/wp-json\/wp\/v2\/pages\/71340\/revisions"}],"predecessor-version":[{"id":74078,"href":"https:\/\/vert-e-s-vd.ch\/nord-lausannois\/wp-json\/wp\/v2\/pages\/71340\/revisions\/74078"}],"up":[{"embeddable":true,"href":"https:\/\/vert-e-s-vd.ch\/nord-lausannois\/wp-json\/wp\/v2\/pages\/11"}],"wp:attachment":[{"href":"https:\/\/vert-e-s-vd.ch\/nord-lausannois\/wp-json\/wp\/v2\/media?parent=71340"}],"curies":[{"name":"wp","href":"https:\/\/api.w.org\/{rel}","templated":true}]}}

<!-- This site is optimized with the Yoast SEO plugin v26.9 - https://yoast.com/product/yoast-seo-wordpress/ -->
<title>Epalinges - Nos Elu.e.s - Les VERT-E-S du Nord lausannois</title>
<meta name="description" content="La solidarité et la responsabilité sont nos valeurs : la solidarité pour soutenir les plus vulnérables, la responsabilité pour adapter notre comportement collectif. Elles nous guident également face au changement climatique et à la perte de la biodiversité." />
<meta name="robots" content="index, follow, max-snippet:-1, max-image-preview:large, max-video-preview:-1" />
<link rel="canonical" href="https://vert-e-s-vd.ch/nord-lausannois/startseite/communes_2026/epalinges" />
<meta property="og:locale" content="fr_FR" />
<meta property="og:type" content="article" />
<meta property="og:title" content="Epalinges - Nos Elu.e.s - Les VERT-E-S du Nord lausannois" />
<meta property="og:description" content="La solidarité et la responsabilité sont nos valeurs : la solidarité pour soutenir les plus vulnérables, la responsabilité pour …" />
<meta property="og:url" content="https://vert-e-s-vd.ch/nord-lausannois/startseite/communes_2026/epalinges" />
<meta property="og:site_name" content="Les VERT-E-S du Nord lausannois" />
<meta property="article:modified_time" content="2026-03-03T17:33:40+00:00" />
<meta name="twitter:card" content="summary_large_image" />
<meta name="twitter:label1" content="Durée de lecture estimée" />
	<meta name="twitter:data1" content="3 minutes" />
<script type="application/ld+json" class="yoast-schema-graph">{"@context":"https://schema.org","@graph":[{"@type":"WebPage","@id":"https://vert-e-s-vd.ch/nord-lausannois/startseite/communes_2026/epalinges","url":"https://vert-e-s-vd.ch/nord-lausannois/startseite/communes_2026/epalinges","name":"Epalinges - Nos Elu.e.s - Les VERT-E-S du Nord lausannois","isPartOf":{"@id":"https://vert-e-s-vd.ch/nord-lausannois/#website"},"datePublished":"2021-01-16T16:41:19+00:00","dateModified":"2026-03-03T17:33:40+00:00","description":"La solidarité et la responsabilité sont nos valeurs : la solidarité pour soutenir les plus vulnérables, la responsabilité pour adapter notre comportement collectif. Elles nous guident également face au changement climatique et à la perte de la biodiversité.","breadcrumb":{"@id":"https://vert-e-s-vd.ch/nord-lausannois/startseite/communes_2026/epalinges#breadcrumb"},"inLanguage":"fr-FR","potentialAction":[{"@type":"ReadAction","target":["https://vert-e-s-vd.ch/nord-lausannois/startseite/communes_2026/epalinges"]}]},{"@type":"BreadcrumbList","@id":"https://vert-e-s-vd.ch/nord-lausannois/startseite/communes_2026/epalinges#breadcrumb","itemListElement":[{"@type":"ListItem","position":1,"name":"Accueil","item":"https://vert-e-s-vd.ch/nord-lausannois/"},{"@type":"ListItem","position":2,"name":"Agenda"}]},{"@type":"WebSite","@id":"https://vert-e-s-vd.ch/nord-lausannois/#website","url":"https://vert-e-s-vd.ch/nord-lausannois/","name":"Les VERT-E-S du Nord lausannois","description":"Une longueur d’avance","potentialAction":[{"@type":"SearchAction","target":{"@type":"EntryPoint","urlTemplate":"https://vert-e-s-vd.ch/nord-lausannois/?s={search_term_string}"},"query-input":{"@type":"PropertyValueSpecification","valueRequired":true,"valueName":"search_term_string"}}],"inLanguage":"fr-FR"}]}</script>
<!-- / Yoast SEO plugin. -->

La solidarité et la responsabilité sont nos valeurs : la solidarité pour soutenir les plus vulnérables, la responsabilité pour adapter notre comportement collectif. Elles nous guident également face au changement climatique et à la perte de la biodiversité.

La solidarité et la responsabilité sont nos valeurs : la solidarité pour soutenir les plus vulnérables, la responsabilité pour …
