{"id":71333,"date":"2021-01-16T17:17:12","date_gmt":"2021-01-16T16:17:12","guid":{"rendered":"https:\/\/vert-e-s-vd.ch\/nord-lausannois\/?page_id=71333"},"modified":"2021-04-28T11:04:54","modified_gmt":"2021-04-28T09:04:54","slug":"marisa-durst-et-maurice-mischler-a-la-municipalite","status":"publish","type":"page","link":"https:\/\/vert-e-s-vd.ch\/nord-lausannois\/marisa-durst-et-maurice-mischler-a-la-municipalite","title":{"rendered":"Maurice Mischler pour une commune durable et solidaire"},"content":{"rendered":"","protected":false},"excerpt":{"rendered":"","protected":false},"author":16,"featured_media":71583,"parent":0,"menu_order":0,"comment_status":"closed","ping_status":"closed","template":"","meta":{"_acf_changed":false,"inline_featured_image":false,"footnotes":""},"class_list":["post-71333","page","type-page","status-publish","has-post-thumbnail","hentry"],"acf":[],"yoast_head":"<!-- This site is optimized with the Yoast SEO plugin v26.9 - https:\/\/yoast.com\/product\/yoast-seo-wordpress\/ -->\n<title>Maurice Mischler pour une commune durable et solidaire - Les VERT-E-S du Nord lausannois<\/title>\n<meta name=\"description\" content=\"Syndic depuis 2011. Exp\u00e9riment\u00e9, engag\u00e9, fiable\" \/>\n<meta name=\"robots\" content=\"index, follow, max-snippet:-1, max-image-preview:large, max-video-preview:-1\" \/>\n<link rel=\"canonical\" href=\"https:\/\/vert-e-s-vd.ch\/nord-lausannois\/marisa-durst-et-maurice-mischler-a-la-municipalite\" \/>\n<meta property=\"og:locale\" content=\"fr_FR\" \/>\n<meta property=\"og:type\" content=\"article\" \/>\n<meta property=\"og:title\" content=\"Maurice Mischler pour une commune durable et solidaire - Les VERT-E-S du Nord lausannois\" \/>\n<meta property=\"og:description\" content=\"Syndic depuis 2011. Exp\u00e9riment\u00e9, engag\u00e9, fiable\" \/>\n<meta property=\"og:url\" content=\"https:\/\/vert-e-s-vd.ch\/nord-lausannois\/marisa-durst-et-maurice-mischler-a-la-municipalite\" \/>\n<meta property=\"og:site_name\" content=\"Les VERT-E-S du Nord lausannois\" \/>\n<meta property=\"article:modified_time\" content=\"2021-04-28T09:04:54+00:00\" \/>\n<meta property=\"og:image\" content=\"https:\/\/vert-e-s-vd.ch\/nord-lausannois\/wp-content\/uploads\/sites\/17\/2021\/04\/Maurice-Mischler-le-16-mai.jpg\" \/>\n\t<meta property=\"og:image:width\" content=\"1604\" \/>\n\t<meta property=\"og:image:height\" content=\"784\" \/>\n\t<meta property=\"og:image:type\" content=\"image\/jpeg\" \/>\n<meta name=\"twitter:card\" content=\"summary_large_image\" \/>\n<script type=\"application\/ld+json\" class=\"yoast-schema-graph\">{\"@context\":\"https:\/\/schema.org\",\"@graph\":[{\"@type\":\"WebPage\",\"@id\":\"https:\/\/vert-e-s-vd.ch\/nord-lausannois\/marisa-durst-et-maurice-mischler-a-la-municipalite\",\"url\":\"https:\/\/vert-e-s-vd.ch\/nord-lausannois\/marisa-durst-et-maurice-mischler-a-la-municipalite\",\"name\":\"Maurice Mischler pour une commune durable et solidaire - Les VERT-E-S du Nord lausannois\",\"isPartOf\":{\"@id\":\"https:\/\/vert-e-s-vd.ch\/nord-lausannois\/#website\"},\"primaryImageOfPage\":{\"@id\":\"https:\/\/vert-e-s-vd.ch\/nord-lausannois\/marisa-durst-et-maurice-mischler-a-la-municipalite#primaryimage\"},\"image\":{\"@id\":\"https:\/\/vert-e-s-vd.ch\/nord-lausannois\/marisa-durst-et-maurice-mischler-a-la-municipalite#primaryimage\"},\"thumbnailUrl\":\"https:\/\/vert-e-s-vd.ch\/nord-lausannois\/wp-content\/uploads\/sites\/17\/2021\/04\/Maurice-Mischler-le-16-mai-2560x0-c-default.jpg\",\"datePublished\":\"2021-01-16T16:17:12+00:00\",\"dateModified\":\"2021-04-28T09:04:54+00:00\",\"description\":\"Syndic depuis 2011. Exp\u00e9riment\u00e9, engag\u00e9, fiable\",\"breadcrumb\":{\"@id\":\"https:\/\/vert-e-s-vd.ch\/nord-lausannois\/marisa-durst-et-maurice-mischler-a-la-municipalite#breadcrumb\"},\"inLanguage\":\"fr-FR\",\"potentialAction\":[{\"@type\":\"ReadAction\",\"target\":[\"https:\/\/vert-e-s-vd.ch\/nord-lausannois\/marisa-durst-et-maurice-mischler-a-la-municipalite\"]}]},{\"@type\":\"ImageObject\",\"inLanguage\":\"fr-FR\",\"@id\":\"https:\/\/vert-e-s-vd.ch\/nord-lausannois\/marisa-durst-et-maurice-mischler-a-la-municipalite#primaryimage\",\"url\":\"https:\/\/vert-e-s-vd.ch\/nord-lausannois\/wp-content\/uploads\/sites\/17\/2021\/04\/Maurice-Mischler-le-16-mai-2560x0-c-default.jpg\",\"contentUrl\":\"https:\/\/vert-e-s-vd.ch\/nord-lausannois\/wp-content\/uploads\/sites\/17\/2021\/04\/Maurice-Mischler-le-16-mai-2560x0-c-default.jpg\",\"width\":1604,\"height\":784},{\"@type\":\"BreadcrumbList\",\"@id\":\"https:\/\/vert-e-s-vd.ch\/nord-lausannois\/marisa-durst-et-maurice-mischler-a-la-municipalite#breadcrumb\",\"itemListElement\":[{\"@type\":\"ListItem\",\"position\":1,\"name\":\"Accueil\",\"item\":\"https:\/\/vert-e-s-vd.ch\/nord-lausannois\/\"},{\"@type\":\"ListItem\",\"position\":2,\"name\":\"Agenda\"}]},{\"@type\":\"WebSite\",\"@id\":\"https:\/\/vert-e-s-vd.ch\/nord-lausannois\/#website\",\"url\":\"https:\/\/vert-e-s-vd.ch\/nord-lausannois\/\",\"name\":\"Les VERT-E-S du Nord lausannois\",\"description\":\"Une longueur d\u2019avance\",\"potentialAction\":[{\"@type\":\"SearchAction\",\"target\":{\"@type\":\"EntryPoint\",\"urlTemplate\":\"https:\/\/vert-e-s-vd.ch\/nord-lausannois\/?s={search_term_string}\"},\"query-input\":{\"@type\":\"PropertyValueSpecification\",\"valueRequired\":true,\"valueName\":\"search_term_string\"}}],\"inLanguage\":\"fr-FR\"}]}<\/script>\n<!-- \/ Yoast SEO plugin. -->","yoast_head_json":{"title":"Maurice Mischler pour une commune durable et solidaire - Les VERT-E-S du Nord lausannois","description":"Syndic depuis 2011. Exp\u00e9riment\u00e9, engag\u00e9, fiable","robots":{"index":"index","follow":"follow","max-snippet":"max-snippet:-1","max-image-preview":"max-image-preview:large","max-video-preview":"max-video-preview:-1"},"canonical":"https:\/\/vert-e-s-vd.ch\/nord-lausannois\/marisa-durst-et-maurice-mischler-a-la-municipalite","og_locale":"fr_FR","og_type":"article","og_title":"Maurice Mischler pour une commune durable et solidaire - Les VERT-E-S du Nord lausannois","og_description":"Syndic depuis 2011. Exp\u00e9riment\u00e9, engag\u00e9, fiable","og_url":"https:\/\/vert-e-s-vd.ch\/nord-lausannois\/marisa-durst-et-maurice-mischler-a-la-municipalite","og_site_name":"Les VERT-E-S du Nord lausannois","article_modified_time":"2021-04-28T09:04:54+00:00","og_image":[{"width":1604,"height":784,"url":"https:\/\/vert-e-s-vd.ch\/nord-lausannois\/wp-content\/uploads\/sites\/17\/2021\/04\/Maurice-Mischler-le-16-mai.jpg","type":"image\/jpeg"}],"twitter_card":"summary_large_image","schema":{"@context":"https:\/\/schema.org","@graph":[{"@type":"WebPage","@id":"https:\/\/vert-e-s-vd.ch\/nord-lausannois\/marisa-durst-et-maurice-mischler-a-la-municipalite","url":"https:\/\/vert-e-s-vd.ch\/nord-lausannois\/marisa-durst-et-maurice-mischler-a-la-municipalite","name":"Maurice Mischler pour une commune durable et solidaire - Les VERT-E-S du Nord lausannois","isPartOf":{"@id":"https:\/\/vert-e-s-vd.ch\/nord-lausannois\/#website"},"primaryImageOfPage":{"@id":"https:\/\/vert-e-s-vd.ch\/nord-lausannois\/marisa-durst-et-maurice-mischler-a-la-municipalite#primaryimage"},"image":{"@id":"https:\/\/vert-e-s-vd.ch\/nord-lausannois\/marisa-durst-et-maurice-mischler-a-la-municipalite#primaryimage"},"thumbnailUrl":"https:\/\/vert-e-s-vd.ch\/nord-lausannois\/wp-content\/uploads\/sites\/17\/2021\/04\/Maurice-Mischler-le-16-mai-2560x0-c-default.jpg","datePublished":"2021-01-16T16:17:12+00:00","dateModified":"2021-04-28T09:04:54+00:00","description":"Syndic depuis 2011. Exp\u00e9riment\u00e9, engag\u00e9, fiable","breadcrumb":{"@id":"https:\/\/vert-e-s-vd.ch\/nord-lausannois\/marisa-durst-et-maurice-mischler-a-la-municipalite#breadcrumb"},"inLanguage":"fr-FR","potentialAction":[{"@type":"ReadAction","target":["https:\/\/vert-e-s-vd.ch\/nord-lausannois\/marisa-durst-et-maurice-mischler-a-la-municipalite"]}]},{"@type":"ImageObject","inLanguage":"fr-FR","@id":"https:\/\/vert-e-s-vd.ch\/nord-lausannois\/marisa-durst-et-maurice-mischler-a-la-municipalite#primaryimage","url":"https:\/\/vert-e-s-vd.ch\/nord-lausannois\/wp-content\/uploads\/sites\/17\/2021\/04\/Maurice-Mischler-le-16-mai-2560x0-c-default.jpg","contentUrl":"https:\/\/vert-e-s-vd.ch\/nord-lausannois\/wp-content\/uploads\/sites\/17\/2021\/04\/Maurice-Mischler-le-16-mai-2560x0-c-default.jpg","width":1604,"height":784},{"@type":"BreadcrumbList","@id":"https:\/\/vert-e-s-vd.ch\/nord-lausannois\/marisa-durst-et-maurice-mischler-a-la-municipalite#breadcrumb","itemListElement":[{"@type":"ListItem","position":1,"name":"Accueil","item":"https:\/\/vert-e-s-vd.ch\/nord-lausannois\/"},{"@type":"ListItem","position":2,"name":"Agenda"}]},{"@type":"WebSite","@id":"https:\/\/vert-e-s-vd.ch\/nord-lausannois\/#website","url":"https:\/\/vert-e-s-vd.ch\/nord-lausannois\/","name":"Les VERT-E-S du Nord lausannois","description":"Une longueur d\u2019avance","potentialAction":[{"@type":"SearchAction","target":{"@type":"EntryPoint","urlTemplate":"https:\/\/vert-e-s-vd.ch\/nord-lausannois\/?s={search_term_string}"},"query-input":{"@type":"PropertyValueSpecification","valueRequired":true,"valueName":"search_term_string"}}],"inLanguage":"fr-FR"}]}},"_links":{"self":[{"href":"https:\/\/vert-e-s-vd.ch\/nord-lausannois\/wp-json\/wp\/v2\/pages\/71333","targetHints":{"allow":["GET"]}}],"collection":[{"href":"https:\/\/vert-e-s-vd.ch\/nord-lausannois\/wp-json\/wp\/v2\/pages"}],"about":[{"href":"https:\/\/vert-e-s-vd.ch\/nord-lausannois\/wp-json\/wp\/v2\/types\/page"}],"author":[{"embeddable":true,"href":"https:\/\/vert-e-s-vd.ch\/nord-lausannois\/wp-json\/wp\/v2\/users\/16"}],"replies":[{"embeddable":true,"href":"https:\/\/vert-e-s-vd.ch\/nord-lausannois\/wp-json\/wp\/v2\/comments?post=71333"}],"version-history":[{"count":11,"href":"https:\/\/vert-e-s-vd.ch\/nord-lausannois\/wp-json\/wp\/v2\/pages\/71333\/revisions"}],"predecessor-version":[{"id":71592,"href":"https:\/\/vert-e-s-vd.ch\/nord-lausannois\/wp-json\/wp\/v2\/pages\/71333\/revisions\/71592"}],"wp:featuredmedia":[{"embeddable":true,"href":"https:\/\/vert-e-s-vd.ch\/nord-lausannois\/wp-json\/wp\/v2\/media\/71583"}],"wp:attachment":[{"href":"https:\/\/vert-e-s-vd.ch\/nord-lausannois\/wp-json\/wp\/v2\/media?parent=71333"}],"curies":[{"name":"wp","href":"https:\/\/api.w.org\/{rel}","templated":true}]}}

<!-- This site is optimized with the Yoast SEO plugin v26.9 - https://yoast.com/product/yoast-seo-wordpress/ -->
<title>Maurice Mischler pour une commune durable et solidaire - Les VERT-E-S du Nord lausannois</title>
<meta name="description" content="Syndic depuis 2011. Expérimenté, engagé, fiable" />
<meta name="robots" content="index, follow, max-snippet:-1, max-image-preview:large, max-video-preview:-1" />
<link rel="canonical" href="https://vert-e-s-vd.ch/nord-lausannois/marisa-durst-et-maurice-mischler-a-la-municipalite" />
<meta property="og:locale" content="fr_FR" />
<meta property="og:type" content="article" />
<meta property="og:title" content="Maurice Mischler pour une commune durable et solidaire - Les VERT-E-S du Nord lausannois" />
<meta property="og:description" content="Syndic depuis 2011. Expérimenté, engagé, fiable" />
<meta property="og:url" content="https://vert-e-s-vd.ch/nord-lausannois/marisa-durst-et-maurice-mischler-a-la-municipalite" />
<meta property="og:site_name" content="Les VERT-E-S du Nord lausannois" />
<meta property="article:modified_time" content="2021-04-28T09:04:54+00:00" />
<meta property="og:image" content="https://vert-e-s-vd.ch/nord-lausannois/wp-content/uploads/sites/17/2021/04/Maurice-Mischler-le-16-mai.jpg" />
	<meta property="og:image:width" content="1604" />
	<meta property="og:image:height" content="784" />
	<meta property="og:image:type" content="image/jpeg" />
<meta name="twitter:card" content="summary_large_image" />
<script type="application/ld+json" class="yoast-schema-graph">{"@context":"https://schema.org","@graph":[{"@type":"WebPage","@id":"https://vert-e-s-vd.ch/nord-lausannois/marisa-durst-et-maurice-mischler-a-la-municipalite","url":"https://vert-e-s-vd.ch/nord-lausannois/marisa-durst-et-maurice-mischler-a-la-municipalite","name":"Maurice Mischler pour une commune durable et solidaire - Les VERT-E-S du Nord lausannois","isPartOf":{"@id":"https://vert-e-s-vd.ch/nord-lausannois/#website"},"primaryImageOfPage":{"@id":"https://vert-e-s-vd.ch/nord-lausannois/marisa-durst-et-maurice-mischler-a-la-municipalite#primaryimage"},"image":{"@id":"https://vert-e-s-vd.ch/nord-lausannois/marisa-durst-et-maurice-mischler-a-la-municipalite#primaryimage"},"thumbnailUrl":"https://vert-e-s-vd.ch/nord-lausannois/wp-content/uploads/sites/17/2021/04/Maurice-Mischler-le-16-mai-2560x0-c-default.jpg","datePublished":"2021-01-16T16:17:12+00:00","dateModified":"2021-04-28T09:04:54+00:00","description":"Syndic depuis 2011. Expérimenté, engagé, fiable","breadcrumb":{"@id":"https://vert-e-s-vd.ch/nord-lausannois/marisa-durst-et-maurice-mischler-a-la-municipalite#breadcrumb"},"inLanguage":"fr-FR","potentialAction":[{"@type":"ReadAction","target":["https://vert-e-s-vd.ch/nord-lausannois/marisa-durst-et-maurice-mischler-a-la-municipalite"]}]},{"@type":"ImageObject","inLanguage":"fr-FR","@id":"https://vert-e-s-vd.ch/nord-lausannois/marisa-durst-et-maurice-mischler-a-la-municipalite#primaryimage","url":"https://vert-e-s-vd.ch/nord-lausannois/wp-content/uploads/sites/17/2021/04/Maurice-Mischler-le-16-mai-2560x0-c-default.jpg","contentUrl":"https://vert-e-s-vd.ch/nord-lausannois/wp-content/uploads/sites/17/2021/04/Maurice-Mischler-le-16-mai-2560x0-c-default.jpg","width":1604,"height":784},{"@type":"BreadcrumbList","@id":"https://vert-e-s-vd.ch/nord-lausannois/marisa-durst-et-maurice-mischler-a-la-municipalite#breadcrumb","itemListElement":[{"@type":"ListItem","position":1,"name":"Accueil","item":"https://vert-e-s-vd.ch/nord-lausannois/"},{"@type":"ListItem","position":2,"name":"Agenda"}]},{"@type":"WebSite","@id":"https://vert-e-s-vd.ch/nord-lausannois/#website","url":"https://vert-e-s-vd.ch/nord-lausannois/","name":"Les VERT-E-S du Nord lausannois","description":"Une longueur d’avance","potentialAction":[{"@type":"SearchAction","target":{"@type":"EntryPoint","urlTemplate":"https://vert-e-s-vd.ch/nord-lausannois/?s={search_term_string}"},"query-input":{"@type":"PropertyValueSpecification","valueRequired":true,"valueName":"search_term_string"}}],"inLanguage":"fr-FR"}]}</script>
<!-- / Yoast SEO plugin. -->

Syndic depuis 2011. Expérimenté, engagé, fiable
