{"id":71269,"date":"2021-01-14T17:02:22","date_gmt":"2021-01-14T16:02:22","guid":{"rendered":"https:\/\/vert-e-s-vd.ch\/nord-lausannois\/communes\/epalinges-copy"},"modified":"2026-01-20T16:36:57","modified_gmt":"2026-01-20T15:36:57","slug":"lemont","status":"publish","type":"page","link":"https:\/\/vert-e-s-vd.ch\/nord-lausannois\/startseite\/communes_2026\/lemont","title":{"rendered":"Le Mont-sur-Lausanne"},"content":{"rendered":"","protected":false},"excerpt":{"rendered":"","protected":false},"author":3,"featured_media":71219,"parent":11,"menu_order":0,"comment_status":"closed","ping_status":"closed","template":"","meta":{"_acf_changed":false,"inline_featured_image":false,"footnotes":""},"class_list":["post-71269","page","type-page","status-publish","has-post-thumbnail","hentry"],"acf":[],"yoast_head":"<!-- This site is optimized with the Yoast SEO plugin v26.9 - https:\/\/yoast.com\/product\/yoast-seo-wordpress\/ -->\n<title>Le Mont-sur-Lausanne - Les VERT-E-S du Nord lausannois<\/title>\n<meta name=\"description\" content=\"Pour la l\u00e9gislature 2021-2026, les \u00e9lu.e.s Vert.e.s agissent au sein du groupe \u00ab Le Mont-citoyen \u00bb, une association politique locale qui r\u00e9unit des personnes de sensibilit\u00e9s politiques diverses partageant les valeurs communes de d\u00e9mocratie, solidarit\u00e9 et \u00e9cologie.\" \/>\n<meta name=\"robots\" content=\"index, follow, max-snippet:-1, max-image-preview:large, max-video-preview:-1\" \/>\n<link rel=\"canonical\" href=\"https:\/\/vert-e-s-vd.ch\/nord-lausannois\/startseite\/communes_2026\/lemont\" \/>\n<meta property=\"og:locale\" content=\"fr_FR\" \/>\n<meta property=\"og:type\" content=\"article\" \/>\n<meta property=\"og:title\" content=\"Le Mont-sur-Lausanne - Les VERT-E-S du Nord lausannois\" \/>\n<meta property=\"og:description\" content=\"Pour la l\u00e9gislature 2021-2026, les \u00e9lu.e.s Vert.e.s agissent au sein du groupe \u00ab Le Mont-citoyen \u00bb, une association politique locale \u2026\" \/>\n<meta property=\"og:url\" content=\"https:\/\/vert-e-s-vd.ch\/nord-lausannois\/startseite\/communes_2026\/lemont\" \/>\n<meta property=\"og:site_name\" content=\"Les VERT-E-S du Nord lausannois\" \/>\n<meta property=\"article:modified_time\" content=\"2026-01-20T15:36:57+00:00\" \/>\n<meta property=\"og:image\" content=\"https:\/\/vert-e-s-vd.ch\/nord-lausannois\/wp-content\/uploads\/sites\/17\/2021\/01\/dean-vallance-2rINCqTV76g-unsplash-790x0-c-default.jpg\" \/>\n\t<meta property=\"og:image:width\" content=\"790\" \/>\n\t<meta property=\"og:image:height\" content=\"527\" \/>\n\t<meta property=\"og:image:type\" content=\"image\/jpeg\" \/>\n<meta name=\"twitter:card\" content=\"summary_large_image\" \/>\n<meta name=\"twitter:label1\" content=\"Dur\u00e9e de lecture estim\u00e9e\" \/>\n\t<meta name=\"twitter:data1\" content=\"19 minutes\" \/>\n<script type=\"application\/ld+json\" class=\"yoast-schema-graph\">{\"@context\":\"https:\/\/schema.org\",\"@graph\":[{\"@type\":\"WebPage\",\"@id\":\"https:\/\/vert-e-s-vd.ch\/nord-lausannois\/startseite\/communes_2026\/lemont\",\"url\":\"https:\/\/vert-e-s-vd.ch\/nord-lausannois\/startseite\/communes_2026\/lemont\",\"name\":\"Le Mont-sur-Lausanne - Les VERT-E-S du Nord lausannois\",\"isPartOf\":{\"@id\":\"https:\/\/vert-e-s-vd.ch\/nord-lausannois\/#website\"},\"primaryImageOfPage\":{\"@id\":\"https:\/\/vert-e-s-vd.ch\/nord-lausannois\/startseite\/communes_2026\/lemont#primaryimage\"},\"image\":{\"@id\":\"https:\/\/vert-e-s-vd.ch\/nord-lausannois\/startseite\/communes_2026\/lemont#primaryimage\"},\"thumbnailUrl\":\"https:\/\/vert-e-s-vd.ch\/nord-lausannois\/wp-content\/uploads\/sites\/17\/2021\/01\/dean-vallance-2rINCqTV76g-unsplash-scaled.jpg\",\"datePublished\":\"2021-01-14T16:02:22+00:00\",\"dateModified\":\"2026-01-20T15:36:57+00:00\",\"description\":\"Pour la l\u00e9gislature 2021-2026, les \u00e9lu.e.s Vert.e.s agissent au sein du groupe \u00ab Le Mont-citoyen \u00bb, une association politique locale qui r\u00e9unit des personnes de sensibilit\u00e9s politiques diverses partageant les valeurs communes de d\u00e9mocratie, solidarit\u00e9 et \u00e9cologie.\",\"breadcrumb\":{\"@id\":\"https:\/\/vert-e-s-vd.ch\/nord-lausannois\/startseite\/communes_2026\/lemont#breadcrumb\"},\"inLanguage\":\"fr-FR\",\"potentialAction\":[{\"@type\":\"ReadAction\",\"target\":[\"https:\/\/vert-e-s-vd.ch\/nord-lausannois\/startseite\/communes_2026\/lemont\"]}]},{\"@type\":\"ImageObject\",\"inLanguage\":\"fr-FR\",\"@id\":\"https:\/\/vert-e-s-vd.ch\/nord-lausannois\/startseite\/communes_2026\/lemont#primaryimage\",\"url\":\"https:\/\/vert-e-s-vd.ch\/nord-lausannois\/wp-content\/uploads\/sites\/17\/2021\/01\/dean-vallance-2rINCqTV76g-unsplash-scaled.jpg\",\"contentUrl\":\"https:\/\/vert-e-s-vd.ch\/nord-lausannois\/wp-content\/uploads\/sites\/17\/2021\/01\/dean-vallance-2rINCqTV76g-unsplash-scaled.jpg\",\"width\":2560,\"height\":1707},{\"@type\":\"BreadcrumbList\",\"@id\":\"https:\/\/vert-e-s-vd.ch\/nord-lausannois\/startseite\/communes_2026\/lemont#breadcrumb\",\"itemListElement\":[{\"@type\":\"ListItem\",\"position\":1,\"name\":\"Accueil\",\"item\":\"https:\/\/vert-e-s-vd.ch\/nord-lausannois\/\"},{\"@type\":\"ListItem\",\"position\":2,\"name\":\"Agenda\"}]},{\"@type\":\"WebSite\",\"@id\":\"https:\/\/vert-e-s-vd.ch\/nord-lausannois\/#website\",\"url\":\"https:\/\/vert-e-s-vd.ch\/nord-lausannois\/\",\"name\":\"Les VERT-E-S du Nord lausannois\",\"description\":\"Une longueur d\u2019avance\",\"potentialAction\":[{\"@type\":\"SearchAction\",\"target\":{\"@type\":\"EntryPoint\",\"urlTemplate\":\"https:\/\/vert-e-s-vd.ch\/nord-lausannois\/?s={search_term_string}\"},\"query-input\":{\"@type\":\"PropertyValueSpecification\",\"valueRequired\":true,\"valueName\":\"search_term_string\"}}],\"inLanguage\":\"fr-FR\"}]}<\/script>\n<!-- \/ Yoast SEO plugin. -->","yoast_head_json":{"title":"Le Mont-sur-Lausanne - Les VERT-E-S du Nord lausannois","description":"Pour la l\u00e9gislature 2021-2026, les \u00e9lu.e.s Vert.e.s agissent au sein du groupe \u00ab Le Mont-citoyen \u00bb, une association politique locale qui r\u00e9unit des personnes de sensibilit\u00e9s politiques diverses partageant les valeurs communes de d\u00e9mocratie, solidarit\u00e9 et \u00e9cologie.","robots":{"index":"index","follow":"follow","max-snippet":"max-snippet:-1","max-image-preview":"max-image-preview:large","max-video-preview":"max-video-preview:-1"},"canonical":"https:\/\/vert-e-s-vd.ch\/nord-lausannois\/startseite\/communes_2026\/lemont","og_locale":"fr_FR","og_type":"article","og_title":"Le Mont-sur-Lausanne - Les VERT-E-S du Nord lausannois","og_description":"Pour la l\u00e9gislature 2021-2026, les \u00e9lu.e.s Vert.e.s agissent au sein du groupe \u00ab Le Mont-citoyen \u00bb, une association politique locale \u2026","og_url":"https:\/\/vert-e-s-vd.ch\/nord-lausannois\/startseite\/communes_2026\/lemont","og_site_name":"Les VERT-E-S du Nord lausannois","article_modified_time":"2026-01-20T15:36:57+00:00","og_image":[{"url":"https:\/\/vert-e-s-vd.ch\/nord-lausannois\/wp-content\/uploads\/sites\/17\/2021\/01\/dean-vallance-2rINCqTV76g-unsplash-790x0-c-default.jpg","width":790,"height":527,"type":"image\/jpeg"}],"twitter_card":"summary_large_image","twitter_misc":{"Dur\u00e9e de lecture estim\u00e9e":"19 minutes"},"schema":{"@context":"https:\/\/schema.org","@graph":[{"@type":"WebPage","@id":"https:\/\/vert-e-s-vd.ch\/nord-lausannois\/startseite\/communes_2026\/lemont","url":"https:\/\/vert-e-s-vd.ch\/nord-lausannois\/startseite\/communes_2026\/lemont","name":"Le Mont-sur-Lausanne - Les VERT-E-S du Nord lausannois","isPartOf":{"@id":"https:\/\/vert-e-s-vd.ch\/nord-lausannois\/#website"},"primaryImageOfPage":{"@id":"https:\/\/vert-e-s-vd.ch\/nord-lausannois\/startseite\/communes_2026\/lemont#primaryimage"},"image":{"@id":"https:\/\/vert-e-s-vd.ch\/nord-lausannois\/startseite\/communes_2026\/lemont#primaryimage"},"thumbnailUrl":"https:\/\/vert-e-s-vd.ch\/nord-lausannois\/wp-content\/uploads\/sites\/17\/2021\/01\/dean-vallance-2rINCqTV76g-unsplash-scaled.jpg","datePublished":"2021-01-14T16:02:22+00:00","dateModified":"2026-01-20T15:36:57+00:00","description":"Pour la l\u00e9gislature 2021-2026, les \u00e9lu.e.s Vert.e.s agissent au sein du groupe \u00ab Le Mont-citoyen \u00bb, une association politique locale qui r\u00e9unit des personnes de sensibilit\u00e9s politiques diverses partageant les valeurs communes de d\u00e9mocratie, solidarit\u00e9 et \u00e9cologie.","breadcrumb":{"@id":"https:\/\/vert-e-s-vd.ch\/nord-lausannois\/startseite\/communes_2026\/lemont#breadcrumb"},"inLanguage":"fr-FR","potentialAction":[{"@type":"ReadAction","target":["https:\/\/vert-e-s-vd.ch\/nord-lausannois\/startseite\/communes_2026\/lemont"]}]},{"@type":"ImageObject","inLanguage":"fr-FR","@id":"https:\/\/vert-e-s-vd.ch\/nord-lausannois\/startseite\/communes_2026\/lemont#primaryimage","url":"https:\/\/vert-e-s-vd.ch\/nord-lausannois\/wp-content\/uploads\/sites\/17\/2021\/01\/dean-vallance-2rINCqTV76g-unsplash-scaled.jpg","contentUrl":"https:\/\/vert-e-s-vd.ch\/nord-lausannois\/wp-content\/uploads\/sites\/17\/2021\/01\/dean-vallance-2rINCqTV76g-unsplash-scaled.jpg","width":2560,"height":1707},{"@type":"BreadcrumbList","@id":"https:\/\/vert-e-s-vd.ch\/nord-lausannois\/startseite\/communes_2026\/lemont#breadcrumb","itemListElement":[{"@type":"ListItem","position":1,"name":"Accueil","item":"https:\/\/vert-e-s-vd.ch\/nord-lausannois\/"},{"@type":"ListItem","position":2,"name":"Agenda"}]},{"@type":"WebSite","@id":"https:\/\/vert-e-s-vd.ch\/nord-lausannois\/#website","url":"https:\/\/vert-e-s-vd.ch\/nord-lausannois\/","name":"Les VERT-E-S du Nord lausannois","description":"Une longueur d\u2019avance","potentialAction":[{"@type":"SearchAction","target":{"@type":"EntryPoint","urlTemplate":"https:\/\/vert-e-s-vd.ch\/nord-lausannois\/?s={search_term_string}"},"query-input":{"@type":"PropertyValueSpecification","valueRequired":true,"valueName":"search_term_string"}}],"inLanguage":"fr-FR"}]}},"_links":{"self":[{"href":"https:\/\/vert-e-s-vd.ch\/nord-lausannois\/wp-json\/wp\/v2\/pages\/71269","targetHints":{"allow":["GET"]}}],"collection":[{"href":"https:\/\/vert-e-s-vd.ch\/nord-lausannois\/wp-json\/wp\/v2\/pages"}],"about":[{"href":"https:\/\/vert-e-s-vd.ch\/nord-lausannois\/wp-json\/wp\/v2\/types\/page"}],"author":[{"embeddable":true,"href":"https:\/\/vert-e-s-vd.ch\/nord-lausannois\/wp-json\/wp\/v2\/users\/3"}],"replies":[{"embeddable":true,"href":"https:\/\/vert-e-s-vd.ch\/nord-lausannois\/wp-json\/wp\/v2\/comments?post=71269"}],"version-history":[{"count":87,"href":"https:\/\/vert-e-s-vd.ch\/nord-lausannois\/wp-json\/wp\/v2\/pages\/71269\/revisions"}],"predecessor-version":[{"id":73850,"href":"https:\/\/vert-e-s-vd.ch\/nord-lausannois\/wp-json\/wp\/v2\/pages\/71269\/revisions\/73850"}],"up":[{"embeddable":true,"href":"https:\/\/vert-e-s-vd.ch\/nord-lausannois\/wp-json\/wp\/v2\/pages\/11"}],"wp:featuredmedia":[{"embeddable":true,"href":"https:\/\/vert-e-s-vd.ch\/nord-lausannois\/wp-json\/wp\/v2\/media\/71219"}],"wp:attachment":[{"href":"https:\/\/vert-e-s-vd.ch\/nord-lausannois\/wp-json\/wp\/v2\/media?parent=71269"}],"curies":[{"name":"wp","href":"https:\/\/api.w.org\/{rel}","templated":true}]}}

<!-- This site is optimized with the Yoast SEO plugin v26.9 - https://yoast.com/product/yoast-seo-wordpress/ -->
<title>Le Mont-sur-Lausanne - Les VERT-E-S du Nord lausannois</title>
<meta name="description" content="Pour la législature 2021-2026, les élu.e.s Vert.e.s agissent au sein du groupe « Le Mont-citoyen », une association politique locale qui réunit des personnes de sensibilités politiques diverses partageant les valeurs communes de démocratie, solidarité et écologie." />
<meta name="robots" content="index, follow, max-snippet:-1, max-image-preview:large, max-video-preview:-1" />
<link rel="canonical" href="https://vert-e-s-vd.ch/nord-lausannois/startseite/communes_2026/lemont" />
<meta property="og:locale" content="fr_FR" />
<meta property="og:type" content="article" />
<meta property="og:title" content="Le Mont-sur-Lausanne - Les VERT-E-S du Nord lausannois" />
<meta property="og:description" content="Pour la législature 2021-2026, les élu.e.s Vert.e.s agissent au sein du groupe « Le Mont-citoyen », une association politique locale …" />
<meta property="og:url" content="https://vert-e-s-vd.ch/nord-lausannois/startseite/communes_2026/lemont" />
<meta property="og:site_name" content="Les VERT-E-S du Nord lausannois" />
<meta property="article:modified_time" content="2026-01-20T15:36:57+00:00" />
<meta property="og:image" content="https://vert-e-s-vd.ch/nord-lausannois/wp-content/uploads/sites/17/2021/01/dean-vallance-2rINCqTV76g-unsplash-790x0-c-default.jpg" />
	<meta property="og:image:width" content="790" />
	<meta property="og:image:height" content="527" />
	<meta property="og:image:type" content="image/jpeg" />
<meta name="twitter:card" content="summary_large_image" />
<meta name="twitter:label1" content="Durée de lecture estimée" />
	<meta name="twitter:data1" content="19 minutes" />
<script type="application/ld+json" class="yoast-schema-graph">{"@context":"https://schema.org","@graph":[{"@type":"WebPage","@id":"https://vert-e-s-vd.ch/nord-lausannois/startseite/communes_2026/lemont","url":"https://vert-e-s-vd.ch/nord-lausannois/startseite/communes_2026/lemont","name":"Le Mont-sur-Lausanne - Les VERT-E-S du Nord lausannois","isPartOf":{"@id":"https://vert-e-s-vd.ch/nord-lausannois/#website"},"primaryImageOfPage":{"@id":"https://vert-e-s-vd.ch/nord-lausannois/startseite/communes_2026/lemont#primaryimage"},"image":{"@id":"https://vert-e-s-vd.ch/nord-lausannois/startseite/communes_2026/lemont#primaryimage"},"thumbnailUrl":"https://vert-e-s-vd.ch/nord-lausannois/wp-content/uploads/sites/17/2021/01/dean-vallance-2rINCqTV76g-unsplash-scaled.jpg","datePublished":"2021-01-14T16:02:22+00:00","dateModified":"2026-01-20T15:36:57+00:00","description":"Pour la législature 2021-2026, les élu.e.s Vert.e.s agissent au sein du groupe « Le Mont-citoyen », une association politique locale qui réunit des personnes de sensibilités politiques diverses partageant les valeurs communes de démocratie, solidarité et écologie.","breadcrumb":{"@id":"https://vert-e-s-vd.ch/nord-lausannois/startseite/communes_2026/lemont#breadcrumb"},"inLanguage":"fr-FR","potentialAction":[{"@type":"ReadAction","target":["https://vert-e-s-vd.ch/nord-lausannois/startseite/communes_2026/lemont"]}]},{"@type":"ImageObject","inLanguage":"fr-FR","@id":"https://vert-e-s-vd.ch/nord-lausannois/startseite/communes_2026/lemont#primaryimage","url":"https://vert-e-s-vd.ch/nord-lausannois/wp-content/uploads/sites/17/2021/01/dean-vallance-2rINCqTV76g-unsplash-scaled.jpg","contentUrl":"https://vert-e-s-vd.ch/nord-lausannois/wp-content/uploads/sites/17/2021/01/dean-vallance-2rINCqTV76g-unsplash-scaled.jpg","width":2560,"height":1707},{"@type":"BreadcrumbList","@id":"https://vert-e-s-vd.ch/nord-lausannois/startseite/communes_2026/lemont#breadcrumb","itemListElement":[{"@type":"ListItem","position":1,"name":"Accueil","item":"https://vert-e-s-vd.ch/nord-lausannois/"},{"@type":"ListItem","position":2,"name":"Agenda"}]},{"@type":"WebSite","@id":"https://vert-e-s-vd.ch/nord-lausannois/#website","url":"https://vert-e-s-vd.ch/nord-lausannois/","name":"Les VERT-E-S du Nord lausannois","description":"Une longueur d’avance","potentialAction":[{"@type":"SearchAction","target":{"@type":"EntryPoint","urlTemplate":"https://vert-e-s-vd.ch/nord-lausannois/?s={search_term_string}"},"query-input":{"@type":"PropertyValueSpecification","valueRequired":true,"valueName":"search_term_string"}}],"inLanguage":"fr-FR"}]}</script>
<!-- / Yoast SEO plugin. -->

Pour la législature 2021-2026, les élu.e.s Vert.e.s agissent au sein du groupe « Le Mont-citoyen », une association politique locale qui réunit des personnes de sensibilités politiques diverses partageant les valeurs communes de démocratie, solidarité et écologie.

Pour la législature 2021-2026, les élu.e.s Vert.e.s agissent au sein du groupe « Le Mont-citoyen », une association politique locale …
