{"id":73335,"date":"2026-03-09T14:10:55","date_gmt":"2026-03-09T13:10:55","guid":{"rendered":"https:\/\/vert-e-s-vd.ch\/morges\/?page_id=73335"},"modified":"2026-03-10T13:06:40","modified_gmt":"2026-03-10T12:06:40","slug":"lalliance-de-gaiche-la-municipalit-de-morges-le-29-mars-2026","status":"publish","type":"page","link":"https:\/\/vert-e-s-vd.ch\/morges\/lalliance-de-gaiche-la-municipalit-de-morges-le-29-mars-2026","title":{"rendered":"L&rsquo;alliance de gauche \u00e0 la municipalit\u00e9 de Morges le 29 mars !"},"content":{"rendered":"","protected":false},"excerpt":{"rendered":"","protected":false},"author":60,"featured_media":0,"parent":0,"menu_order":0,"comment_status":"closed","ping_status":"closed","template":"","meta":{"_acf_changed":false,"inline_featured_image":false,"footnotes":""},"class_list":["post-73335","page","type-page","status-publish","hentry"],"acf":[],"yoast_head":"<!-- This site is optimized with the Yoast SEO plugin v26.9 - https:\/\/yoast.com\/product\/yoast-seo-wordpress\/ -->\n<title>L&#039;alliance de gauche \u00e0 la municipalit\u00e9 de Morges le 29 mars ! - Les Vert\u00b7e\u00b7s du district de Morges<\/title>\n<meta name=\"description\" content=\"Face \u00e0 la hausse des loyers, aux in\u00e9galit\u00e9s et \u00e0 l\u2019urgence climatique, la gauche morgienne s\u2019unit pour vous proposer un projet de soci\u00e9t\u00e9 diff\u00e9rent, plus juste, plus responsable et plus proche des besoins des habitant\u00b7e\u00b7s.\" \/>\n<meta name=\"robots\" content=\"index, follow, max-snippet:-1, max-image-preview:large, max-video-preview:-1\" \/>\n<link rel=\"canonical\" href=\"https:\/\/vert-e-s-vd.ch\/morges\/lalliance-de-gaiche-la-municipalit-de-morges-le-29-mars-2026\" \/>\n<meta property=\"og:locale\" content=\"fr_FR\" \/>\n<meta property=\"og:type\" content=\"article\" \/>\n<meta property=\"og:title\" content=\"L&#039;alliance de gauche \u00e0 la municipalit\u00e9 de Morges le 29 mars ! - Les Vert\u00b7e\u00b7s du district de Morges\" \/>\n<meta property=\"og:description\" content=\"Face \u00e0 la hausse des loyers, aux in\u00e9galit\u00e9s et \u00e0 l\u2019urgence climatique, la gauche morgienne s\u2019unit pour vous proposer un projet de \u2026\" \/>\n<meta property=\"og:url\" content=\"https:\/\/vert-e-s-vd.ch\/morges\/lalliance-de-gaiche-la-municipalit-de-morges-le-29-mars-2026\" \/>\n<meta property=\"og:site_name\" content=\"Les Vert\u00b7e\u00b7s du district de Morges\" \/>\n<meta property=\"article:modified_time\" content=\"2026-03-10T12:06:40+00:00\" \/>\n<meta name=\"twitter:card\" content=\"summary_large_image\" \/>\n<meta name=\"twitter:label1\" content=\"Dur\u00e9e de lecture estim\u00e9e\" \/>\n\t<meta name=\"twitter:data1\" content=\"2 minutes\" \/>\n<script type=\"application\/ld+json\" class=\"yoast-schema-graph\">{\"@context\":\"https:\/\/schema.org\",\"@graph\":[{\"@type\":\"WebPage\",\"@id\":\"https:\/\/vert-e-s-vd.ch\/morges\/lalliance-de-gaiche-la-municipalit-de-morges-le-29-mars-2026\",\"url\":\"https:\/\/vert-e-s-vd.ch\/morges\/lalliance-de-gaiche-la-municipalit-de-morges-le-29-mars-2026\",\"name\":\"L'alliance de gauche \u00e0 la municipalit\u00e9 de Morges le 29 mars ! - Les Vert\u00b7e\u00b7s du district de Morges\",\"isPartOf\":{\"@id\":\"https:\/\/vert-e-s-vd.ch\/morges\/#website\"},\"datePublished\":\"2026-03-09T13:10:55+00:00\",\"dateModified\":\"2026-03-10T12:06:40+00:00\",\"description\":\"Face \u00e0 la hausse des loyers, aux in\u00e9galit\u00e9s et \u00e0 l\u2019urgence climatique, la gauche morgienne s\u2019unit pour vous proposer un projet de soci\u00e9t\u00e9 diff\u00e9rent, plus juste, plus responsable et plus proche des besoins des habitant\u00b7e\u00b7s.\",\"breadcrumb\":{\"@id\":\"https:\/\/vert-e-s-vd.ch\/morges\/lalliance-de-gaiche-la-municipalit-de-morges-le-29-mars-2026#breadcrumb\"},\"inLanguage\":\"fr-FR\",\"potentialAction\":[{\"@type\":\"ReadAction\",\"target\":[\"https:\/\/vert-e-s-vd.ch\/morges\/lalliance-de-gaiche-la-municipalit-de-morges-le-29-mars-2026\"]}]},{\"@type\":\"BreadcrumbList\",\"@id\":\"https:\/\/vert-e-s-vd.ch\/morges\/lalliance-de-gaiche-la-municipalit-de-morges-le-29-mars-2026#breadcrumb\",\"itemListElement\":[{\"@type\":\"ListItem\",\"position\":1,\"name\":\"Accueil\",\"item\":\"https:\/\/vert-e-s-vd.ch\/morges\/\"},{\"@type\":\"ListItem\",\"position\":2,\"name\":\"L&rsquo;alliance de gauche \u00e0 la municipalit\u00e9 de Morges le 29 mars !\"}]},{\"@type\":\"WebSite\",\"@id\":\"https:\/\/vert-e-s-vd.ch\/morges\/#website\",\"url\":\"https:\/\/vert-e-s-vd.ch\/morges\/\",\"name\":\"Les Vert\u00b7e\u00b7s du district de Morges\",\"description\":\"Les Vert\u00b7e\u00b7s du district de Morges\",\"potentialAction\":[{\"@type\":\"SearchAction\",\"target\":{\"@type\":\"EntryPoint\",\"urlTemplate\":\"https:\/\/vert-e-s-vd.ch\/morges\/?s={search_term_string}\"},\"query-input\":{\"@type\":\"PropertyValueSpecification\",\"valueRequired\":true,\"valueName\":\"search_term_string\"}}],\"inLanguage\":\"fr-FR\"}]}<\/script>\n<!-- \/ Yoast SEO plugin. -->","yoast_head_json":{"title":"L'alliance de gauche \u00e0 la municipalit\u00e9 de Morges le 29 mars ! - Les Vert\u00b7e\u00b7s du district de Morges","description":"Face \u00e0 la hausse des loyers, aux in\u00e9galit\u00e9s et \u00e0 l\u2019urgence climatique, la gauche morgienne s\u2019unit pour vous proposer un projet de soci\u00e9t\u00e9 diff\u00e9rent, plus juste, plus responsable et plus proche des besoins des habitant\u00b7e\u00b7s.","robots":{"index":"index","follow":"follow","max-snippet":"max-snippet:-1","max-image-preview":"max-image-preview:large","max-video-preview":"max-video-preview:-1"},"canonical":"https:\/\/vert-e-s-vd.ch\/morges\/lalliance-de-gaiche-la-municipalit-de-morges-le-29-mars-2026","og_locale":"fr_FR","og_type":"article","og_title":"L'alliance de gauche \u00e0 la municipalit\u00e9 de Morges le 29 mars ! - Les Vert\u00b7e\u00b7s du district de Morges","og_description":"Face \u00e0 la hausse des loyers, aux in\u00e9galit\u00e9s et \u00e0 l\u2019urgence climatique, la gauche morgienne s\u2019unit pour vous proposer un projet de \u2026","og_url":"https:\/\/vert-e-s-vd.ch\/morges\/lalliance-de-gaiche-la-municipalit-de-morges-le-29-mars-2026","og_site_name":"Les Vert\u00b7e\u00b7s du district de Morges","article_modified_time":"2026-03-10T12:06:40+00:00","twitter_card":"summary_large_image","twitter_misc":{"Dur\u00e9e de lecture estim\u00e9e":"2 minutes"},"schema":{"@context":"https:\/\/schema.org","@graph":[{"@type":"WebPage","@id":"https:\/\/vert-e-s-vd.ch\/morges\/lalliance-de-gaiche-la-municipalit-de-morges-le-29-mars-2026","url":"https:\/\/vert-e-s-vd.ch\/morges\/lalliance-de-gaiche-la-municipalit-de-morges-le-29-mars-2026","name":"L'alliance de gauche \u00e0 la municipalit\u00e9 de Morges le 29 mars ! - Les Vert\u00b7e\u00b7s du district de Morges","isPartOf":{"@id":"https:\/\/vert-e-s-vd.ch\/morges\/#website"},"datePublished":"2026-03-09T13:10:55+00:00","dateModified":"2026-03-10T12:06:40+00:00","description":"Face \u00e0 la hausse des loyers, aux in\u00e9galit\u00e9s et \u00e0 l\u2019urgence climatique, la gauche morgienne s\u2019unit pour vous proposer un projet de soci\u00e9t\u00e9 diff\u00e9rent, plus juste, plus responsable et plus proche des besoins des habitant\u00b7e\u00b7s.","breadcrumb":{"@id":"https:\/\/vert-e-s-vd.ch\/morges\/lalliance-de-gaiche-la-municipalit-de-morges-le-29-mars-2026#breadcrumb"},"inLanguage":"fr-FR","potentialAction":[{"@type":"ReadAction","target":["https:\/\/vert-e-s-vd.ch\/morges\/lalliance-de-gaiche-la-municipalit-de-morges-le-29-mars-2026"]}]},{"@type":"BreadcrumbList","@id":"https:\/\/vert-e-s-vd.ch\/morges\/lalliance-de-gaiche-la-municipalit-de-morges-le-29-mars-2026#breadcrumb","itemListElement":[{"@type":"ListItem","position":1,"name":"Accueil","item":"https:\/\/vert-e-s-vd.ch\/morges\/"},{"@type":"ListItem","position":2,"name":"L&rsquo;alliance de gauche \u00e0 la municipalit\u00e9 de Morges le 29 mars !"}]},{"@type":"WebSite","@id":"https:\/\/vert-e-s-vd.ch\/morges\/#website","url":"https:\/\/vert-e-s-vd.ch\/morges\/","name":"Les Vert\u00b7e\u00b7s du district de Morges","description":"Les Vert\u00b7e\u00b7s du district de Morges","potentialAction":[{"@type":"SearchAction","target":{"@type":"EntryPoint","urlTemplate":"https:\/\/vert-e-s-vd.ch\/morges\/?s={search_term_string}"},"query-input":{"@type":"PropertyValueSpecification","valueRequired":true,"valueName":"search_term_string"}}],"inLanguage":"fr-FR"}]}},"_links":{"self":[{"href":"https:\/\/vert-e-s-vd.ch\/morges\/wp-json\/wp\/v2\/pages\/73335","targetHints":{"allow":["GET"]}}],"collection":[{"href":"https:\/\/vert-e-s-vd.ch\/morges\/wp-json\/wp\/v2\/pages"}],"about":[{"href":"https:\/\/vert-e-s-vd.ch\/morges\/wp-json\/wp\/v2\/types\/page"}],"author":[{"embeddable":true,"href":"https:\/\/vert-e-s-vd.ch\/morges\/wp-json\/wp\/v2\/users\/60"}],"replies":[{"embeddable":true,"href":"https:\/\/vert-e-s-vd.ch\/morges\/wp-json\/wp\/v2\/comments?post=73335"}],"version-history":[{"count":6,"href":"https:\/\/vert-e-s-vd.ch\/morges\/wp-json\/wp\/v2\/pages\/73335\/revisions"}],"predecessor-version":[{"id":73344,"href":"https:\/\/vert-e-s-vd.ch\/morges\/wp-json\/wp\/v2\/pages\/73335\/revisions\/73344"}],"wp:attachment":[{"href":"https:\/\/vert-e-s-vd.ch\/morges\/wp-json\/wp\/v2\/media?parent=73335"}],"curies":[{"name":"wp","href":"https:\/\/api.w.org\/{rel}","templated":true}]}}

L&rsquo;alliance de gauche à la municipalité de Morges le 29 mars !

<!-- This site is optimized with the Yoast SEO plugin v26.9 - https://yoast.com/product/yoast-seo-wordpress/ -->
<title>L&#039;alliance de gauche à la municipalité de Morges le 29 mars ! - Les Vert·e·s du district de Morges</title>
<meta name="description" content="Face à la hausse des loyers, aux inégalités et à l’urgence climatique, la gauche morgienne s’unit pour vous proposer un projet de société différent, plus juste, plus responsable et plus proche des besoins des habitant·e·s." />
<meta name="robots" content="index, follow, max-snippet:-1, max-image-preview:large, max-video-preview:-1" />
<link rel="canonical" href="https://vert-e-s-vd.ch/morges/lalliance-de-gaiche-la-municipalit-de-morges-le-29-mars-2026" />
<meta property="og:locale" content="fr_FR" />
<meta property="og:type" content="article" />
<meta property="og:title" content="L&#039;alliance de gauche à la municipalité de Morges le 29 mars ! - Les Vert·e·s du district de Morges" />
<meta property="og:description" content="Face à la hausse des loyers, aux inégalités et à l’urgence climatique, la gauche morgienne s’unit pour vous proposer un projet de …" />
<meta property="og:url" content="https://vert-e-s-vd.ch/morges/lalliance-de-gaiche-la-municipalit-de-morges-le-29-mars-2026" />
<meta property="og:site_name" content="Les Vert·e·s du district de Morges" />
<meta property="article:modified_time" content="2026-03-10T12:06:40+00:00" />
<meta name="twitter:card" content="summary_large_image" />
<meta name="twitter:label1" content="Durée de lecture estimée" />
	<meta name="twitter:data1" content="2 minutes" />
<script type="application/ld+json" class="yoast-schema-graph">{"@context":"https://schema.org","@graph":[{"@type":"WebPage","@id":"https://vert-e-s-vd.ch/morges/lalliance-de-gaiche-la-municipalit-de-morges-le-29-mars-2026","url":"https://vert-e-s-vd.ch/morges/lalliance-de-gaiche-la-municipalit-de-morges-le-29-mars-2026","name":"L'alliance de gauche à la municipalité de Morges le 29 mars ! - Les Vert·e·s du district de Morges","isPartOf":{"@id":"https://vert-e-s-vd.ch/morges/#website"},"datePublished":"2026-03-09T13:10:55+00:00","dateModified":"2026-03-10T12:06:40+00:00","description":"Face à la hausse des loyers, aux inégalités et à l’urgence climatique, la gauche morgienne s’unit pour vous proposer un projet de société différent, plus juste, plus responsable et plus proche des besoins des habitant·e·s.","breadcrumb":{"@id":"https://vert-e-s-vd.ch/morges/lalliance-de-gaiche-la-municipalit-de-morges-le-29-mars-2026#breadcrumb"},"inLanguage":"fr-FR","potentialAction":[{"@type":"ReadAction","target":["https://vert-e-s-vd.ch/morges/lalliance-de-gaiche-la-municipalit-de-morges-le-29-mars-2026"]}]},{"@type":"BreadcrumbList","@id":"https://vert-e-s-vd.ch/morges/lalliance-de-gaiche-la-municipalit-de-morges-le-29-mars-2026#breadcrumb","itemListElement":[{"@type":"ListItem","position":1,"name":"Accueil","item":"https://vert-e-s-vd.ch/morges/"},{"@type":"ListItem","position":2,"name":"L&rsquo;alliance de gauche à la municipalité de Morges le 29 mars !"}]},{"@type":"WebSite","@id":"https://vert-e-s-vd.ch/morges/#website","url":"https://vert-e-s-vd.ch/morges/","name":"Les Vert·e·s du district de Morges","description":"Les Vert·e·s du district de Morges","potentialAction":[{"@type":"SearchAction","target":{"@type":"EntryPoint","urlTemplate":"https://vert-e-s-vd.ch/morges/?s={search_term_string}"},"query-input":{"@type":"PropertyValueSpecification","valueRequired":true,"valueName":"search_term_string"}}],"inLanguage":"fr-FR"}]}</script>
<!-- / Yoast SEO plugin. -->

L'alliance de gauche à la municipalité de Morges le 29 mars ! - Les Vert·e·s du district de Morges

Face à la hausse des loyers, aux inégalités et à l’urgence climatique, la gauche morgienne s’unit pour vous proposer un projet de société différent, plus juste, plus responsable et plus proche des besoins des habitant·e·s.

Face à la hausse des loyers, aux inégalités et à l’urgence climatique, la gauche morgienne s’unit pour vous proposer un projet de …
