{"id":72234,"date":"2021-11-05T10:02:44","date_gmt":"2021-11-05T09:02:45","guid":{"rendered":"https:\/\/vert-e-s-vd.ch\/morges\/startseite\/assemblee-generale\/ordinaire-21-copy"},"modified":"2022-05-27T11:53:32","modified_gmt":"2022-05-27T09:53:32","slug":"17-11-2021","status":"publish","type":"page","link":"https:\/\/vert-e-s-vd.ch\/morges\/assemblee-generale\/17-11-2021","title":{"rendered":"Assembl\u00e9e g\u00e9n\u00e9rale extraordinaire 2021"},"content":{"rendered":"","protected":false},"excerpt":{"rendered":"","protected":false},"author":44,"featured_media":0,"parent":23,"menu_order":1,"comment_status":"closed","ping_status":"closed","template":"","meta":{"_acf_changed":false,"inline_featured_image":false,"footnotes":""},"class_list":["post-72234","page","type-page","status-publish","hentry"],"acf":[],"yoast_head":"<!-- This site is optimized with the Yoast SEO plugin v26.9 - https:\/\/yoast.com\/product\/yoast-seo-wordpress\/ -->\n<title>Assembl\u00e9e g\u00e9n\u00e9rale extraordinaire 2021 - Les Vert\u00b7e\u00b7s du district de Morges<\/title>\n<meta name=\"robots\" content=\"index, follow, max-snippet:-1, max-image-preview:large, max-video-preview:-1\" \/>\n<link rel=\"canonical\" href=\"https:\/\/vert-e-s-vd.ch\/morges\/assemblee-generale\/17-11-2021\" \/>\n<meta property=\"og:locale\" content=\"fr_FR\" \/>\n<meta property=\"og:type\" content=\"article\" \/>\n<meta property=\"og:title\" content=\"Assembl\u00e9e g\u00e9n\u00e9rale extraordinaire 2021 - Les Vert\u00b7e\u00b7s du district de Morges\" \/>\n<meta property=\"og:url\" content=\"https:\/\/vert-e-s-vd.ch\/morges\/assemblee-generale\/17-11-2021\" \/>\n<meta property=\"og:site_name\" content=\"Les Vert\u00b7e\u00b7s du district de Morges\" \/>\n<meta property=\"article:modified_time\" content=\"2022-05-27T09:53:32+00:00\" \/>\n<meta name=\"twitter:card\" content=\"summary_large_image\" \/>\n<script type=\"application\/ld+json\" class=\"yoast-schema-graph\">{\"@context\":\"https:\/\/schema.org\",\"@graph\":[{\"@type\":\"WebPage\",\"@id\":\"https:\/\/vert-e-s-vd.ch\/morges\/assemblee-generale\/17-11-2021\",\"url\":\"https:\/\/vert-e-s-vd.ch\/morges\/assemblee-generale\/17-11-2021\",\"name\":\"Assembl\u00e9e g\u00e9n\u00e9rale extraordinaire 2021 - Les Vert\u00b7e\u00b7s du district de Morges\",\"isPartOf\":{\"@id\":\"https:\/\/vert-e-s-vd.ch\/morges\/#website\"},\"datePublished\":\"2021-11-05T09:02:45+00:00\",\"dateModified\":\"2022-05-27T09:53:32+00:00\",\"breadcrumb\":{\"@id\":\"https:\/\/vert-e-s-vd.ch\/morges\/assemblee-generale\/17-11-2021#breadcrumb\"},\"inLanguage\":\"fr-FR\",\"potentialAction\":[{\"@type\":\"ReadAction\",\"target\":[\"https:\/\/vert-e-s-vd.ch\/morges\/assemblee-generale\/17-11-2021\"]}]},{\"@type\":\"BreadcrumbList\",\"@id\":\"https:\/\/vert-e-s-vd.ch\/morges\/assemblee-generale\/17-11-2021#breadcrumb\",\"itemListElement\":[{\"@type\":\"ListItem\",\"position\":1,\"name\":\"Accueil\",\"item\":\"https:\/\/vert-e-s-vd.ch\/morges\/\"},{\"@type\":\"ListItem\",\"position\":2,\"name\":\"Assembl\u00e9es g\u00e9n\u00e9rales\",\"item\":\"https:\/\/vert-e-s-vd.ch\/morges\/assemblee-generale\"},{\"@type\":\"ListItem\",\"position\":3,\"name\":\"Assembl\u00e9e g\u00e9n\u00e9rale extraordinaire 2021\"}]},{\"@type\":\"WebSite\",\"@id\":\"https:\/\/vert-e-s-vd.ch\/morges\/#website\",\"url\":\"https:\/\/vert-e-s-vd.ch\/morges\/\",\"name\":\"Les Vert\u00b7e\u00b7s du district de Morges\",\"description\":\"Les Vert\u00b7e\u00b7s du district de Morges\",\"potentialAction\":[{\"@type\":\"SearchAction\",\"target\":{\"@type\":\"EntryPoint\",\"urlTemplate\":\"https:\/\/vert-e-s-vd.ch\/morges\/?s={search_term_string}\"},\"query-input\":{\"@type\":\"PropertyValueSpecification\",\"valueRequired\":true,\"valueName\":\"search_term_string\"}}],\"inLanguage\":\"fr-FR\"}]}<\/script>\n<!-- \/ Yoast SEO plugin. -->","yoast_head_json":{"title":"Assembl\u00e9e g\u00e9n\u00e9rale extraordinaire 2021 - Les Vert\u00b7e\u00b7s du district de Morges","robots":{"index":"index","follow":"follow","max-snippet":"max-snippet:-1","max-image-preview":"max-image-preview:large","max-video-preview":"max-video-preview:-1"},"canonical":"https:\/\/vert-e-s-vd.ch\/morges\/assemblee-generale\/17-11-2021","og_locale":"fr_FR","og_type":"article","og_title":"Assembl\u00e9e g\u00e9n\u00e9rale extraordinaire 2021 - Les Vert\u00b7e\u00b7s du district de Morges","og_url":"https:\/\/vert-e-s-vd.ch\/morges\/assemblee-generale\/17-11-2021","og_site_name":"Les Vert\u00b7e\u00b7s du district de Morges","article_modified_time":"2022-05-27T09:53:32+00:00","twitter_card":"summary_large_image","schema":{"@context":"https:\/\/schema.org","@graph":[{"@type":"WebPage","@id":"https:\/\/vert-e-s-vd.ch\/morges\/assemblee-generale\/17-11-2021","url":"https:\/\/vert-e-s-vd.ch\/morges\/assemblee-generale\/17-11-2021","name":"Assembl\u00e9e g\u00e9n\u00e9rale extraordinaire 2021 - Les Vert\u00b7e\u00b7s du district de Morges","isPartOf":{"@id":"https:\/\/vert-e-s-vd.ch\/morges\/#website"},"datePublished":"2021-11-05T09:02:45+00:00","dateModified":"2022-05-27T09:53:32+00:00","breadcrumb":{"@id":"https:\/\/vert-e-s-vd.ch\/morges\/assemblee-generale\/17-11-2021#breadcrumb"},"inLanguage":"fr-FR","potentialAction":[{"@type":"ReadAction","target":["https:\/\/vert-e-s-vd.ch\/morges\/assemblee-generale\/17-11-2021"]}]},{"@type":"BreadcrumbList","@id":"https:\/\/vert-e-s-vd.ch\/morges\/assemblee-generale\/17-11-2021#breadcrumb","itemListElement":[{"@type":"ListItem","position":1,"name":"Accueil","item":"https:\/\/vert-e-s-vd.ch\/morges\/"},{"@type":"ListItem","position":2,"name":"Assembl\u00e9es g\u00e9n\u00e9rales","item":"https:\/\/vert-e-s-vd.ch\/morges\/assemblee-generale"},{"@type":"ListItem","position":3,"name":"Assembl\u00e9e g\u00e9n\u00e9rale extraordinaire 2021"}]},{"@type":"WebSite","@id":"https:\/\/vert-e-s-vd.ch\/morges\/#website","url":"https:\/\/vert-e-s-vd.ch\/morges\/","name":"Les Vert\u00b7e\u00b7s du district de Morges","description":"Les Vert\u00b7e\u00b7s du district de Morges","potentialAction":[{"@type":"SearchAction","target":{"@type":"EntryPoint","urlTemplate":"https:\/\/vert-e-s-vd.ch\/morges\/?s={search_term_string}"},"query-input":{"@type":"PropertyValueSpecification","valueRequired":true,"valueName":"search_term_string"}}],"inLanguage":"fr-FR"}]}},"_links":{"self":[{"href":"https:\/\/vert-e-s-vd.ch\/morges\/wp-json\/wp\/v2\/pages\/72234","targetHints":{"allow":["GET"]}}],"collection":[{"href":"https:\/\/vert-e-s-vd.ch\/morges\/wp-json\/wp\/v2\/pages"}],"about":[{"href":"https:\/\/vert-e-s-vd.ch\/morges\/wp-json\/wp\/v2\/types\/page"}],"author":[{"embeddable":true,"href":"https:\/\/vert-e-s-vd.ch\/morges\/wp-json\/wp\/v2\/users\/44"}],"replies":[{"embeddable":true,"href":"https:\/\/vert-e-s-vd.ch\/morges\/wp-json\/wp\/v2\/comments?post=72234"}],"version-history":[{"count":6,"href":"https:\/\/vert-e-s-vd.ch\/morges\/wp-json\/wp\/v2\/pages\/72234\/revisions"}],"predecessor-version":[{"id":72604,"href":"https:\/\/vert-e-s-vd.ch\/morges\/wp-json\/wp\/v2\/pages\/72234\/revisions\/72604"}],"up":[{"embeddable":true,"href":"https:\/\/vert-e-s-vd.ch\/morges\/wp-json\/wp\/v2\/pages\/23"}],"wp:attachment":[{"href":"https:\/\/vert-e-s-vd.ch\/morges\/wp-json\/wp\/v2\/media?parent=72234"}],"curies":[{"name":"wp","href":"https:\/\/api.w.org\/{rel}","templated":true}]}}

Assemblée générale extraordinaire 2021

<!-- This site is optimized with the Yoast SEO plugin v26.9 - https://yoast.com/product/yoast-seo-wordpress/ -->
<title>Assemblée générale extraordinaire 2021 - Les Vert·e·s du district de Morges</title>
<meta name="robots" content="index, follow, max-snippet:-1, max-image-preview:large, max-video-preview:-1" />
<link rel="canonical" href="https://vert-e-s-vd.ch/morges/assemblee-generale/17-11-2021" />
<meta property="og:locale" content="fr_FR" />
<meta property="og:type" content="article" />
<meta property="og:title" content="Assemblée générale extraordinaire 2021 - Les Vert·e·s du district de Morges" />
<meta property="og:url" content="https://vert-e-s-vd.ch/morges/assemblee-generale/17-11-2021" />
<meta property="og:site_name" content="Les Vert·e·s du district de Morges" />
<meta property="article:modified_time" content="2022-05-27T09:53:32+00:00" />
<meta name="twitter:card" content="summary_large_image" />
<script type="application/ld+json" class="yoast-schema-graph">{"@context":"https://schema.org","@graph":[{"@type":"WebPage","@id":"https://vert-e-s-vd.ch/morges/assemblee-generale/17-11-2021","url":"https://vert-e-s-vd.ch/morges/assemblee-generale/17-11-2021","name":"Assemblée générale extraordinaire 2021 - Les Vert·e·s du district de Morges","isPartOf":{"@id":"https://vert-e-s-vd.ch/morges/#website"},"datePublished":"2021-11-05T09:02:45+00:00","dateModified":"2022-05-27T09:53:32+00:00","breadcrumb":{"@id":"https://vert-e-s-vd.ch/morges/assemblee-generale/17-11-2021#breadcrumb"},"inLanguage":"fr-FR","potentialAction":[{"@type":"ReadAction","target":["https://vert-e-s-vd.ch/morges/assemblee-generale/17-11-2021"]}]},{"@type":"BreadcrumbList","@id":"https://vert-e-s-vd.ch/morges/assemblee-generale/17-11-2021#breadcrumb","itemListElement":[{"@type":"ListItem","position":1,"name":"Accueil","item":"https://vert-e-s-vd.ch/morges/"},{"@type":"ListItem","position":2,"name":"Assemblées générales","item":"https://vert-e-s-vd.ch/morges/assemblee-generale"},{"@type":"ListItem","position":3,"name":"Assemblée générale extraordinaire 2021"}]},{"@type":"WebSite","@id":"https://vert-e-s-vd.ch/morges/#website","url":"https://vert-e-s-vd.ch/morges/","name":"Les Vert·e·s du district de Morges","description":"Les Vert·e·s du district de Morges","potentialAction":[{"@type":"SearchAction","target":{"@type":"EntryPoint","urlTemplate":"https://vert-e-s-vd.ch/morges/?s={search_term_string}"},"query-input":{"@type":"PropertyValueSpecification","valueRequired":true,"valueName":"search_term_string"}}],"inLanguage":"fr-FR"}]}</script>
<!-- / Yoast SEO plugin. -->

Assemblée générale extraordinaire 2021 - Les Vert·e·s du district de Morges

Assemblées générales
