{"id":71351,"date":"2020-12-20T15:59:12","date_gmt":"2020-12-20T14:59:12","guid":{"rendered":"https:\/\/vert-e-s-vd.ch\/morges\/?page_id=71351"},"modified":"2021-01-08T12:30:21","modified_gmt":"2021-01-08T11:30:21","slug":"assemblee-generale-extraordinaire-2012","status":"publish","type":"page","link":"https:\/\/vert-e-s-vd.ch\/morges\/assemblee-generale-extraordinaire-2012","title":{"rendered":"Assembl\u00e9e g\u00e9n\u00e9rale extraordinaire 2012"},"content":{"rendered":"","protected":false},"excerpt":{"rendered":"","protected":false},"author":10,"featured_media":0,"parent":0,"menu_order":0,"comment_status":"closed","ping_status":"closed","template":"","meta":{"_acf_changed":false,"inline_featured_image":false,"footnotes":""},"class_list":["post-71351","page","type-page","status-publish","hentry"],"acf":[],"yoast_head":"<!-- This site is optimized with the Yoast SEO plugin v26.9 - https:\/\/yoast.com\/product\/yoast-seo-wordpress\/ -->\n<title>Assembl\u00e9e g\u00e9n\u00e9rale extraordinaire 2012 - Les Vert\u00b7e\u00b7s du district de Morges<\/title>\n<meta name=\"robots\" content=\"index, follow, max-snippet:-1, max-image-preview:large, max-video-preview:-1\" \/>\n<link rel=\"canonical\" href=\"https:\/\/vert-e-s-vd.ch\/morges\/assemblee-generale-extraordinaire-2012\" \/>\n<meta property=\"og:locale\" content=\"fr_FR\" \/>\n<meta property=\"og:type\" content=\"article\" \/>\n<meta property=\"og:title\" content=\"Assembl\u00e9e g\u00e9n\u00e9rale extraordinaire 2012 - Les Vert\u00b7e\u00b7s du district de Morges\" \/>\n<meta property=\"og:url\" content=\"https:\/\/vert-e-s-vd.ch\/morges\/assemblee-generale-extraordinaire-2012\" \/>\n<meta property=\"og:site_name\" content=\"Les Vert\u00b7e\u00b7s du district de Morges\" \/>\n<meta property=\"article:modified_time\" content=\"2021-01-08T11:30:21+00:00\" \/>\n<meta name=\"twitter:card\" content=\"summary_large_image\" \/>\n<script type=\"application\/ld+json\" class=\"yoast-schema-graph\">{\"@context\":\"https:\/\/schema.org\",\"@graph\":[{\"@type\":\"WebPage\",\"@id\":\"https:\/\/vert-e-s-vd.ch\/morges\/assemblee-generale-extraordinaire-2012\",\"url\":\"https:\/\/vert-e-s-vd.ch\/morges\/assemblee-generale-extraordinaire-2012\",\"name\":\"Assembl\u00e9e g\u00e9n\u00e9rale extraordinaire 2012 - Les Vert\u00b7e\u00b7s du district de Morges\",\"isPartOf\":{\"@id\":\"https:\/\/vert-e-s-vd.ch\/morges\/#website\"},\"datePublished\":\"2020-12-20T14:59:12+00:00\",\"dateModified\":\"2021-01-08T11:30:21+00:00\",\"breadcrumb\":{\"@id\":\"https:\/\/vert-e-s-vd.ch\/morges\/assemblee-generale-extraordinaire-2012#breadcrumb\"},\"inLanguage\":\"fr-FR\",\"potentialAction\":[{\"@type\":\"ReadAction\",\"target\":[\"https:\/\/vert-e-s-vd.ch\/morges\/assemblee-generale-extraordinaire-2012\"]}]},{\"@type\":\"BreadcrumbList\",\"@id\":\"https:\/\/vert-e-s-vd.ch\/morges\/assemblee-generale-extraordinaire-2012#breadcrumb\",\"itemListElement\":[{\"@type\":\"ListItem\",\"position\":1,\"name\":\"Accueil\",\"item\":\"https:\/\/vert-e-s-vd.ch\/morges\/\"},{\"@type\":\"ListItem\",\"position\":2,\"name\":\"Assembl\u00e9e g\u00e9n\u00e9rale extraordinaire 2012\"}]},{\"@type\":\"WebSite\",\"@id\":\"https:\/\/vert-e-s-vd.ch\/morges\/#website\",\"url\":\"https:\/\/vert-e-s-vd.ch\/morges\/\",\"name\":\"Les Vert\u00b7e\u00b7s du district de Morges\",\"description\":\"Les Vert\u00b7e\u00b7s du district de Morges\",\"potentialAction\":[{\"@type\":\"SearchAction\",\"target\":{\"@type\":\"EntryPoint\",\"urlTemplate\":\"https:\/\/vert-e-s-vd.ch\/morges\/?s={search_term_string}\"},\"query-input\":{\"@type\":\"PropertyValueSpecification\",\"valueRequired\":true,\"valueName\":\"search_term_string\"}}],\"inLanguage\":\"fr-FR\"}]}<\/script>\n<!-- \/ Yoast SEO plugin. -->","yoast_head_json":{"title":"Assembl\u00e9e g\u00e9n\u00e9rale extraordinaire 2012 - Les Vert\u00b7e\u00b7s du district de Morges","robots":{"index":"index","follow":"follow","max-snippet":"max-snippet:-1","max-image-preview":"max-image-preview:large","max-video-preview":"max-video-preview:-1"},"canonical":"https:\/\/vert-e-s-vd.ch\/morges\/assemblee-generale-extraordinaire-2012","og_locale":"fr_FR","og_type":"article","og_title":"Assembl\u00e9e g\u00e9n\u00e9rale extraordinaire 2012 - Les Vert\u00b7e\u00b7s du district de Morges","og_url":"https:\/\/vert-e-s-vd.ch\/morges\/assemblee-generale-extraordinaire-2012","og_site_name":"Les Vert\u00b7e\u00b7s du district de Morges","article_modified_time":"2021-01-08T11:30:21+00:00","twitter_card":"summary_large_image","schema":{"@context":"https:\/\/schema.org","@graph":[{"@type":"WebPage","@id":"https:\/\/vert-e-s-vd.ch\/morges\/assemblee-generale-extraordinaire-2012","url":"https:\/\/vert-e-s-vd.ch\/morges\/assemblee-generale-extraordinaire-2012","name":"Assembl\u00e9e g\u00e9n\u00e9rale extraordinaire 2012 - Les Vert\u00b7e\u00b7s du district de Morges","isPartOf":{"@id":"https:\/\/vert-e-s-vd.ch\/morges\/#website"},"datePublished":"2020-12-20T14:59:12+00:00","dateModified":"2021-01-08T11:30:21+00:00","breadcrumb":{"@id":"https:\/\/vert-e-s-vd.ch\/morges\/assemblee-generale-extraordinaire-2012#breadcrumb"},"inLanguage":"fr-FR","potentialAction":[{"@type":"ReadAction","target":["https:\/\/vert-e-s-vd.ch\/morges\/assemblee-generale-extraordinaire-2012"]}]},{"@type":"BreadcrumbList","@id":"https:\/\/vert-e-s-vd.ch\/morges\/assemblee-generale-extraordinaire-2012#breadcrumb","itemListElement":[{"@type":"ListItem","position":1,"name":"Accueil","item":"https:\/\/vert-e-s-vd.ch\/morges\/"},{"@type":"ListItem","position":2,"name":"Assembl\u00e9e g\u00e9n\u00e9rale extraordinaire 2012"}]},{"@type":"WebSite","@id":"https:\/\/vert-e-s-vd.ch\/morges\/#website","url":"https:\/\/vert-e-s-vd.ch\/morges\/","name":"Les Vert\u00b7e\u00b7s du district de Morges","description":"Les Vert\u00b7e\u00b7s du district de Morges","potentialAction":[{"@type":"SearchAction","target":{"@type":"EntryPoint","urlTemplate":"https:\/\/vert-e-s-vd.ch\/morges\/?s={search_term_string}"},"query-input":{"@type":"PropertyValueSpecification","valueRequired":true,"valueName":"search_term_string"}}],"inLanguage":"fr-FR"}]}},"_links":{"self":[{"href":"https:\/\/vert-e-s-vd.ch\/morges\/wp-json\/wp\/v2\/pages\/71351","targetHints":{"allow":["GET"]}}],"collection":[{"href":"https:\/\/vert-e-s-vd.ch\/morges\/wp-json\/wp\/v2\/pages"}],"about":[{"href":"https:\/\/vert-e-s-vd.ch\/morges\/wp-json\/wp\/v2\/types\/page"}],"author":[{"embeddable":true,"href":"https:\/\/vert-e-s-vd.ch\/morges\/wp-json\/wp\/v2\/users\/10"}],"replies":[{"embeddable":true,"href":"https:\/\/vert-e-s-vd.ch\/morges\/wp-json\/wp\/v2\/comments?post=71351"}],"version-history":[{"count":1,"href":"https:\/\/vert-e-s-vd.ch\/morges\/wp-json\/wp\/v2\/pages\/71351\/revisions"}],"predecessor-version":[{"id":71352,"href":"https:\/\/vert-e-s-vd.ch\/morges\/wp-json\/wp\/v2\/pages\/71351\/revisions\/71352"}],"wp:attachment":[{"href":"https:\/\/vert-e-s-vd.ch\/morges\/wp-json\/wp\/v2\/media?parent=71351"}],"curies":[{"name":"wp","href":"https:\/\/api.w.org\/{rel}","templated":true}]}}

Assemblée générale extraordinaire 2012

<!-- This site is optimized with the Yoast SEO plugin v26.9 - https://yoast.com/product/yoast-seo-wordpress/ -->
<title>Assemblée générale extraordinaire 2012 - Les Vert·e·s du district de Morges</title>
<meta name="robots" content="index, follow, max-snippet:-1, max-image-preview:large, max-video-preview:-1" />
<link rel="canonical" href="https://vert-e-s-vd.ch/morges/assemblee-generale-extraordinaire-2012" />
<meta property="og:locale" content="fr_FR" />
<meta property="og:type" content="article" />
<meta property="og:title" content="Assemblée générale extraordinaire 2012 - Les Vert·e·s du district de Morges" />
<meta property="og:url" content="https://vert-e-s-vd.ch/morges/assemblee-generale-extraordinaire-2012" />
<meta property="og:site_name" content="Les Vert·e·s du district de Morges" />
<meta property="article:modified_time" content="2021-01-08T11:30:21+00:00" />
<meta name="twitter:card" content="summary_large_image" />
<script type="application/ld+json" class="yoast-schema-graph">{"@context":"https://schema.org","@graph":[{"@type":"WebPage","@id":"https://vert-e-s-vd.ch/morges/assemblee-generale-extraordinaire-2012","url":"https://vert-e-s-vd.ch/morges/assemblee-generale-extraordinaire-2012","name":"Assemblée générale extraordinaire 2012 - Les Vert·e·s du district de Morges","isPartOf":{"@id":"https://vert-e-s-vd.ch/morges/#website"},"datePublished":"2020-12-20T14:59:12+00:00","dateModified":"2021-01-08T11:30:21+00:00","breadcrumb":{"@id":"https://vert-e-s-vd.ch/morges/assemblee-generale-extraordinaire-2012#breadcrumb"},"inLanguage":"fr-FR","potentialAction":[{"@type":"ReadAction","target":["https://vert-e-s-vd.ch/morges/assemblee-generale-extraordinaire-2012"]}]},{"@type":"BreadcrumbList","@id":"https://vert-e-s-vd.ch/morges/assemblee-generale-extraordinaire-2012#breadcrumb","itemListElement":[{"@type":"ListItem","position":1,"name":"Accueil","item":"https://vert-e-s-vd.ch/morges/"},{"@type":"ListItem","position":2,"name":"Assemblée générale extraordinaire 2012"}]},{"@type":"WebSite","@id":"https://vert-e-s-vd.ch/morges/#website","url":"https://vert-e-s-vd.ch/morges/","name":"Les Vert·e·s du district de Morges","description":"Les Vert·e·s du district de Morges","potentialAction":[{"@type":"SearchAction","target":{"@type":"EntryPoint","urlTemplate":"https://vert-e-s-vd.ch/morges/?s={search_term_string}"},"query-input":{"@type":"PropertyValueSpecification","valueRequired":true,"valueName":"search_term_string"}}],"inLanguage":"fr-FR"}]}</script>
<!-- / Yoast SEO plugin. -->

Assemblée générale extraordinaire 2012 - Les Vert·e·s du district de Morges
