{"id":73698,"date":"2023-09-07T14:01:17","date_gmt":"2023-09-07T12:01:17","guid":{"rendered":"https:\/\/vert-e-s-vd.ch\/lavaux-oron\/?post_type=tribe_events&#038;p=73698"},"modified":"2023-09-07T14:01:56","modified_gmt":"2023-09-07T12:01:56","slug":"73698","status":"publish","type":"tribe_events","link":"https:\/\/vert-e-s-vd.ch\/lavaux-oron\/event\/73698","title":{"rendered":"Stand \u00e0 Pully"},"content":{"rendered":"","protected":false},"excerpt":{"rendered":"<p>Faites un tour sur le stand des Vert\u00b7e\u00b7s de Pully sur la Place Neuve (Migros) le samedi 30 septembre matin pour discuter des enjeux des prochaines \u00e9lections f\u00e9d\u00e9rales du 22 octobre.<\/p>\n","protected":false},"author":56,"featured_media":0,"template":"","meta":{"_acf_changed":false,"inline_featured_image":false,"_tribe_events_status":"","_tribe_events_status_reason":"","footnotes":""},"tags":[398,584],"tribe_events_cat":[315],"class_list":["post-73698","tribe_events","type-tribe_events","status-publish","hentry","tag-pully","tag-stand","tribe_events_cat-veranstaltungen","cat_veranstaltungen"],"acf":[],"yoast_head":"<!-- This site is optimized with the Yoast SEO plugin v26.9 - https:\/\/yoast.com\/product\/yoast-seo-wordpress\/ -->\n<title>Les VERT.E.S de Lavaux-Oron<\/title>\n<meta name=\"description\" content=\"Faites un tour sur le stand des Vert\u00b7e\u00b7s de Pully sur la Place Neuve (Migros) le samedi 30 septembre matin pour discuter des enjeux des prochaines \u00e9lections f\u00e9d\u00e9rales du 22 octobre.\" \/>\n<meta name=\"robots\" content=\"index, follow, max-snippet:-1, max-image-preview:large, max-video-preview:-1\" \/>\n<link rel=\"canonical\" href=\"https:\/\/vert-e-s-vd.ch\/lavaux-oron\/event\/73698\" \/>\n<meta property=\"og:locale\" content=\"fr_FR\" \/>\n<meta property=\"og:type\" content=\"article\" \/>\n<meta property=\"og:description\" content=\"Faites un tour sur le stand des Vert\u00b7e\u00b7s de Pully sur la Place Neuve (Migros) le samedi 30 septembre matin pour discuter des enjeux des \u2026\" \/>\n<meta property=\"og:url\" content=\"https:\/\/vert-e-s-vd.ch\/lavaux-oron\/event\/73698\" \/>\n<meta property=\"og:site_name\" content=\"Les VERT.E.S de Lavaux-Oron\" \/>\n<meta property=\"article:modified_time\" content=\"2023-09-07T12:01:56+00:00\" \/>\n<meta name=\"twitter:card\" content=\"summary_large_image\" \/>\n<script type=\"application\/ld+json\" class=\"yoast-schema-graph\">{\"@context\":\"https:\/\/schema.org\",\"@graph\":[{\"@type\":\"WebPage\",\"@id\":\"https:\/\/vert-e-s-vd.ch\/lavaux-oron\/event\/73698\",\"url\":\"https:\/\/vert-e-s-vd.ch\/lavaux-oron\/event\/73698\",\"name\":\"\",\"isPartOf\":{\"@id\":\"https:\/\/vert-e-s-vd.ch\/lavaux-oron\/#website\"},\"datePublished\":\"2023-09-07T12:01:17+00:00\",\"dateModified\":\"2023-09-07T12:01:56+00:00\",\"description\":\"Faites un tour sur le stand des Vert\u00b7e\u00b7s de Pully sur la Place Neuve (Migros) le samedi 30 septembre matin pour discuter des enjeux des prochaines \u00e9lections f\u00e9d\u00e9rales du 22 octobre.\",\"breadcrumb\":{\"@id\":\"https:\/\/vert-e-s-vd.ch\/lavaux-oron\/event\/73698#breadcrumb\"},\"inLanguage\":\"fr-FR\",\"potentialAction\":[{\"@type\":\"ReadAction\",\"target\":[\"https:\/\/vert-e-s-vd.ch\/lavaux-oron\/event\/73698\"]}]},{\"@type\":\"BreadcrumbList\",\"@id\":\"https:\/\/vert-e-s-vd.ch\/lavaux-oron\/event\/73698#breadcrumb\",\"itemListElement\":[{\"@type\":\"ListItem\",\"position\":1,\"name\":\"Accueil\",\"item\":\"https:\/\/vert-e-s-vd.ch\/lavaux-oron\/\"},{\"@type\":\"ListItem\",\"position\":2,\"name\":\"\u00c9v\u00e8nements\",\"item\":\"https:\/\/vert-e-s-vd.ch\/lavaux-oron?post_type=tribe_events\"},{\"@type\":\"ListItem\",\"position\":3,\"name\":\"Stand \u00e0 Pully\"}]},{\"@type\":\"WebSite\",\"@id\":\"https:\/\/vert-e-s-vd.ch\/lavaux-oron\/#website\",\"url\":\"https:\/\/vert-e-s-vd.ch\/lavaux-oron\/\",\"name\":\"Les VERT.E.S de Lavaux-Oron\",\"description\":\"Une longueur d&#039;avance\",\"potentialAction\":[{\"@type\":\"SearchAction\",\"target\":{\"@type\":\"EntryPoint\",\"urlTemplate\":\"https:\/\/vert-e-s-vd.ch\/lavaux-oron\/?s={search_term_string}\"},\"query-input\":{\"@type\":\"PropertyValueSpecification\",\"valueRequired\":true,\"valueName\":\"search_term_string\"}}],\"inLanguage\":\"fr-FR\"}]}<\/script>\n<!-- \/ Yoast SEO plugin. -->","yoast_head_json":{"title":"Les VERT.E.S de Lavaux-Oron","description":"Faites un tour sur le stand des Vert\u00b7e\u00b7s de Pully sur la Place Neuve (Migros) le samedi 30 septembre matin pour discuter des enjeux des prochaines \u00e9lections f\u00e9d\u00e9rales du 22 octobre.","robots":{"index":"index","follow":"follow","max-snippet":"max-snippet:-1","max-image-preview":"max-image-preview:large","max-video-preview":"max-video-preview:-1"},"canonical":"https:\/\/vert-e-s-vd.ch\/lavaux-oron\/event\/73698","og_locale":"fr_FR","og_type":"article","og_description":"Faites un tour sur le stand des Vert\u00b7e\u00b7s de Pully sur la Place Neuve (Migros) le samedi 30 septembre matin pour discuter des enjeux des \u2026","og_url":"https:\/\/vert-e-s-vd.ch\/lavaux-oron\/event\/73698","og_site_name":"Les VERT.E.S de Lavaux-Oron","article_modified_time":"2023-09-07T12:01:56+00:00","twitter_card":"summary_large_image","schema":{"@context":"https:\/\/schema.org","@graph":[{"@type":"WebPage","@id":"https:\/\/vert-e-s-vd.ch\/lavaux-oron\/event\/73698","url":"https:\/\/vert-e-s-vd.ch\/lavaux-oron\/event\/73698","name":"","isPartOf":{"@id":"https:\/\/vert-e-s-vd.ch\/lavaux-oron\/#website"},"datePublished":"2023-09-07T12:01:17+00:00","dateModified":"2023-09-07T12:01:56+00:00","description":"Faites un tour sur le stand des Vert\u00b7e\u00b7s de Pully sur la Place Neuve (Migros) le samedi 30 septembre matin pour discuter des enjeux des prochaines \u00e9lections f\u00e9d\u00e9rales du 22 octobre.","breadcrumb":{"@id":"https:\/\/vert-e-s-vd.ch\/lavaux-oron\/event\/73698#breadcrumb"},"inLanguage":"fr-FR","potentialAction":[{"@type":"ReadAction","target":["https:\/\/vert-e-s-vd.ch\/lavaux-oron\/event\/73698"]}]},{"@type":"BreadcrumbList","@id":"https:\/\/vert-e-s-vd.ch\/lavaux-oron\/event\/73698#breadcrumb","itemListElement":[{"@type":"ListItem","position":1,"name":"Accueil","item":"https:\/\/vert-e-s-vd.ch\/lavaux-oron\/"},{"@type":"ListItem","position":2,"name":"\u00c9v\u00e8nements","item":"https:\/\/vert-e-s-vd.ch\/lavaux-oron?post_type=tribe_events"},{"@type":"ListItem","position":3,"name":"Stand \u00e0 Pully"}]},{"@type":"WebSite","@id":"https:\/\/vert-e-s-vd.ch\/lavaux-oron\/#website","url":"https:\/\/vert-e-s-vd.ch\/lavaux-oron\/","name":"Les VERT.E.S de Lavaux-Oron","description":"Une longueur d&#039;avance","potentialAction":[{"@type":"SearchAction","target":{"@type":"EntryPoint","urlTemplate":"https:\/\/vert-e-s-vd.ch\/lavaux-oron\/?s={search_term_string}"},"query-input":{"@type":"PropertyValueSpecification","valueRequired":true,"valueName":"search_term_string"}}],"inLanguage":"fr-FR"}]}},"_links":{"self":[{"href":"https:\/\/vert-e-s-vd.ch\/lavaux-oron\/wp-json\/wp\/v2\/tribe_events\/73698","targetHints":{"allow":["GET"]}}],"collection":[{"href":"https:\/\/vert-e-s-vd.ch\/lavaux-oron\/wp-json\/wp\/v2\/tribe_events"}],"about":[{"href":"https:\/\/vert-e-s-vd.ch\/lavaux-oron\/wp-json\/wp\/v2\/types\/tribe_events"}],"author":[{"embeddable":true,"href":"https:\/\/vert-e-s-vd.ch\/lavaux-oron\/wp-json\/wp\/v2\/users\/56"}],"version-history":[{"count":2,"href":"https:\/\/vert-e-s-vd.ch\/lavaux-oron\/wp-json\/wp\/v2\/tribe_events\/73698\/revisions"}],"predecessor-version":[{"id":73701,"href":"https:\/\/vert-e-s-vd.ch\/lavaux-oron\/wp-json\/wp\/v2\/tribe_events\/73698\/revisions\/73701"}],"wp:attachment":[{"href":"https:\/\/vert-e-s-vd.ch\/lavaux-oron\/wp-json\/wp\/v2\/media?parent=73698"}],"wp:term":[{"taxonomy":"post_tag","embeddable":true,"href":"https:\/\/vert-e-s-vd.ch\/lavaux-oron\/wp-json\/wp\/v2\/tags?post=73698"},{"taxonomy":"tribe_events_cat","embeddable":true,"href":"https:\/\/vert-e-s-vd.ch\/lavaux-oron\/wp-json\/wp\/v2\/tribe_events_cat?post=73698"}],"curies":[{"name":"wp","href":"https:\/\/api.w.org\/{rel}","templated":true}]}}

Stand à Pully

<p>Faites un tour sur le stand des Vert·e·s de Pully sur la Place Neuve (Migros) le samedi 30 septembre matin pour discuter des enjeux des prochaines élections fédérales du 22 octobre.</p>

<!-- This site is optimized with the Yoast SEO plugin v26.9 - https://yoast.com/product/yoast-seo-wordpress/ -->
<title>Les VERT.E.S de Lavaux-Oron</title>
<meta name="description" content="Faites un tour sur le stand des Vert·e·s de Pully sur la Place Neuve (Migros) le samedi 30 septembre matin pour discuter des enjeux des prochaines élections fédérales du 22 octobre." />
<meta name="robots" content="index, follow, max-snippet:-1, max-image-preview:large, max-video-preview:-1" />
<link rel="canonical" href="https://vert-e-s-vd.ch/lavaux-oron/event/73698" />
<meta property="og:locale" content="fr_FR" />
<meta property="og:type" content="article" />
<meta property="og:description" content="Faites un tour sur le stand des Vert·e·s de Pully sur la Place Neuve (Migros) le samedi 30 septembre matin pour discuter des enjeux des …" />
<meta property="og:url" content="https://vert-e-s-vd.ch/lavaux-oron/event/73698" />
<meta property="og:site_name" content="Les VERT.E.S de Lavaux-Oron" />
<meta property="article:modified_time" content="2023-09-07T12:01:56+00:00" />
<meta name="twitter:card" content="summary_large_image" />
<script type="application/ld+json" class="yoast-schema-graph">{"@context":"https://schema.org","@graph":[{"@type":"WebPage","@id":"https://vert-e-s-vd.ch/lavaux-oron/event/73698","url":"https://vert-e-s-vd.ch/lavaux-oron/event/73698","name":"","isPartOf":{"@id":"https://vert-e-s-vd.ch/lavaux-oron/#website"},"datePublished":"2023-09-07T12:01:17+00:00","dateModified":"2023-09-07T12:01:56+00:00","description":"Faites un tour sur le stand des Vert·e·s de Pully sur la Place Neuve (Migros) le samedi 30 septembre matin pour discuter des enjeux des prochaines élections fédérales du 22 octobre.","breadcrumb":{"@id":"https://vert-e-s-vd.ch/lavaux-oron/event/73698#breadcrumb"},"inLanguage":"fr-FR","potentialAction":[{"@type":"ReadAction","target":["https://vert-e-s-vd.ch/lavaux-oron/event/73698"]}]},{"@type":"BreadcrumbList","@id":"https://vert-e-s-vd.ch/lavaux-oron/event/73698#breadcrumb","itemListElement":[{"@type":"ListItem","position":1,"name":"Accueil","item":"https://vert-e-s-vd.ch/lavaux-oron/"},{"@type":"ListItem","position":2,"name":"Évènements","item":"https://vert-e-s-vd.ch/lavaux-oron?post_type=tribe_events"},{"@type":"ListItem","position":3,"name":"Stand à Pully"}]},{"@type":"WebSite","@id":"https://vert-e-s-vd.ch/lavaux-oron/#website","url":"https://vert-e-s-vd.ch/lavaux-oron/","name":"Les VERT.E.S de Lavaux-Oron","description":"Une longueur d&#039;avance","potentialAction":[{"@type":"SearchAction","target":{"@type":"EntryPoint","urlTemplate":"https://vert-e-s-vd.ch/lavaux-oron/?s={search_term_string}"},"query-input":{"@type":"PropertyValueSpecification","valueRequired":true,"valueName":"search_term_string"}}],"inLanguage":"fr-FR"}]}</script>
<!-- / Yoast SEO plugin. -->

Faites un tour sur le stand des Vert·e·s de Pully sur la Place Neuve (Migros) le samedi 30 septembre matin pour discuter des enjeux des prochaines élections fédérales du 22 octobre.

Évènements
