{"id":73154,"date":"2022-02-14T11:30:17","date_gmt":"2022-02-14T10:30:17","guid":{"rendered":"https:\/\/vert-e-s-vd.ch\/lavaux-oron\/?post_type=tribe_events&#038;p=73154"},"modified":"2022-02-16T15:43:15","modified_gmt":"2022-02-16T14:43:15","slug":"lavaux-vignoble-vivant","status":"publish","type":"tribe_events","link":"https:\/\/vert-e-s-vd.ch\/lavaux-oron\/event\/lavaux-vignoble-vivant","title":{"rendered":"A la d\u00e9couverte de Lavaux, un vignoble vivant"},"content":{"rendered":"","protected":false},"excerpt":{"rendered":"<h4 style=\"text-align: center;\"><b>Les Vert\u00b7e\u00b7s de Lavaux-Oron vous invitent \u00e0 une balade dans le&nbsp;<\/b><b>vignoble de Lavaux<\/b><\/h4>\n<h4 style=\"text-align: center;\"><b>D\u00e9couvrez une viticulture vivante&nbsp;<\/b><b>sur le domaine en biodynamie de Pierre Fonjallaz<\/b><\/h4>\n<ul>\n<li>Avec la pr\u00e9sence Vassilis Venizelos, candidat au&nbsp;Conseil d&rsquo;Etat<\/li>\n<li><span style=\"font-size: 1rem; letter-spacing: 0.015625em;\">Une pr\u00e9sentation de Pierre Fonjallaz, d\u00e9put\u00e9 sortant,<\/span>&nbsp;<span style=\"font-size: 1rem; letter-spacing: 0.015625em;\">sur les th\u00e8mes du sol vivant et des pratiques favorisant<\/span>&nbsp;<span style=\"font-size: 1rem; letter-spacing: 0.015625em;\">la biodiversit\u00e9<\/span><\/li>\n<li><span style=\"font-size: 1rem; letter-spacing: 0.015625em;\">Des explications par Andr\u00e9as W\u00fcthrich, d\u00e9put\u00e9<\/span>&nbsp;<span style=\"font-size: 1rem; letter-spacing: 0.015625em;\">sortant, sur l&rsquo;agriculture biodynamique<\/span><\/li>\n<li><span style=\"font-size: 1rem; letter-spacing: 0.015625em;\">Une rencontre et un \u00e9change avec les candidat\u00b7e\u00b7s<\/span>&nbsp;<span style=\"font-size: 1rem; letter-spacing: 0.015625em;\">Vert\u00b7e\u00b7s au Grand Conseil<\/span><\/li>\n<li>Un ap\u00e9ritif vous sera servi dans ce cadre exceptionnel<\/li>\n<\/ul>\n<h4 style=\"text-align: center;\">Balades accompagn\u00e9es de 3 km environ&nbsp;<b>au d\u00e9part de la gare de Cully \u00e0 13h20 et 13h45<\/b>.<\/h4>\n<h4 style=\"text-align: center;\"><b>Inscription pr\u00e9alable : <a href=\"mailto:lavaux-oron@vert-e-s-vd.ch\">lavaux-oron@vert-e-s-vd.ch<\/a><\/b><\/h4>\n<p style=\"text-align: center;\">(Places limit\u00e9es, annulation en cas de fortes pluies).<\/p>\n","protected":false},"author":56,"featured_media":0,"template":"","meta":{"_acf_changed":false,"inline_featured_image":false,"_tribe_events_status":"","_tribe_events_status_reason":"","footnotes":""},"tags":[426,493,494,495,422],"tribe_events_cat":[],"class_list":["post-73154","tribe_events","type-tribe_events","status-publish","hentry","tag-agriculture-durable","tag-biodynamie","tag-elections-cantonales-2022","tag-vassilis-venizelos","tag-vin-bio"],"acf":[],"yoast_head":"<!-- This site is optimized with the Yoast SEO plugin v26.9 - https:\/\/yoast.com\/product\/yoast-seo-wordpress\/ -->\n<title>Les VERT.E.S de Lavaux-Oron<\/title>\n<meta name=\"description\" content=\"Les Vert\u00b7e\u00b7s de Lavaux-Oron vous invitent \u00e0 une balade dans le&nbsp;vignoble de Lavaux D\u00e9couvrez une viticulture vivante&nbsp;sur le domaine en biodynamie de Pierre Fonjallaz  Avec la pr\u00e9sence Vassilis Venizelos, candidat au&nbsp;Conseil d&rsquo;Etat Une pr\u00e9sentation de Pierre Fonjallaz, d\u00e9put\u00e9 sortant,&nbsp;sur les th\u00e8mes du sol vivant et des pratiques favorisant&nbsp;la biodiversit\u00e9 Des explications par Andr\u00e9as W\u00fcthrich, d\u00e9put\u00e9&nbsp;sortant, sur l&rsquo;agriculture biodynamique Une rencontre et un \u00e9change avec les candidat\u00b7e\u00b7s&nbsp;Vert\u00b7e\u00b7s au Grand Conseil Un ap\u00e9ritif vous sera servi dans ce cadre exceptionnel  Balades accompagn\u00e9es de 3 km environ&nbsp;au d\u00e9part de la gare de Cully \u00e0 13h20 et 13h45. Inscription pr\u00e9alable : lavaux-oron@vert-e-s-vd.ch (Places limit\u00e9es, annulation en cas de fortes pluies).\" \/>\n<meta name=\"robots\" content=\"index, follow, max-snippet:-1, max-image-preview:large, max-video-preview:-1\" \/>\n<link rel=\"canonical\" href=\"https:\/\/vert-e-s-vd.ch\/lavaux-oron\/event\/lavaux-vignoble-vivant\" \/>\n<meta property=\"og:locale\" content=\"fr_FR\" \/>\n<meta property=\"og:type\" content=\"article\" \/>\n<meta property=\"og:description\" content=\"Les Vert\u00b7e\u00b7s de Lavaux-Oron vous invitent \u00e0 une balade dans le&nbsp;vignoble de Lavaux D\u00e9couvrez une viticulture vivante&nbsp;sur le \u2026\" \/>\n<meta property=\"og:url\" content=\"https:\/\/vert-e-s-vd.ch\/lavaux-oron\/event\/lavaux-vignoble-vivant\" \/>\n<meta property=\"og:site_name\" content=\"Les VERT.E.S de Lavaux-Oron\" \/>\n<meta property=\"article:modified_time\" content=\"2022-02-16T14:43:15+00:00\" \/>\n<meta name=\"twitter:card\" content=\"summary_large_image\" \/>\n<script type=\"application\/ld+json\" class=\"yoast-schema-graph\">{\"@context\":\"https:\/\/schema.org\",\"@graph\":[{\"@type\":\"WebPage\",\"@id\":\"https:\/\/vert-e-s-vd.ch\/lavaux-oron\/event\/lavaux-vignoble-vivant\",\"url\":\"https:\/\/vert-e-s-vd.ch\/lavaux-oron\/event\/lavaux-vignoble-vivant\",\"name\":\"\",\"isPartOf\":{\"@id\":\"https:\/\/vert-e-s-vd.ch\/lavaux-oron\/#website\"},\"datePublished\":\"2022-02-14T10:30:17+00:00\",\"dateModified\":\"2022-02-16T14:43:15+00:00\",\"description\":\"Les Vert\u00b7e\u00b7s de Lavaux-Oron vous invitent \u00e0 une balade dans le&nbsp;vignoble de Lavaux D\u00e9couvrez une viticulture vivante&nbsp;sur le domaine en biodynamie de Pierre Fonjallaz \u2022 Avec la pr\u00e9sence Vassilis Venizelos, candidat au&nbsp;Conseil d&rsquo;Etat \u2022 Une pr\u00e9sentation de Pierre Fonjallaz, d\u00e9put\u00e9 sortant,&nbsp;sur les th\u00e8mes du sol vivant et des pratiques favorisant&nbsp;la biodiversit\u00e9 \u2022 Des explications par Andr\u00e9as W\u00fcthrich, d\u00e9put\u00e9&nbsp;sortant, sur l&rsquo;agriculture biodynamique \u2022 Une rencontre et un \u00e9change avec les candidat\u00b7e\u00b7s&nbsp;Vert\u00b7e\u00b7s au Grand Conseil \u2022 Un ap\u00e9ritif vous sera servi dans ce cadre exceptionnel Balades accompagn\u00e9es de 3 km environ&nbsp;au d\u00e9part de la gare de Cully \u00e0 13h20 et 13h45. Inscription pr\u00e9alable : lavaux-oron@vert-e-s-vd.ch (Places limit\u00e9es, annulation en cas de fortes pluies).\",\"breadcrumb\":{\"@id\":\"https:\/\/vert-e-s-vd.ch\/lavaux-oron\/event\/lavaux-vignoble-vivant#breadcrumb\"},\"inLanguage\":\"fr-FR\",\"potentialAction\":[{\"@type\":\"ReadAction\",\"target\":[\"https:\/\/vert-e-s-vd.ch\/lavaux-oron\/event\/lavaux-vignoble-vivant\"]}]},{\"@type\":\"BreadcrumbList\",\"@id\":\"https:\/\/vert-e-s-vd.ch\/lavaux-oron\/event\/lavaux-vignoble-vivant#breadcrumb\",\"itemListElement\":[{\"@type\":\"ListItem\",\"position\":1,\"name\":\"Accueil\",\"item\":\"https:\/\/vert-e-s-vd.ch\/lavaux-oron\/\"},{\"@type\":\"ListItem\",\"position\":2,\"name\":\"\u00c9v\u00e8nements\",\"item\":\"https:\/\/vert-e-s-vd.ch\/lavaux-oron?post_type=tribe_events\"},{\"@type\":\"ListItem\",\"position\":3,\"name\":\"A la d\u00e9couverte de Lavaux, un vignoble vivant\"}]},{\"@type\":\"WebSite\",\"@id\":\"https:\/\/vert-e-s-vd.ch\/lavaux-oron\/#website\",\"url\":\"https:\/\/vert-e-s-vd.ch\/lavaux-oron\/\",\"name\":\"Les VERT.E.S de Lavaux-Oron\",\"description\":\"Une longueur d&#039;avance\",\"potentialAction\":[{\"@type\":\"SearchAction\",\"target\":{\"@type\":\"EntryPoint\",\"urlTemplate\":\"https:\/\/vert-e-s-vd.ch\/lavaux-oron\/?s={search_term_string}\"},\"query-input\":{\"@type\":\"PropertyValueSpecification\",\"valueRequired\":true,\"valueName\":\"search_term_string\"}}],\"inLanguage\":\"fr-FR\"}]}<\/script>\n<!-- \/ Yoast SEO plugin. -->","yoast_head_json":{"title":"Les VERT.E.S de Lavaux-Oron","description":"Les Vert\u00b7e\u00b7s de Lavaux-Oron vous invitent \u00e0 une balade dans le&nbsp;vignoble de Lavaux D\u00e9couvrez une viticulture vivante&nbsp;sur le domaine en biodynamie de Pierre Fonjallaz  Avec la pr\u00e9sence Vassilis Venizelos, candidat au&nbsp;Conseil d&rsquo;Etat Une pr\u00e9sentation de Pierre Fonjallaz, d\u00e9put\u00e9 sortant,&nbsp;sur les th\u00e8mes du sol vivant et des pratiques favorisant&nbsp;la biodiversit\u00e9 Des explications par Andr\u00e9as W\u00fcthrich, d\u00e9put\u00e9&nbsp;sortant, sur l&rsquo;agriculture biodynamique Une rencontre et un \u00e9change avec les candidat\u00b7e\u00b7s&nbsp;Vert\u00b7e\u00b7s au Grand Conseil Un ap\u00e9ritif vous sera servi dans ce cadre exceptionnel  Balades accompagn\u00e9es de 3 km environ&nbsp;au d\u00e9part de la gare de Cully \u00e0 13h20 et 13h45. Inscription pr\u00e9alable : lavaux-oron@vert-e-s-vd.ch (Places limit\u00e9es, annulation en cas de fortes pluies).","robots":{"index":"index","follow":"follow","max-snippet":"max-snippet:-1","max-image-preview":"max-image-preview:large","max-video-preview":"max-video-preview:-1"},"canonical":"https:\/\/vert-e-s-vd.ch\/lavaux-oron\/event\/lavaux-vignoble-vivant","og_locale":"fr_FR","og_type":"article","og_description":"Les Vert\u00b7e\u00b7s de Lavaux-Oron vous invitent \u00e0 une balade dans le&nbsp;vignoble de Lavaux D\u00e9couvrez une viticulture vivante&nbsp;sur le \u2026","og_url":"https:\/\/vert-e-s-vd.ch\/lavaux-oron\/event\/lavaux-vignoble-vivant","og_site_name":"Les VERT.E.S de Lavaux-Oron","article_modified_time":"2022-02-16T14:43:15+00:00","twitter_card":"summary_large_image","schema":{"@context":"https:\/\/schema.org","@graph":[{"@type":"WebPage","@id":"https:\/\/vert-e-s-vd.ch\/lavaux-oron\/event\/lavaux-vignoble-vivant","url":"https:\/\/vert-e-s-vd.ch\/lavaux-oron\/event\/lavaux-vignoble-vivant","name":"","isPartOf":{"@id":"https:\/\/vert-e-s-vd.ch\/lavaux-oron\/#website"},"datePublished":"2022-02-14T10:30:17+00:00","dateModified":"2022-02-16T14:43:15+00:00","description":"Les Vert\u00b7e\u00b7s de Lavaux-Oron vous invitent \u00e0 une balade dans le&nbsp;vignoble de Lavaux D\u00e9couvrez une viticulture vivante&nbsp;sur le domaine en biodynamie de Pierre Fonjallaz \u2022 Avec la pr\u00e9sence Vassilis Venizelos, candidat au&nbsp;Conseil d&rsquo;Etat \u2022 Une pr\u00e9sentation de Pierre Fonjallaz, d\u00e9put\u00e9 sortant,&nbsp;sur les th\u00e8mes du sol vivant et des pratiques favorisant&nbsp;la biodiversit\u00e9 \u2022 Des explications par Andr\u00e9as W\u00fcthrich, d\u00e9put\u00e9&nbsp;sortant, sur l&rsquo;agriculture biodynamique \u2022 Une rencontre et un \u00e9change avec les candidat\u00b7e\u00b7s&nbsp;Vert\u00b7e\u00b7s au Grand Conseil \u2022 Un ap\u00e9ritif vous sera servi dans ce cadre exceptionnel Balades accompagn\u00e9es de 3 km environ&nbsp;au d\u00e9part de la gare de Cully \u00e0 13h20 et 13h45. Inscription pr\u00e9alable : lavaux-oron@vert-e-s-vd.ch (Places limit\u00e9es, annulation en cas de fortes pluies).","breadcrumb":{"@id":"https:\/\/vert-e-s-vd.ch\/lavaux-oron\/event\/lavaux-vignoble-vivant#breadcrumb"},"inLanguage":"fr-FR","potentialAction":[{"@type":"ReadAction","target":["https:\/\/vert-e-s-vd.ch\/lavaux-oron\/event\/lavaux-vignoble-vivant"]}]},{"@type":"BreadcrumbList","@id":"https:\/\/vert-e-s-vd.ch\/lavaux-oron\/event\/lavaux-vignoble-vivant#breadcrumb","itemListElement":[{"@type":"ListItem","position":1,"name":"Accueil","item":"https:\/\/vert-e-s-vd.ch\/lavaux-oron\/"},{"@type":"ListItem","position":2,"name":"\u00c9v\u00e8nements","item":"https:\/\/vert-e-s-vd.ch\/lavaux-oron?post_type=tribe_events"},{"@type":"ListItem","position":3,"name":"A la d\u00e9couverte de Lavaux, un vignoble vivant"}]},{"@type":"WebSite","@id":"https:\/\/vert-e-s-vd.ch\/lavaux-oron\/#website","url":"https:\/\/vert-e-s-vd.ch\/lavaux-oron\/","name":"Les VERT.E.S de Lavaux-Oron","description":"Une longueur d&#039;avance","potentialAction":[{"@type":"SearchAction","target":{"@type":"EntryPoint","urlTemplate":"https:\/\/vert-e-s-vd.ch\/lavaux-oron\/?s={search_term_string}"},"query-input":{"@type":"PropertyValueSpecification","valueRequired":true,"valueName":"search_term_string"}}],"inLanguage":"fr-FR"}]}},"_links":{"self":[{"href":"https:\/\/vert-e-s-vd.ch\/lavaux-oron\/wp-json\/wp\/v2\/tribe_events\/73154","targetHints":{"allow":["GET"]}}],"collection":[{"href":"https:\/\/vert-e-s-vd.ch\/lavaux-oron\/wp-json\/wp\/v2\/tribe_events"}],"about":[{"href":"https:\/\/vert-e-s-vd.ch\/lavaux-oron\/wp-json\/wp\/v2\/types\/tribe_events"}],"author":[{"embeddable":true,"href":"https:\/\/vert-e-s-vd.ch\/lavaux-oron\/wp-json\/wp\/v2\/users\/56"}],"version-history":[{"count":3,"href":"https:\/\/vert-e-s-vd.ch\/lavaux-oron\/wp-json\/wp\/v2\/tribe_events\/73154\/revisions"}],"predecessor-version":[{"id":73180,"href":"https:\/\/vert-e-s-vd.ch\/lavaux-oron\/wp-json\/wp\/v2\/tribe_events\/73154\/revisions\/73180"}],"wp:attachment":[{"href":"https:\/\/vert-e-s-vd.ch\/lavaux-oron\/wp-json\/wp\/v2\/media?parent=73154"}],"wp:term":[{"taxonomy":"post_tag","embeddable":true,"href":"https:\/\/vert-e-s-vd.ch\/lavaux-oron\/wp-json\/wp\/v2\/tags?post=73154"},{"taxonomy":"tribe_events_cat","embeddable":true,"href":"https:\/\/vert-e-s-vd.ch\/lavaux-oron\/wp-json\/wp\/v2\/tribe_events_cat?post=73154"}],"curies":[{"name":"wp","href":"https:\/\/api.w.org\/{rel}","templated":true}]}}

A la découverte de Lavaux, un vignoble vivant

<h4 style="text-align: center;"><b>Les Vert·e·s de Lavaux-Oron vous invitent à une balade dans le&nbsp;</b><b>vignoble de Lavaux</b></h4>
<h4 style="text-align: center;"><b>Découvrez une viticulture vivante&nbsp;</b><b>sur le domaine en biodynamie de Pierre Fonjallaz</b></h4>
<ul>
<li>Avec la présence Vassilis Venizelos, candidat au&nbsp;Conseil d&rsquo;Etat</li>
<li><span style="font-size: 1rem; letter-spacing: 0.015625em;">Une présentation de Pierre Fonjallaz, député sortant,</span>&nbsp;<span style="font-size: 1rem; letter-spacing: 0.015625em;">sur les thèmes du sol vivant et des pratiques favorisant</span>&nbsp;<span style="font-size: 1rem; letter-spacing: 0.015625em;">la biodiversité</span></li>
<li><span style="font-size: 1rem; letter-spacing: 0.015625em;">Des explications par Andréas Wüthrich, député</span>&nbsp;<span style="font-size: 1rem; letter-spacing: 0.015625em;">sortant, sur l&rsquo;agriculture biodynamique</span></li>
<li><span style="font-size: 1rem; letter-spacing: 0.015625em;">Une rencontre et un échange avec les candidat·e·s</span>&nbsp;<span style="font-size: 1rem; letter-spacing: 0.015625em;">Vert·e·s au Grand Conseil</span></li>
<li>Un apéritif vous sera servi dans ce cadre exceptionnel</li>
</ul>
<h4 style="text-align: center;">Balades accompagnées de 3 km environ&nbsp;<b>au départ de la gare de Cully à 13h20 et 13h45</b>.</h4>
<h4 style="text-align: center;"><b>Inscription préalable : <a href="mailto:lavaux-oron@vert-e-s-vd.ch">lavaux-oron@vert-e-s-vd.ch</a></b></h4>
<p style="text-align: center;">(Places limitées, annulation en cas de fortes pluies).</p>

<!-- This site is optimized with the Yoast SEO plugin v26.9 - https://yoast.com/product/yoast-seo-wordpress/ -->
<title>Les VERT.E.S de Lavaux-Oron</title>
<meta name="description" content="Les Vert·e·s de Lavaux-Oron vous invitent à une balade dans le&nbsp;vignoble de Lavaux Découvrez une viticulture vivante&nbsp;sur le domaine en biodynamie de Pierre Fonjallaz  Avec la présence Vassilis Venizelos, candidat au&nbsp;Conseil d&rsquo;Etat Une présentation de Pierre Fonjallaz, député sortant,&nbsp;sur les thèmes du sol vivant et des pratiques favorisant&nbsp;la biodiversité Des explications par Andréas Wüthrich, député&nbsp;sortant, sur l&rsquo;agriculture biodynamique Une rencontre et un échange avec les candidat·e·s&nbsp;Vert·e·s au Grand Conseil Un apéritif vous sera servi dans ce cadre exceptionnel  Balades accompagnées de 3 km environ&nbsp;au départ de la gare de Cully à 13h20 et 13h45. Inscription préalable : lavaux-oron@vert-e-s-vd.ch (Places limitées, annulation en cas de fortes pluies)." />
<meta name="robots" content="index, follow, max-snippet:-1, max-image-preview:large, max-video-preview:-1" />
<link rel="canonical" href="https://vert-e-s-vd.ch/lavaux-oron/event/lavaux-vignoble-vivant" />
<meta property="og:locale" content="fr_FR" />
<meta property="og:type" content="article" />
<meta property="og:description" content="Les Vert·e·s de Lavaux-Oron vous invitent à une balade dans le&nbsp;vignoble de Lavaux Découvrez une viticulture vivante&nbsp;sur le …" />
<meta property="og:url" content="https://vert-e-s-vd.ch/lavaux-oron/event/lavaux-vignoble-vivant" />
<meta property="og:site_name" content="Les VERT.E.S de Lavaux-Oron" />
<meta property="article:modified_time" content="2022-02-16T14:43:15+00:00" />
<meta name="twitter:card" content="summary_large_image" />
<script type="application/ld+json" class="yoast-schema-graph">{"@context":"https://schema.org","@graph":[{"@type":"WebPage","@id":"https://vert-e-s-vd.ch/lavaux-oron/event/lavaux-vignoble-vivant","url":"https://vert-e-s-vd.ch/lavaux-oron/event/lavaux-vignoble-vivant","name":"","isPartOf":{"@id":"https://vert-e-s-vd.ch/lavaux-oron/#website"},"datePublished":"2022-02-14T10:30:17+00:00","dateModified":"2022-02-16T14:43:15+00:00","description":"Les Vert·e·s de Lavaux-Oron vous invitent à une balade dans le&nbsp;vignoble de Lavaux Découvrez une viticulture vivante&nbsp;sur le domaine en biodynamie de Pierre Fonjallaz • Avec la présence Vassilis Venizelos, candidat au&nbsp;Conseil d&rsquo;Etat • Une présentation de Pierre Fonjallaz, député sortant,&nbsp;sur les thèmes du sol vivant et des pratiques favorisant&nbsp;la biodiversité • Des explications par Andréas Wüthrich, député&nbsp;sortant, sur l&rsquo;agriculture biodynamique • Une rencontre et un échange avec les candidat·e·s&nbsp;Vert·e·s au Grand Conseil • Un apéritif vous sera servi dans ce cadre exceptionnel Balades accompagnées de 3 km environ&nbsp;au départ de la gare de Cully à 13h20 et 13h45. Inscription préalable : lavaux-oron@vert-e-s-vd.ch (Places limitées, annulation en cas de fortes pluies).","breadcrumb":{"@id":"https://vert-e-s-vd.ch/lavaux-oron/event/lavaux-vignoble-vivant#breadcrumb"},"inLanguage":"fr-FR","potentialAction":[{"@type":"ReadAction","target":["https://vert-e-s-vd.ch/lavaux-oron/event/lavaux-vignoble-vivant"]}]},{"@type":"BreadcrumbList","@id":"https://vert-e-s-vd.ch/lavaux-oron/event/lavaux-vignoble-vivant#breadcrumb","itemListElement":[{"@type":"ListItem","position":1,"name":"Accueil","item":"https://vert-e-s-vd.ch/lavaux-oron/"},{"@type":"ListItem","position":2,"name":"Évènements","item":"https://vert-e-s-vd.ch/lavaux-oron?post_type=tribe_events"},{"@type":"ListItem","position":3,"name":"A la découverte de Lavaux, un vignoble vivant"}]},{"@type":"WebSite","@id":"https://vert-e-s-vd.ch/lavaux-oron/#website","url":"https://vert-e-s-vd.ch/lavaux-oron/","name":"Les VERT.E.S de Lavaux-Oron","description":"Une longueur d&#039;avance","potentialAction":[{"@type":"SearchAction","target":{"@type":"EntryPoint","urlTemplate":"https://vert-e-s-vd.ch/lavaux-oron/?s={search_term_string}"},"query-input":{"@type":"PropertyValueSpecification","valueRequired":true,"valueName":"search_term_string"}}],"inLanguage":"fr-FR"}]}</script>
<!-- / Yoast SEO plugin. -->

Les Vert·e·s de Lavaux-Oron vous invitent à une balade dans le&nbsp;vignoble de Lavaux Découvrez une viticulture vivante&nbsp;sur le domaine en biodynamie de Pierre Fonjallaz  Avec la présence Vassilis Venizelos, candidat au&nbsp;Conseil d&rsquo;Etat Une présentation de Pierre Fonjallaz, député sortant,&nbsp;sur les thèmes du sol vivant et des pratiques favorisant&nbsp;la biodiversité Des explications par Andréas Wüthrich, député&nbsp;sortant, sur l&rsquo;agriculture biodynamique Une rencontre et un échange avec les candidat·e·s&nbsp;Vert·e·s au Grand Conseil Un apéritif vous sera servi dans ce cadre exceptionnel  Balades accompagnées de 3 km environ&nbsp;au départ de la gare de Cully à 13h20 et 13h45. Inscription préalable : lavaux-oron@vert-e-s-vd.ch (Places limitées, annulation en cas de fortes pluies).

Les Vert·e·s de Lavaux-Oron vous invitent à une balade dans le&nbsp;vignoble de Lavaux Découvrez une viticulture vivante&nbsp;sur le …

Les Vert·e·s de Lavaux-Oron vous invitent à une balade dans le&nbsp;vignoble de Lavaux Découvrez une viticulture vivante&nbsp;sur le domaine en biodynamie de Pierre Fonjallaz • Avec la présence Vassilis Venizelos, candidat au&nbsp;Conseil d&rsquo;Etat • Une présentation de Pierre Fonjallaz, député sortant,&nbsp;sur les thèmes du sol vivant et des pratiques favorisant&nbsp;la biodiversité • Des explications par Andréas Wüthrich, député&nbsp;sortant, sur l&rsquo;agriculture biodynamique • Une rencontre et un échange avec les candidat·e·s&nbsp;Vert·e·s au Grand Conseil • Un apéritif vous sera servi dans ce cadre exceptionnel Balades accompagnées de 3 km environ&nbsp;au départ de la gare de Cully à 13h20 et 13h45. Inscription préalable : lavaux-oron@vert-e-s-vd.ch (Places limitées, annulation en cas de fortes pluies).

Évènements
