{"id":72714,"date":"2021-02-14T09:40:21","date_gmt":"2021-02-14T08:40:21","guid":{"rendered":"https:\/\/vert-e-s-vd.ch\/lavaux-oron\/?post_type=tribe_events&#038;p=72714"},"modified":"2021-02-20T11:24:23","modified_gmt":"2021-02-20T10:24:23","slug":"72714","status":"publish","type":"tribe_events","link":"https:\/\/vert-e-s-vd.ch\/lavaux-oron\/event\/72714","title":{"rendered":"Retrouvez les Vert\u2219e\u2219s de Savigny sur nos stands en f\u00e9vrier, prochain:"},"content":{"rendered":"","protected":false},"excerpt":{"rendered":"<h4>Retrouver nos candidat.e.s le:<\/h4>\n<p>Samedi 13 f\u00e9vrier&nbsp;de 10h30 \u00e0 11h30&nbsp;devant la coop de Savigny<\/p>\n<p>Jeudi 18 f\u00e9vrier de 17h15 \u00e0 18h30 devant l&rsquo;ancien coll\u00e8ge (sortie des accueils petite enfance + judo)<\/p>\n<p>Samedi 20 f\u00e9vrier de 10h30 \u00e0 11h30&nbsp;devant la coop<\/p>\n<p>Vendredi 26 f\u00e9vrier de 17h00 \u00e0 18h15&nbsp;devant la Coop<\/p>\n<p>Contact&nbsp;: <a href=\"mailto:savigny@vert-e-s-vd.ch\">savigny@vert-e-s-vd.ch<\/a><\/p>\n","protected":false},"author":14,"featured_media":0,"template":"","meta":{"_acf_changed":false,"inline_featured_image":false,"_tribe_events_status":"","_tribe_events_status_reason":"","footnotes":""},"tags":[],"tribe_events_cat":[],"class_list":["post-72714","tribe_events","type-tribe_events","status-publish","hentry"],"acf":[],"yoast_head":"<!-- This site is optimized with the Yoast SEO plugin v26.9 - https:\/\/yoast.com\/product\/yoast-seo-wordpress\/ -->\n<title>Les VERT.E.S de Lavaux-Oron<\/title>\n<meta name=\"description\" content=\"Retrouver nos candidat.e.s le: Samedi 13 f\u00e9vrier&nbsp;de 10h30 \u00e0 11h30&nbsp;devant la coop de Savigny Jeudi 18 f\u00e9vrier de 17h15 \u00e0 18h30 devant l&rsquo;ancien coll\u00e8ge (sortie des accueils petite enfance + judo) Samedi 20 f\u00e9vrier de 10h30 \u00e0 11h30&nbsp;devant la coop Vendredi 26 f\u00e9vrier de 17h00 \u00e0 18h15&nbsp;devant la Coop Contact&nbsp;: savigny@vert-e-s-vd.ch\" \/>\n<meta name=\"robots\" content=\"index, follow, max-snippet:-1, max-image-preview:large, max-video-preview:-1\" \/>\n<link rel=\"canonical\" href=\"https:\/\/vert-e-s-vd.ch\/lavaux-oron\/event\/72714\" \/>\n<meta property=\"og:locale\" content=\"fr_FR\" \/>\n<meta property=\"og:type\" content=\"article\" \/>\n<meta property=\"og:description\" content=\"Retrouver nos candidat.e.s le: Samedi 13 f\u00e9vrier&nbsp;de 10h30 \u00e0 11h30&nbsp;devant la coop de Savigny Jeudi 18 f\u00e9vrier de 17h15 \u00e0 18h30 \u2026\" \/>\n<meta property=\"og:url\" content=\"https:\/\/vert-e-s-vd.ch\/lavaux-oron\/event\/72714\" \/>\n<meta property=\"og:site_name\" content=\"Les VERT.E.S de Lavaux-Oron\" \/>\n<meta property=\"article:modified_time\" content=\"2021-02-20T10:24:23+00:00\" \/>\n<meta name=\"twitter:card\" content=\"summary_large_image\" \/>\n<script type=\"application\/ld+json\" class=\"yoast-schema-graph\">{\"@context\":\"https:\/\/schema.org\",\"@graph\":[{\"@type\":\"WebPage\",\"@id\":\"https:\/\/vert-e-s-vd.ch\/lavaux-oron\/event\/72714\",\"url\":\"https:\/\/vert-e-s-vd.ch\/lavaux-oron\/event\/72714\",\"name\":\"\",\"isPartOf\":{\"@id\":\"https:\/\/vert-e-s-vd.ch\/lavaux-oron\/#website\"},\"datePublished\":\"2021-02-14T08:40:21+00:00\",\"dateModified\":\"2021-02-20T10:24:23+00:00\",\"description\":\"Retrouver nos candidat.e.s le: Samedi 13 f\u00e9vrier&nbsp;de 10h30 \u00e0 11h30&nbsp;devant la coop de Savigny Jeudi 18 f\u00e9vrier de 17h15 \u00e0 18h30 devant l&rsquo;ancien coll\u00e8ge (sortie des accueils petite enfance + judo) Samedi 20 f\u00e9vrier de 10h30 \u00e0 11h30&nbsp;devant la coop Vendredi 26 f\u00e9vrier de 17h00 \u00e0 18h15&nbsp;devant la Coop Contact&nbsp;: savigny@vert-e-s-vd.ch\",\"breadcrumb\":{\"@id\":\"https:\/\/vert-e-s-vd.ch\/lavaux-oron\/event\/72714#breadcrumb\"},\"inLanguage\":\"fr-FR\",\"potentialAction\":[{\"@type\":\"ReadAction\",\"target\":[\"https:\/\/vert-e-s-vd.ch\/lavaux-oron\/event\/72714\"]}]},{\"@type\":\"BreadcrumbList\",\"@id\":\"https:\/\/vert-e-s-vd.ch\/lavaux-oron\/event\/72714#breadcrumb\",\"itemListElement\":[{\"@type\":\"ListItem\",\"position\":1,\"name\":\"Accueil\",\"item\":\"https:\/\/vert-e-s-vd.ch\/lavaux-oron\/\"},{\"@type\":\"ListItem\",\"position\":2,\"name\":\"\u00c9v\u00e8nements\",\"item\":\"https:\/\/vert-e-s-vd.ch\/lavaux-oron?post_type=tribe_events\"},{\"@type\":\"ListItem\",\"position\":3,\"name\":\"Retrouvez les Vert\u2219e\u2219s de Savigny sur nos stands en f\u00e9vrier, prochain:\"}]},{\"@type\":\"WebSite\",\"@id\":\"https:\/\/vert-e-s-vd.ch\/lavaux-oron\/#website\",\"url\":\"https:\/\/vert-e-s-vd.ch\/lavaux-oron\/\",\"name\":\"Les VERT.E.S de Lavaux-Oron\",\"description\":\"Une longueur d&#039;avance\",\"potentialAction\":[{\"@type\":\"SearchAction\",\"target\":{\"@type\":\"EntryPoint\",\"urlTemplate\":\"https:\/\/vert-e-s-vd.ch\/lavaux-oron\/?s={search_term_string}\"},\"query-input\":{\"@type\":\"PropertyValueSpecification\",\"valueRequired\":true,\"valueName\":\"search_term_string\"}}],\"inLanguage\":\"fr-FR\"}]}<\/script>\n<!-- \/ Yoast SEO plugin. -->","yoast_head_json":{"title":"Les VERT.E.S de Lavaux-Oron","description":"Retrouver nos candidat.e.s le: Samedi 13 f\u00e9vrier&nbsp;de 10h30 \u00e0 11h30&nbsp;devant la coop de Savigny Jeudi 18 f\u00e9vrier de 17h15 \u00e0 18h30 devant l&rsquo;ancien coll\u00e8ge (sortie des accueils petite enfance + judo) Samedi 20 f\u00e9vrier de 10h30 \u00e0 11h30&nbsp;devant la coop Vendredi 26 f\u00e9vrier de 17h00 \u00e0 18h15&nbsp;devant la Coop Contact&nbsp;: savigny@vert-e-s-vd.ch","robots":{"index":"index","follow":"follow","max-snippet":"max-snippet:-1","max-image-preview":"max-image-preview:large","max-video-preview":"max-video-preview:-1"},"canonical":"https:\/\/vert-e-s-vd.ch\/lavaux-oron\/event\/72714","og_locale":"fr_FR","og_type":"article","og_description":"Retrouver nos candidat.e.s le: Samedi 13 f\u00e9vrier&nbsp;de 10h30 \u00e0 11h30&nbsp;devant la coop de Savigny Jeudi 18 f\u00e9vrier de 17h15 \u00e0 18h30 \u2026","og_url":"https:\/\/vert-e-s-vd.ch\/lavaux-oron\/event\/72714","og_site_name":"Les VERT.E.S de Lavaux-Oron","article_modified_time":"2021-02-20T10:24:23+00:00","twitter_card":"summary_large_image","schema":{"@context":"https:\/\/schema.org","@graph":[{"@type":"WebPage","@id":"https:\/\/vert-e-s-vd.ch\/lavaux-oron\/event\/72714","url":"https:\/\/vert-e-s-vd.ch\/lavaux-oron\/event\/72714","name":"","isPartOf":{"@id":"https:\/\/vert-e-s-vd.ch\/lavaux-oron\/#website"},"datePublished":"2021-02-14T08:40:21+00:00","dateModified":"2021-02-20T10:24:23+00:00","description":"Retrouver nos candidat.e.s le: Samedi 13 f\u00e9vrier&nbsp;de 10h30 \u00e0 11h30&nbsp;devant la coop de Savigny Jeudi 18 f\u00e9vrier de 17h15 \u00e0 18h30 devant l&rsquo;ancien coll\u00e8ge (sortie des accueils petite enfance + judo) Samedi 20 f\u00e9vrier de 10h30 \u00e0 11h30&nbsp;devant la coop Vendredi 26 f\u00e9vrier de 17h00 \u00e0 18h15&nbsp;devant la Coop Contact&nbsp;: savigny@vert-e-s-vd.ch","breadcrumb":{"@id":"https:\/\/vert-e-s-vd.ch\/lavaux-oron\/event\/72714#breadcrumb"},"inLanguage":"fr-FR","potentialAction":[{"@type":"ReadAction","target":["https:\/\/vert-e-s-vd.ch\/lavaux-oron\/event\/72714"]}]},{"@type":"BreadcrumbList","@id":"https:\/\/vert-e-s-vd.ch\/lavaux-oron\/event\/72714#breadcrumb","itemListElement":[{"@type":"ListItem","position":1,"name":"Accueil","item":"https:\/\/vert-e-s-vd.ch\/lavaux-oron\/"},{"@type":"ListItem","position":2,"name":"\u00c9v\u00e8nements","item":"https:\/\/vert-e-s-vd.ch\/lavaux-oron?post_type=tribe_events"},{"@type":"ListItem","position":3,"name":"Retrouvez les Vert\u2219e\u2219s de Savigny sur nos stands en f\u00e9vrier, prochain:"}]},{"@type":"WebSite","@id":"https:\/\/vert-e-s-vd.ch\/lavaux-oron\/#website","url":"https:\/\/vert-e-s-vd.ch\/lavaux-oron\/","name":"Les VERT.E.S de Lavaux-Oron","description":"Une longueur d&#039;avance","potentialAction":[{"@type":"SearchAction","target":{"@type":"EntryPoint","urlTemplate":"https:\/\/vert-e-s-vd.ch\/lavaux-oron\/?s={search_term_string}"},"query-input":{"@type":"PropertyValueSpecification","valueRequired":true,"valueName":"search_term_string"}}],"inLanguage":"fr-FR"}]}},"_links":{"self":[{"href":"https:\/\/vert-e-s-vd.ch\/lavaux-oron\/wp-json\/wp\/v2\/tribe_events\/72714","targetHints":{"allow":["GET"]}}],"collection":[{"href":"https:\/\/vert-e-s-vd.ch\/lavaux-oron\/wp-json\/wp\/v2\/tribe_events"}],"about":[{"href":"https:\/\/vert-e-s-vd.ch\/lavaux-oron\/wp-json\/wp\/v2\/types\/tribe_events"}],"author":[{"embeddable":true,"href":"https:\/\/vert-e-s-vd.ch\/lavaux-oron\/wp-json\/wp\/v2\/users\/14"}],"version-history":[{"count":2,"href":"https:\/\/vert-e-s-vd.ch\/lavaux-oron\/wp-json\/wp\/v2\/tribe_events\/72714\/revisions"}],"predecessor-version":[{"id":72716,"href":"https:\/\/vert-e-s-vd.ch\/lavaux-oron\/wp-json\/wp\/v2\/tribe_events\/72714\/revisions\/72716"}],"wp:attachment":[{"href":"https:\/\/vert-e-s-vd.ch\/lavaux-oron\/wp-json\/wp\/v2\/media?parent=72714"}],"wp:term":[{"taxonomy":"post_tag","embeddable":true,"href":"https:\/\/vert-e-s-vd.ch\/lavaux-oron\/wp-json\/wp\/v2\/tags?post=72714"},{"taxonomy":"tribe_events_cat","embeddable":true,"href":"https:\/\/vert-e-s-vd.ch\/lavaux-oron\/wp-json\/wp\/v2\/tribe_events_cat?post=72714"}],"curies":[{"name":"wp","href":"https:\/\/api.w.org\/{rel}","templated":true}]}}

Retrouvez les Vert∙e∙s de Savigny sur nos stands en février, prochain:

<h4>Retrouver nos candidat.e.s le:</h4>
<p>Samedi 13 février&nbsp;de 10h30 à 11h30&nbsp;devant la coop de Savigny</p>
<p>Jeudi 18 février de 17h15 à 18h30 devant l&rsquo;ancien collège (sortie des accueils petite enfance + judo)</p>
<p>Samedi 20 février de 10h30 à 11h30&nbsp;devant la coop</p>
<p>Vendredi 26 février de 17h00 à 18h15&nbsp;devant la Coop</p>
<p>Contact&nbsp;: <a href="mailto:savigny@vert-e-s-vd.ch">savigny@vert-e-s-vd.ch</a></p>

<!-- This site is optimized with the Yoast SEO plugin v26.9 - https://yoast.com/product/yoast-seo-wordpress/ -->
<title>Les VERT.E.S de Lavaux-Oron</title>
<meta name="description" content="Retrouver nos candidat.e.s le: Samedi 13 février&nbsp;de 10h30 à 11h30&nbsp;devant la coop de Savigny Jeudi 18 février de 17h15 à 18h30 devant l&rsquo;ancien collège (sortie des accueils petite enfance + judo) Samedi 20 février de 10h30 à 11h30&nbsp;devant la coop Vendredi 26 février de 17h00 à 18h15&nbsp;devant la Coop Contact&nbsp;: savigny@vert-e-s-vd.ch" />
<meta name="robots" content="index, follow, max-snippet:-1, max-image-preview:large, max-video-preview:-1" />
<link rel="canonical" href="https://vert-e-s-vd.ch/lavaux-oron/event/72714" />
<meta property="og:locale" content="fr_FR" />
<meta property="og:type" content="article" />
<meta property="og:description" content="Retrouver nos candidat.e.s le: Samedi 13 février&nbsp;de 10h30 à 11h30&nbsp;devant la coop de Savigny Jeudi 18 février de 17h15 à 18h30 …" />
<meta property="og:url" content="https://vert-e-s-vd.ch/lavaux-oron/event/72714" />
<meta property="og:site_name" content="Les VERT.E.S de Lavaux-Oron" />
<meta property="article:modified_time" content="2021-02-20T10:24:23+00:00" />
<meta name="twitter:card" content="summary_large_image" />
<script type="application/ld+json" class="yoast-schema-graph">{"@context":"https://schema.org","@graph":[{"@type":"WebPage","@id":"https://vert-e-s-vd.ch/lavaux-oron/event/72714","url":"https://vert-e-s-vd.ch/lavaux-oron/event/72714","name":"","isPartOf":{"@id":"https://vert-e-s-vd.ch/lavaux-oron/#website"},"datePublished":"2021-02-14T08:40:21+00:00","dateModified":"2021-02-20T10:24:23+00:00","description":"Retrouver nos candidat.e.s le: Samedi 13 février&nbsp;de 10h30 à 11h30&nbsp;devant la coop de Savigny Jeudi 18 février de 17h15 à 18h30 devant l&rsquo;ancien collège (sortie des accueils petite enfance + judo) Samedi 20 février de 10h30 à 11h30&nbsp;devant la coop Vendredi 26 février de 17h00 à 18h15&nbsp;devant la Coop Contact&nbsp;: savigny@vert-e-s-vd.ch","breadcrumb":{"@id":"https://vert-e-s-vd.ch/lavaux-oron/event/72714#breadcrumb"},"inLanguage":"fr-FR","potentialAction":[{"@type":"ReadAction","target":["https://vert-e-s-vd.ch/lavaux-oron/event/72714"]}]},{"@type":"BreadcrumbList","@id":"https://vert-e-s-vd.ch/lavaux-oron/event/72714#breadcrumb","itemListElement":[{"@type":"ListItem","position":1,"name":"Accueil","item":"https://vert-e-s-vd.ch/lavaux-oron/"},{"@type":"ListItem","position":2,"name":"Évènements","item":"https://vert-e-s-vd.ch/lavaux-oron?post_type=tribe_events"},{"@type":"ListItem","position":3,"name":"Retrouvez les Vert∙e∙s de Savigny sur nos stands en février, prochain:"}]},{"@type":"WebSite","@id":"https://vert-e-s-vd.ch/lavaux-oron/#website","url":"https://vert-e-s-vd.ch/lavaux-oron/","name":"Les VERT.E.S de Lavaux-Oron","description":"Une longueur d&#039;avance","potentialAction":[{"@type":"SearchAction","target":{"@type":"EntryPoint","urlTemplate":"https://vert-e-s-vd.ch/lavaux-oron/?s={search_term_string}"},"query-input":{"@type":"PropertyValueSpecification","valueRequired":true,"valueName":"search_term_string"}}],"inLanguage":"fr-FR"}]}</script>
<!-- / Yoast SEO plugin. -->

Retrouver nos candidat.e.s le: Samedi 13 février&nbsp;de 10h30 à 11h30&nbsp;devant la coop de Savigny Jeudi 18 février de 17h15 à 18h30 devant l&rsquo;ancien collège (sortie des accueils petite enfance + judo) Samedi 20 février de 10h30 à 11h30&nbsp;devant la coop Vendredi 26 février de 17h00 à 18h15&nbsp;devant la Coop Contact&nbsp;: savigny@vert-e-s-vd.ch

Retrouver nos candidat.e.s le: Samedi 13 février&nbsp;de 10h30 à 11h30&nbsp;devant la coop de Savigny Jeudi 18 février de 17h15 à 18h30 …

Évènements
