{"id":72698,"date":"2021-02-03T20:52:48","date_gmt":"2021-02-03T19:52:48","guid":{"rendered":"https:\/\/vert-e-s-vd.ch\/lavaux-oron\/?post_type=tribe_events&#038;p=72698"},"modified":"2021-02-26T18:52:08","modified_gmt":"2021-02-26T17:52:08","slug":"retrouvez-les-vert%e2%88%99e%e2%88%99s-de-pully-sur-nos-stands-en-fevrier","status":"publish","type":"tribe_events","link":"https:\/\/vert-e-s-vd.ch\/lavaux-oron\/event\/retrouvez-les-vert%e2%88%99e%e2%88%99s-de-pully-sur-nos-stands-en-fevrier","title":{"rendered":"Retrouvez les Vert\u2219e\u2219s de Pully sur nos stands en f\u00e9vrier, prochain:"},"content":{"rendered":"","protected":false},"excerpt":{"rendered":"<p><img loading=\"lazy\" decoding=\"async\" class=\"wp-image-72699 aligncenter\" src=\"https:\/\/vert-e-s-vd.ch\/lavaux-oron\/wp-content\/uploads\/sites\/10\/2021\/02\/Pully-stand-2021-790x0-c-default.jpg\" alt=\"\" width=\"345\" height=\"460\" srcset=\"https:\/\/vert-e-s-vd.ch\/lavaux-oron\/wp-content\/uploads\/sites\/10\/2021\/02\/Pully-stand-2021-790x0-c-default.jpg 790w, https:\/\/vert-e-s-vd.ch\/lavaux-oron\/wp-content\/uploads\/sites\/10\/2021\/02\/Pully-stand-2021-150x0-c-default.jpg 150w, https:\/\/vert-e-s-vd.ch\/lavaux-oron\/wp-content\/uploads\/sites\/10\/2021\/02\/Pully-stand-2021-1200x0-c-default.jpg 1200w, https:\/\/vert-e-s-vd.ch\/lavaux-oron\/wp-content\/uploads\/sites\/10\/2021\/02\/Pully-stand-2021.jpg 960w\" sizes=\"auto, (max-width: 345px) 100vw, 345px\" \/><\/p>\n<ul>\n<li>le vendredi soir de 17h \u00e0 19h en alternance \u00e0 la pl. de la Gare et la pl. Neuve; vendredi 26 f\u00e9vrier<\/li>\n<li>le samedi matin de 9h \u00e0 11h30 \u00e0 la place Neuve;&nbsp;<span style=\"font-size: 1rem; letter-spacing: 0.015625em;\">samedi 27 f\u00e9vrier<\/span><\/li>\n<\/ul>\n<p>Nous nous r\u00e9jouissons de vous rencontrer et d\u2019\u00e9changer avec vous sur l\u2019avenir de Pully, de vous pr\u00e9senter <a href=\"https:\/\/vert-e-s-vd.ch\/lavaux-oron\/elections-communales-21\/nos-idees-vertes-pour-pully\">nos id\u00e9es vertes pour Pully<\/a> et recueillir vos suggestions.<\/p>\n<p>Venez faire connaissance avec notre candidat \u00e0 la Municipalit\u00e9 <a href=\"https:\/\/vert-e-s-vd.ch\/lavaux-oron\/blog\/communiques-de-presse\/girardet-muni\">Lucas Girardet<\/a> et nos <a href=\"https:\/\/vert-e-s-vd.ch\/lavaux-oron\/elections-communales-21\/pully\">3<\/a><a href=\"https:\/\/vert-e-s-vd.ch\/lavaux-oron\/elections-communales-21\/pully\">1 candidat\u2219e\u2219s<\/a> au Conseil communal.<\/p>\n<p>A tout bient\u00f4t en ville de Pully<\/p>\n<h4>Les Vert\u2219e\u2219s de Pully<\/h4>\n","protected":false},"author":14,"featured_media":0,"template":"","meta":{"_acf_changed":false,"inline_featured_image":false,"_tribe_events_status":"","_tribe_events_status_reason":"","footnotes":""},"tags":[],"tribe_events_cat":[],"class_list":["post-72698","tribe_events","type-tribe_events","status-publish","hentry"],"acf":[],"yoast_head":"<!-- This site is optimized with the Yoast SEO plugin v26.9 - https:\/\/yoast.com\/product\/yoast-seo-wordpress\/ -->\n<title>Les VERT.E.S de Lavaux-Oron<\/title>\n<meta name=\"description\" content=\"le vendredi soir de 17h \u00e0 19h en alternance \u00e0 la pl. de la Gare et la pl. Neuve; vendredi 26 f\u00e9vrier le samedi matin de 9h \u00e0 11h30 \u00e0 la place Neuve;&nbsp;samedi 27 f\u00e9vrier  Nous nous r\u00e9jouissons de vous rencontrer et d\u2019\u00e9changer avec vous sur l\u2019avenir de Pully, de vous pr\u00e9senter nos id\u00e9es vertes pour Pully et recueillir vos suggestions. Venez faire connaissance avec notre candidat \u00e0 la Municipalit\u00e9 Lucas Girardet et nos 31 candidat\u2219e\u2219s au Conseil communal. A tout bient\u00f4t en ville de Pully Les Vert\u2219e\u2219s de Pully\" \/>\n<meta name=\"robots\" content=\"index, follow, max-snippet:-1, max-image-preview:large, max-video-preview:-1\" \/>\n<link rel=\"canonical\" href=\"https:\/\/vert-e-s-vd.ch\/lavaux-oron\/event\/retrouvez-les-vert\u2219e\u2219s-de-pully-sur-nos-stands-en-fevrier\" \/>\n<meta property=\"og:locale\" content=\"fr_FR\" \/>\n<meta property=\"og:type\" content=\"article\" \/>\n<meta property=\"og:description\" content=\"le vendredi soir de 17h \u00e0 19h en alternance \u00e0 la pl. de la Gare et la pl. Neuve; vendredi 26 f\u00e9vrier le samedi matin de 9h \u00e0 11h30 \u00e0 \u2026\" \/>\n<meta property=\"og:url\" content=\"https:\/\/vert-e-s-vd.ch\/lavaux-oron\/event\/retrouvez-les-vert\u2219e\u2219s-de-pully-sur-nos-stands-en-fevrier\" \/>\n<meta property=\"og:site_name\" content=\"Les VERT.E.S de Lavaux-Oron\" \/>\n<meta property=\"article:modified_time\" content=\"2021-02-26T17:52:08+00:00\" \/>\n<meta name=\"twitter:card\" content=\"summary_large_image\" \/>\n<script type=\"application\/ld+json\" class=\"yoast-schema-graph\">{\"@context\":\"https:\/\/schema.org\",\"@graph\":[{\"@type\":\"WebPage\",\"@id\":\"https:\/\/vert-e-s-vd.ch\/lavaux-oron\/event\/retrouvez-les-vert%e2%88%99e%e2%88%99s-de-pully-sur-nos-stands-en-fevrier\",\"url\":\"https:\/\/vert-e-s-vd.ch\/lavaux-oron\/event\/retrouvez-les-vert%e2%88%99e%e2%88%99s-de-pully-sur-nos-stands-en-fevrier\",\"name\":\"\",\"isPartOf\":{\"@id\":\"https:\/\/vert-e-s-vd.ch\/lavaux-oron\/#website\"},\"datePublished\":\"2021-02-03T19:52:48+00:00\",\"dateModified\":\"2021-02-26T17:52:08+00:00\",\"description\":\"\u2022 le vendredi soir de 17h \u00e0 19h en alternance \u00e0 la pl. de la Gare et la pl. Neuve; vendredi 26 f\u00e9vrier \u2022 le samedi matin de 9h \u00e0 11h30 \u00e0 la place Neuve;&nbsp;samedi 27 f\u00e9vrier Nous nous r\u00e9jouissons de vous rencontrer et d\u2019\u00e9changer avec vous sur l\u2019avenir de Pully, de vous pr\u00e9senter nos id\u00e9es vertes pour Pully et recueillir vos suggestions. Venez faire connaissance avec notre candidat \u00e0 la Municipalit\u00e9 Lucas Girardet et nos 31 candidat\u2219e\u2219s au Conseil communal. A tout bient\u00f4t en ville de Pully Les Vert\u2219e\u2219s de Pully\",\"breadcrumb\":{\"@id\":\"https:\/\/vert-e-s-vd.ch\/lavaux-oron\/event\/retrouvez-les-vert%e2%88%99e%e2%88%99s-de-pully-sur-nos-stands-en-fevrier#breadcrumb\"},\"inLanguage\":\"fr-FR\",\"potentialAction\":[{\"@type\":\"ReadAction\",\"target\":[\"https:\/\/vert-e-s-vd.ch\/lavaux-oron\/event\/retrouvez-les-vert%e2%88%99e%e2%88%99s-de-pully-sur-nos-stands-en-fevrier\"]}]},{\"@type\":\"BreadcrumbList\",\"@id\":\"https:\/\/vert-e-s-vd.ch\/lavaux-oron\/event\/retrouvez-les-vert%e2%88%99e%e2%88%99s-de-pully-sur-nos-stands-en-fevrier#breadcrumb\",\"itemListElement\":[{\"@type\":\"ListItem\",\"position\":1,\"name\":\"Accueil\",\"item\":\"https:\/\/vert-e-s-vd.ch\/lavaux-oron\/\"},{\"@type\":\"ListItem\",\"position\":2,\"name\":\"\u00c9v\u00e8nements\",\"item\":\"https:\/\/vert-e-s-vd.ch\/lavaux-oron?post_type=tribe_events\"},{\"@type\":\"ListItem\",\"position\":3,\"name\":\"Retrouvez les Vert\u2219e\u2219s de Pully sur nos stands en f\u00e9vrier, prochain:\"}]},{\"@type\":\"WebSite\",\"@id\":\"https:\/\/vert-e-s-vd.ch\/lavaux-oron\/#website\",\"url\":\"https:\/\/vert-e-s-vd.ch\/lavaux-oron\/\",\"name\":\"Les VERT.E.S de Lavaux-Oron\",\"description\":\"Une longueur d&#039;avance\",\"potentialAction\":[{\"@type\":\"SearchAction\",\"target\":{\"@type\":\"EntryPoint\",\"urlTemplate\":\"https:\/\/vert-e-s-vd.ch\/lavaux-oron\/?s={search_term_string}\"},\"query-input\":{\"@type\":\"PropertyValueSpecification\",\"valueRequired\":true,\"valueName\":\"search_term_string\"}}],\"inLanguage\":\"fr-FR\"}]}<\/script>\n<!-- \/ Yoast SEO plugin. -->","yoast_head_json":{"title":"Les VERT.E.S de Lavaux-Oron","description":"le vendredi soir de 17h \u00e0 19h en alternance \u00e0 la pl. de la Gare et la pl. Neuve; vendredi 26 f\u00e9vrier le samedi matin de 9h \u00e0 11h30 \u00e0 la place Neuve;&nbsp;samedi 27 f\u00e9vrier  Nous nous r\u00e9jouissons de vous rencontrer et d\u2019\u00e9changer avec vous sur l\u2019avenir de Pully, de vous pr\u00e9senter nos id\u00e9es vertes pour Pully et recueillir vos suggestions. Venez faire connaissance avec notre candidat \u00e0 la Municipalit\u00e9 Lucas Girardet et nos 31 candidat\u2219e\u2219s au Conseil communal. A tout bient\u00f4t en ville de Pully Les Vert\u2219e\u2219s de Pully","robots":{"index":"index","follow":"follow","max-snippet":"max-snippet:-1","max-image-preview":"max-image-preview:large","max-video-preview":"max-video-preview:-1"},"canonical":"https:\/\/vert-e-s-vd.ch\/lavaux-oron\/event\/retrouvez-les-vert\u2219e\u2219s-de-pully-sur-nos-stands-en-fevrier","og_locale":"fr_FR","og_type":"article","og_description":"le vendredi soir de 17h \u00e0 19h en alternance \u00e0 la pl. de la Gare et la pl. Neuve; vendredi 26 f\u00e9vrier le samedi matin de 9h \u00e0 11h30 \u00e0 \u2026","og_url":"https:\/\/vert-e-s-vd.ch\/lavaux-oron\/event\/retrouvez-les-vert\u2219e\u2219s-de-pully-sur-nos-stands-en-fevrier","og_site_name":"Les VERT.E.S de Lavaux-Oron","article_modified_time":"2021-02-26T17:52:08+00:00","twitter_card":"summary_large_image","schema":{"@context":"https:\/\/schema.org","@graph":[{"@type":"WebPage","@id":"https:\/\/vert-e-s-vd.ch\/lavaux-oron\/event\/retrouvez-les-vert%e2%88%99e%e2%88%99s-de-pully-sur-nos-stands-en-fevrier","url":"https:\/\/vert-e-s-vd.ch\/lavaux-oron\/event\/retrouvez-les-vert%e2%88%99e%e2%88%99s-de-pully-sur-nos-stands-en-fevrier","name":"","isPartOf":{"@id":"https:\/\/vert-e-s-vd.ch\/lavaux-oron\/#website"},"datePublished":"2021-02-03T19:52:48+00:00","dateModified":"2021-02-26T17:52:08+00:00","description":"\u2022 le vendredi soir de 17h \u00e0 19h en alternance \u00e0 la pl. de la Gare et la pl. Neuve; vendredi 26 f\u00e9vrier \u2022 le samedi matin de 9h \u00e0 11h30 \u00e0 la place Neuve;&nbsp;samedi 27 f\u00e9vrier Nous nous r\u00e9jouissons de vous rencontrer et d\u2019\u00e9changer avec vous sur l\u2019avenir de Pully, de vous pr\u00e9senter nos id\u00e9es vertes pour Pully et recueillir vos suggestions. Venez faire connaissance avec notre candidat \u00e0 la Municipalit\u00e9 Lucas Girardet et nos 31 candidat\u2219e\u2219s au Conseil communal. A tout bient\u00f4t en ville de Pully Les Vert\u2219e\u2219s de Pully","breadcrumb":{"@id":"https:\/\/vert-e-s-vd.ch\/lavaux-oron\/event\/retrouvez-les-vert%e2%88%99e%e2%88%99s-de-pully-sur-nos-stands-en-fevrier#breadcrumb"},"inLanguage":"fr-FR","potentialAction":[{"@type":"ReadAction","target":["https:\/\/vert-e-s-vd.ch\/lavaux-oron\/event\/retrouvez-les-vert%e2%88%99e%e2%88%99s-de-pully-sur-nos-stands-en-fevrier"]}]},{"@type":"BreadcrumbList","@id":"https:\/\/vert-e-s-vd.ch\/lavaux-oron\/event\/retrouvez-les-vert%e2%88%99e%e2%88%99s-de-pully-sur-nos-stands-en-fevrier#breadcrumb","itemListElement":[{"@type":"ListItem","position":1,"name":"Accueil","item":"https:\/\/vert-e-s-vd.ch\/lavaux-oron\/"},{"@type":"ListItem","position":2,"name":"\u00c9v\u00e8nements","item":"https:\/\/vert-e-s-vd.ch\/lavaux-oron?post_type=tribe_events"},{"@type":"ListItem","position":3,"name":"Retrouvez les Vert\u2219e\u2219s de Pully sur nos stands en f\u00e9vrier, prochain:"}]},{"@type":"WebSite","@id":"https:\/\/vert-e-s-vd.ch\/lavaux-oron\/#website","url":"https:\/\/vert-e-s-vd.ch\/lavaux-oron\/","name":"Les VERT.E.S de Lavaux-Oron","description":"Une longueur d&#039;avance","potentialAction":[{"@type":"SearchAction","target":{"@type":"EntryPoint","urlTemplate":"https:\/\/vert-e-s-vd.ch\/lavaux-oron\/?s={search_term_string}"},"query-input":{"@type":"PropertyValueSpecification","valueRequired":true,"valueName":"search_term_string"}}],"inLanguage":"fr-FR"}]}},"_links":{"self":[{"href":"https:\/\/vert-e-s-vd.ch\/lavaux-oron\/wp-json\/wp\/v2\/tribe_events\/72698","targetHints":{"allow":["GET"]}}],"collection":[{"href":"https:\/\/vert-e-s-vd.ch\/lavaux-oron\/wp-json\/wp\/v2\/tribe_events"}],"about":[{"href":"https:\/\/vert-e-s-vd.ch\/lavaux-oron\/wp-json\/wp\/v2\/types\/tribe_events"}],"author":[{"embeddable":true,"href":"https:\/\/vert-e-s-vd.ch\/lavaux-oron\/wp-json\/wp\/v2\/users\/14"}],"version-history":[{"count":15,"href":"https:\/\/vert-e-s-vd.ch\/lavaux-oron\/wp-json\/wp\/v2\/tribe_events\/72698\/revisions"}],"predecessor-version":[{"id":72738,"href":"https:\/\/vert-e-s-vd.ch\/lavaux-oron\/wp-json\/wp\/v2\/tribe_events\/72698\/revisions\/72738"}],"wp:attachment":[{"href":"https:\/\/vert-e-s-vd.ch\/lavaux-oron\/wp-json\/wp\/v2\/media?parent=72698"}],"wp:term":[{"taxonomy":"post_tag","embeddable":true,"href":"https:\/\/vert-e-s-vd.ch\/lavaux-oron\/wp-json\/wp\/v2\/tags?post=72698"},{"taxonomy":"tribe_events_cat","embeddable":true,"href":"https:\/\/vert-e-s-vd.ch\/lavaux-oron\/wp-json\/wp\/v2\/tribe_events_cat?post=72698"}],"curies":[{"name":"wp","href":"https:\/\/api.w.org\/{rel}","templated":true}]}}

Retrouvez les Vert∙e∙s de Pully sur nos stands en février, prochain:

<p><img loading="lazy" decoding="async" class="wp-image-72699 aligncenter" src="https://vert-e-s-vd.ch/lavaux-oron/wp-content/uploads/sites/10/2021/02/Pully-stand-2021-790x0-c-default.jpg" alt="" width="345" height="460" srcset="https://vert-e-s-vd.ch/lavaux-oron/wp-content/uploads/sites/10/2021/02/Pully-stand-2021-790x0-c-default.jpg 790w, https://vert-e-s-vd.ch/lavaux-oron/wp-content/uploads/sites/10/2021/02/Pully-stand-2021-150x0-c-default.jpg 150w, https://vert-e-s-vd.ch/lavaux-oron/wp-content/uploads/sites/10/2021/02/Pully-stand-2021-1200x0-c-default.jpg 1200w, https://vert-e-s-vd.ch/lavaux-oron/wp-content/uploads/sites/10/2021/02/Pully-stand-2021.jpg 960w" sizes="auto, (max-width: 345px) 100vw, 345px" /></p>
<ul>
<li>le vendredi soir de 17h à 19h en alternance à la pl. de la Gare et la pl. Neuve; vendredi 26 février</li>
<li>le samedi matin de 9h à 11h30 à la place Neuve;&nbsp;<span style="font-size: 1rem; letter-spacing: 0.015625em;">samedi 27 février</span></li>
</ul>
<p>Nous nous réjouissons de vous rencontrer et d’échanger avec vous sur l’avenir de Pully, de vous présenter <a href="https://vert-e-s-vd.ch/lavaux-oron/elections-communales-21/nos-idees-vertes-pour-pully">nos idées vertes pour Pully</a> et recueillir vos suggestions.</p>
<p>Venez faire connaissance avec notre candidat à la Municipalité <a href="https://vert-e-s-vd.ch/lavaux-oron/blog/communiques-de-presse/girardet-muni">Lucas Girardet</a> et nos <a href="https://vert-e-s-vd.ch/lavaux-oron/elections-communales-21/pully">3</a><a href="https://vert-e-s-vd.ch/lavaux-oron/elections-communales-21/pully">1 candidat∙e∙s</a> au Conseil communal.</p>
<p>A tout bientôt en ville de Pully</p>
<h4>Les Vert∙e∙s de Pully</h4>

<!-- This site is optimized with the Yoast SEO plugin v26.9 - https://yoast.com/product/yoast-seo-wordpress/ -->
<title>Les VERT.E.S de Lavaux-Oron</title>
<meta name="description" content="le vendredi soir de 17h à 19h en alternance à la pl. de la Gare et la pl. Neuve; vendredi 26 février le samedi matin de 9h à 11h30 à la place Neuve;&nbsp;samedi 27 février  Nous nous réjouissons de vous rencontrer et d’échanger avec vous sur l’avenir de Pully, de vous présenter nos idées vertes pour Pully et recueillir vos suggestions. Venez faire connaissance avec notre candidat à la Municipalité Lucas Girardet et nos 31 candidat∙e∙s au Conseil communal. A tout bientôt en ville de Pully Les Vert∙e∙s de Pully" />
<meta name="robots" content="index, follow, max-snippet:-1, max-image-preview:large, max-video-preview:-1" />
<link rel="canonical" href="https://vert-e-s-vd.ch/lavaux-oron/event/retrouvez-les-vert∙e∙s-de-pully-sur-nos-stands-en-fevrier" />
<meta property="og:locale" content="fr_FR" />
<meta property="og:type" content="article" />
<meta property="og:description" content="le vendredi soir de 17h à 19h en alternance à la pl. de la Gare et la pl. Neuve; vendredi 26 février le samedi matin de 9h à 11h30 à …" />
<meta property="og:url" content="https://vert-e-s-vd.ch/lavaux-oron/event/retrouvez-les-vert∙e∙s-de-pully-sur-nos-stands-en-fevrier" />
<meta property="og:site_name" content="Les VERT.E.S de Lavaux-Oron" />
<meta property="article:modified_time" content="2021-02-26T17:52:08+00:00" />
<meta name="twitter:card" content="summary_large_image" />
<script type="application/ld+json" class="yoast-schema-graph">{"@context":"https://schema.org","@graph":[{"@type":"WebPage","@id":"https://vert-e-s-vd.ch/lavaux-oron/event/retrouvez-les-vert%e2%88%99e%e2%88%99s-de-pully-sur-nos-stands-en-fevrier","url":"https://vert-e-s-vd.ch/lavaux-oron/event/retrouvez-les-vert%e2%88%99e%e2%88%99s-de-pully-sur-nos-stands-en-fevrier","name":"","isPartOf":{"@id":"https://vert-e-s-vd.ch/lavaux-oron/#website"},"datePublished":"2021-02-03T19:52:48+00:00","dateModified":"2021-02-26T17:52:08+00:00","description":"• le vendredi soir de 17h à 19h en alternance à la pl. de la Gare et la pl. Neuve; vendredi 26 février • le samedi matin de 9h à 11h30 à la place Neuve;&nbsp;samedi 27 février Nous nous réjouissons de vous rencontrer et d’échanger avec vous sur l’avenir de Pully, de vous présenter nos idées vertes pour Pully et recueillir vos suggestions. Venez faire connaissance avec notre candidat à la Municipalité Lucas Girardet et nos 31 candidat∙e∙s au Conseil communal. A tout bientôt en ville de Pully Les Vert∙e∙s de Pully","breadcrumb":{"@id":"https://vert-e-s-vd.ch/lavaux-oron/event/retrouvez-les-vert%e2%88%99e%e2%88%99s-de-pully-sur-nos-stands-en-fevrier#breadcrumb"},"inLanguage":"fr-FR","potentialAction":[{"@type":"ReadAction","target":["https://vert-e-s-vd.ch/lavaux-oron/event/retrouvez-les-vert%e2%88%99e%e2%88%99s-de-pully-sur-nos-stands-en-fevrier"]}]},{"@type":"BreadcrumbList","@id":"https://vert-e-s-vd.ch/lavaux-oron/event/retrouvez-les-vert%e2%88%99e%e2%88%99s-de-pully-sur-nos-stands-en-fevrier#breadcrumb","itemListElement":[{"@type":"ListItem","position":1,"name":"Accueil","item":"https://vert-e-s-vd.ch/lavaux-oron/"},{"@type":"ListItem","position":2,"name":"Évènements","item":"https://vert-e-s-vd.ch/lavaux-oron?post_type=tribe_events"},{"@type":"ListItem","position":3,"name":"Retrouvez les Vert∙e∙s de Pully sur nos stands en février, prochain:"}]},{"@type":"WebSite","@id":"https://vert-e-s-vd.ch/lavaux-oron/#website","url":"https://vert-e-s-vd.ch/lavaux-oron/","name":"Les VERT.E.S de Lavaux-Oron","description":"Une longueur d&#039;avance","potentialAction":[{"@type":"SearchAction","target":{"@type":"EntryPoint","urlTemplate":"https://vert-e-s-vd.ch/lavaux-oron/?s={search_term_string}"},"query-input":{"@type":"PropertyValueSpecification","valueRequired":true,"valueName":"search_term_string"}}],"inLanguage":"fr-FR"}]}</script>
<!-- / Yoast SEO plugin. -->

le vendredi soir de 17h à 19h en alternance à la pl. de la Gare et la pl. Neuve; vendredi 26 février le samedi matin de 9h à 11h30 à la place Neuve;&nbsp;samedi 27 février  Nous nous réjouissons de vous rencontrer et d’échanger avec vous sur l’avenir de Pully, de vous présenter nos idées vertes pour Pully et recueillir vos suggestions. Venez faire connaissance avec notre candidat à la Municipalité Lucas Girardet et nos 31 candidat∙e∙s au Conseil communal. A tout bientôt en ville de Pully Les Vert∙e∙s de Pully

le vendredi soir de 17h à 19h en alternance à la pl. de la Gare et la pl. Neuve; vendredi 26 février le samedi matin de 9h à 11h30 à …

• le vendredi soir de 17h à 19h en alternance à la pl. de la Gare et la pl. Neuve; vendredi 26 février • le samedi matin de 9h à 11h30 à la place Neuve;&nbsp;samedi 27 février Nous nous réjouissons de vous rencontrer et d’échanger avec vous sur l’avenir de Pully, de vous présenter nos idées vertes pour Pully et recueillir vos suggestions. Venez faire connaissance avec notre candidat à la Municipalité Lucas Girardet et nos 31 candidat∙e∙s au Conseil communal. A tout bientôt en ville de Pully Les Vert∙e∙s de Pully

Évènements
