{"id":73431,"date":"2022-09-03T19:01:31","date_gmt":"2022-09-03T17:01:31","guid":{"rendered":"https:\/\/vert-e-s-vd.ch\/lavaux-oron\/economie\/economie-verte-copy"},"modified":"2022-09-03T19:03:40","modified_gmt":"2022-09-03T17:03:40","slug":"finances-fiscalite","status":"publish","type":"page","link":"https:\/\/vert-e-s-vd.ch\/lavaux-oron\/economie\/finances-fiscalite","title":{"rendered":"Finances et fiscalit\u00e9"},"content":{"rendered":"","protected":false},"excerpt":{"rendered":"","protected":false},"author":56,"featured_media":73432,"parent":73412,"menu_order":0,"comment_status":"closed","ping_status":"closed","template":"","meta":{"_acf_changed":false,"inline_featured_image":false,"footnotes":""},"class_list":["post-73431","page","type-page","status-publish","has-post-thumbnail","hentry"],"acf":[],"yoast_head":"<!-- This site is optimized with the Yoast SEO plugin v26.9 - https:\/\/yoast.com\/product\/yoast-seo-wordpress\/ -->\n<title>Finances et fiscalit\u00e9 - Les VERT.E.S de Lavaux-Oron<\/title>\n<meta name=\"description\" content=\"La taxation doit \u00eatre gage de solidarit\u00e9, mais aussi d\u2019\u00e9cologie, avec le d\u00e9veloppement d\u2019une vraie fiscalit\u00e9 \u00e9cologique.\" \/>\n<meta name=\"robots\" content=\"index, follow, max-snippet:-1, max-image-preview:large, max-video-preview:-1\" \/>\n<link rel=\"canonical\" href=\"https:\/\/vert-e-s-vd.ch\/lavaux-oron\/economie\/finances-fiscalite\" \/>\n<meta property=\"og:locale\" content=\"fr_FR\" \/>\n<meta property=\"og:type\" content=\"article\" \/>\n<meta property=\"og:title\" content=\"Finances et fiscalit\u00e9 - Les VERT.E.S de Lavaux-Oron\" \/>\n<meta property=\"og:description\" content=\"La taxation doit \u00eatre gage de solidarit\u00e9, mais aussi d\u2019\u00e9cologie, avec le d\u00e9veloppement d\u2019une vraie fiscalit\u00e9 \u00e9cologique.\" \/>\n<meta property=\"og:url\" content=\"https:\/\/vert-e-s-vd.ch\/lavaux-oron\/economie\/finances-fiscalite\" \/>\n<meta property=\"og:site_name\" content=\"Les VERT.E.S de Lavaux-Oron\" \/>\n<meta property=\"article:modified_time\" content=\"2022-09-03T17:03:40+00:00\" \/>\n<meta property=\"og:image\" content=\"https:\/\/vert-e-s-vd.ch\/lavaux-oron\/wp-content\/uploads\/sites\/10\/2022\/09\/theme-finances-fiscalite-1200x0-c-default.jpg\" \/>\n\t<meta property=\"og:image:width\" content=\"1200\" \/>\n\t<meta property=\"og:image:height\" content=\"801\" \/>\n\t<meta property=\"og:image:type\" content=\"image\/jpeg\" \/>\n<meta name=\"twitter:card\" content=\"summary_large_image\" \/>\n<script type=\"application\/ld+json\" class=\"yoast-schema-graph\">{\"@context\":\"https:\/\/schema.org\",\"@graph\":[{\"@type\":\"WebPage\",\"@id\":\"https:\/\/vert-e-s-vd.ch\/lavaux-oron\/economie\/finances-fiscalite\",\"url\":\"https:\/\/vert-e-s-vd.ch\/lavaux-oron\/economie\/finances-fiscalite\",\"name\":\"Finances et fiscalit\u00e9 - Les VERT.E.S de Lavaux-Oron\",\"isPartOf\":{\"@id\":\"https:\/\/vert-e-s-vd.ch\/lavaux-oron\/#website\"},\"primaryImageOfPage\":{\"@id\":\"https:\/\/vert-e-s-vd.ch\/lavaux-oron\/economie\/finances-fiscalite#primaryimage\"},\"image\":{\"@id\":\"https:\/\/vert-e-s-vd.ch\/lavaux-oron\/economie\/finances-fiscalite#primaryimage\"},\"thumbnailUrl\":\"https:\/\/vert-e-s-vd.ch\/lavaux-oron\/wp-content\/uploads\/sites\/10\/2022\/09\/theme-finances-fiscalite-2560x0-c-default.jpg\",\"datePublished\":\"2022-09-03T17:01:31+00:00\",\"dateModified\":\"2022-09-03T17:03:40+00:00\",\"description\":\"La taxation doit \u00eatre gage de solidarit\u00e9, mais aussi d\u2019\u00e9cologie, avec le d\u00e9veloppement d\u2019une vraie fiscalit\u00e9 \u00e9cologique.\",\"breadcrumb\":{\"@id\":\"https:\/\/vert-e-s-vd.ch\/lavaux-oron\/economie\/finances-fiscalite#breadcrumb\"},\"inLanguage\":\"fr-FR\",\"potentialAction\":[{\"@type\":\"ReadAction\",\"target\":[\"https:\/\/vert-e-s-vd.ch\/lavaux-oron\/economie\/finances-fiscalite\"]}]},{\"@type\":\"ImageObject\",\"inLanguage\":\"fr-FR\",\"@id\":\"https:\/\/vert-e-s-vd.ch\/lavaux-oron\/economie\/finances-fiscalite#primaryimage\",\"url\":\"https:\/\/vert-e-s-vd.ch\/lavaux-oron\/wp-content\/uploads\/sites\/10\/2022\/09\/theme-finances-fiscalite-2560x0-c-default.jpg\",\"contentUrl\":\"https:\/\/vert-e-s-vd.ch\/lavaux-oron\/wp-content\/uploads\/sites\/10\/2022\/09\/theme-finances-fiscalite-2560x0-c-default.jpg\",\"width\":2560,\"height\":1709},{\"@type\":\"BreadcrumbList\",\"@id\":\"https:\/\/vert-e-s-vd.ch\/lavaux-oron\/economie\/finances-fiscalite#breadcrumb\",\"itemListElement\":[{\"@type\":\"ListItem\",\"position\":1,\"name\":\"Accueil\",\"item\":\"https:\/\/vert-e-s-vd.ch\/lavaux-oron\/\"},{\"@type\":\"ListItem\",\"position\":2,\"name\":\"Economie\",\"item\":\"https:\/\/vert-e-s-vd.ch\/lavaux-oron\/economie\"},{\"@type\":\"ListItem\",\"position\":3,\"name\":\"Finances et fiscalit\u00e9\"}]},{\"@type\":\"WebSite\",\"@id\":\"https:\/\/vert-e-s-vd.ch\/lavaux-oron\/#website\",\"url\":\"https:\/\/vert-e-s-vd.ch\/lavaux-oron\/\",\"name\":\"Les VERT.E.S de Lavaux-Oron\",\"description\":\"Une longueur d&#039;avance\",\"potentialAction\":[{\"@type\":\"SearchAction\",\"target\":{\"@type\":\"EntryPoint\",\"urlTemplate\":\"https:\/\/vert-e-s-vd.ch\/lavaux-oron\/?s={search_term_string}\"},\"query-input\":{\"@type\":\"PropertyValueSpecification\",\"valueRequired\":true,\"valueName\":\"search_term_string\"}}],\"inLanguage\":\"fr-FR\"}]}<\/script>\n<!-- \/ Yoast SEO plugin. -->","yoast_head_json":{"title":"Finances et fiscalit\u00e9 - Les VERT.E.S de Lavaux-Oron","description":"La taxation doit \u00eatre gage de solidarit\u00e9, mais aussi d\u2019\u00e9cologie, avec le d\u00e9veloppement d\u2019une vraie fiscalit\u00e9 \u00e9cologique.","robots":{"index":"index","follow":"follow","max-snippet":"max-snippet:-1","max-image-preview":"max-image-preview:large","max-video-preview":"max-video-preview:-1"},"canonical":"https:\/\/vert-e-s-vd.ch\/lavaux-oron\/economie\/finances-fiscalite","og_locale":"fr_FR","og_type":"article","og_title":"Finances et fiscalit\u00e9 - Les VERT.E.S de Lavaux-Oron","og_description":"La taxation doit \u00eatre gage de solidarit\u00e9, mais aussi d\u2019\u00e9cologie, avec le d\u00e9veloppement d\u2019une vraie fiscalit\u00e9 \u00e9cologique.","og_url":"https:\/\/vert-e-s-vd.ch\/lavaux-oron\/economie\/finances-fiscalite","og_site_name":"Les VERT.E.S de Lavaux-Oron","article_modified_time":"2022-09-03T17:03:40+00:00","og_image":[{"width":1200,"height":801,"url":"https:\/\/vert-e-s-vd.ch\/lavaux-oron\/wp-content\/uploads\/sites\/10\/2022\/09\/theme-finances-fiscalite-1200x0-c-default.jpg","type":"image\/jpeg"}],"twitter_card":"summary_large_image","schema":{"@context":"https:\/\/schema.org","@graph":[{"@type":"WebPage","@id":"https:\/\/vert-e-s-vd.ch\/lavaux-oron\/economie\/finances-fiscalite","url":"https:\/\/vert-e-s-vd.ch\/lavaux-oron\/economie\/finances-fiscalite","name":"Finances et fiscalit\u00e9 - Les VERT.E.S de Lavaux-Oron","isPartOf":{"@id":"https:\/\/vert-e-s-vd.ch\/lavaux-oron\/#website"},"primaryImageOfPage":{"@id":"https:\/\/vert-e-s-vd.ch\/lavaux-oron\/economie\/finances-fiscalite#primaryimage"},"image":{"@id":"https:\/\/vert-e-s-vd.ch\/lavaux-oron\/economie\/finances-fiscalite#primaryimage"},"thumbnailUrl":"https:\/\/vert-e-s-vd.ch\/lavaux-oron\/wp-content\/uploads\/sites\/10\/2022\/09\/theme-finances-fiscalite-2560x0-c-default.jpg","datePublished":"2022-09-03T17:01:31+00:00","dateModified":"2022-09-03T17:03:40+00:00","description":"La taxation doit \u00eatre gage de solidarit\u00e9, mais aussi d\u2019\u00e9cologie, avec le d\u00e9veloppement d\u2019une vraie fiscalit\u00e9 \u00e9cologique.","breadcrumb":{"@id":"https:\/\/vert-e-s-vd.ch\/lavaux-oron\/economie\/finances-fiscalite#breadcrumb"},"inLanguage":"fr-FR","potentialAction":[{"@type":"ReadAction","target":["https:\/\/vert-e-s-vd.ch\/lavaux-oron\/economie\/finances-fiscalite"]}]},{"@type":"ImageObject","inLanguage":"fr-FR","@id":"https:\/\/vert-e-s-vd.ch\/lavaux-oron\/economie\/finances-fiscalite#primaryimage","url":"https:\/\/vert-e-s-vd.ch\/lavaux-oron\/wp-content\/uploads\/sites\/10\/2022\/09\/theme-finances-fiscalite-2560x0-c-default.jpg","contentUrl":"https:\/\/vert-e-s-vd.ch\/lavaux-oron\/wp-content\/uploads\/sites\/10\/2022\/09\/theme-finances-fiscalite-2560x0-c-default.jpg","width":2560,"height":1709},{"@type":"BreadcrumbList","@id":"https:\/\/vert-e-s-vd.ch\/lavaux-oron\/economie\/finances-fiscalite#breadcrumb","itemListElement":[{"@type":"ListItem","position":1,"name":"Accueil","item":"https:\/\/vert-e-s-vd.ch\/lavaux-oron\/"},{"@type":"ListItem","position":2,"name":"Economie","item":"https:\/\/vert-e-s-vd.ch\/lavaux-oron\/economie"},{"@type":"ListItem","position":3,"name":"Finances et fiscalit\u00e9"}]},{"@type":"WebSite","@id":"https:\/\/vert-e-s-vd.ch\/lavaux-oron\/#website","url":"https:\/\/vert-e-s-vd.ch\/lavaux-oron\/","name":"Les VERT.E.S de Lavaux-Oron","description":"Une longueur d&#039;avance","potentialAction":[{"@type":"SearchAction","target":{"@type":"EntryPoint","urlTemplate":"https:\/\/vert-e-s-vd.ch\/lavaux-oron\/?s={search_term_string}"},"query-input":{"@type":"PropertyValueSpecification","valueRequired":true,"valueName":"search_term_string"}}],"inLanguage":"fr-FR"}]}},"_links":{"self":[{"href":"https:\/\/vert-e-s-vd.ch\/lavaux-oron\/wp-json\/wp\/v2\/pages\/73431","targetHints":{"allow":["GET"]}}],"collection":[{"href":"https:\/\/vert-e-s-vd.ch\/lavaux-oron\/wp-json\/wp\/v2\/pages"}],"about":[{"href":"https:\/\/vert-e-s-vd.ch\/lavaux-oron\/wp-json\/wp\/v2\/types\/page"}],"author":[{"embeddable":true,"href":"https:\/\/vert-e-s-vd.ch\/lavaux-oron\/wp-json\/wp\/v2\/users\/56"}],"replies":[{"embeddable":true,"href":"https:\/\/vert-e-s-vd.ch\/lavaux-oron\/wp-json\/wp\/v2\/comments?post=73431"}],"version-history":[{"count":2,"href":"https:\/\/vert-e-s-vd.ch\/lavaux-oron\/wp-json\/wp\/v2\/pages\/73431\/revisions"}],"predecessor-version":[{"id":73434,"href":"https:\/\/vert-e-s-vd.ch\/lavaux-oron\/wp-json\/wp\/v2\/pages\/73431\/revisions\/73434"}],"up":[{"embeddable":true,"href":"https:\/\/vert-e-s-vd.ch\/lavaux-oron\/wp-json\/wp\/v2\/pages\/73412"}],"wp:featuredmedia":[{"embeddable":true,"href":"https:\/\/vert-e-s-vd.ch\/lavaux-oron\/wp-json\/wp\/v2\/media\/73432"}],"wp:attachment":[{"href":"https:\/\/vert-e-s-vd.ch\/lavaux-oron\/wp-json\/wp\/v2\/media?parent=73431"}],"curies":[{"name":"wp","href":"https:\/\/api.w.org\/{rel}","templated":true}]}}