{"id":75135,"date":"2024-06-28T14:58:11","date_gmt":"2024-06-28T12:58:11","guid":{"rendered":"https:\/\/vert-e-s-vd.ch\/lausanne\/?post_type=tribe_events&#038;p=75135"},"modified":"2024-06-28T14:58:11","modified_gmt":"2024-06-28T12:58:11","slug":"pic-nic-des-quartiers","status":"publish","type":"tribe_events","link":"https:\/\/vert-e-s-vd.ch\/lausanne\/event\/pic-nic-des-quartiers","title":{"rendered":"Pic-nic des quartiers"},"content":{"rendered":"","protected":false},"excerpt":{"rendered":"<p>Les groupes de quartier organisent un piquenique style \u00ab\u00a0buffet canadien\u00a0\u00bb le 23 juillet pour c\u00e9l\u00e9brer l&rsquo;\u00e9t\u00e9, avoir des bonnes discussions et boire un petit verre ensemble. \ud83c\udf77\ud83e\udd64<\/p>\n<ul>\n<li><strong>Quoi<\/strong>: Piquenique buffet canadien: quelques bouteilles de vin\/boissons sans alcool et des choses \u00e0 grignoter seront fournies, mais il serait bien d&rsquo;amener un petit quelque chose si tu as le temps. \ud83e\udd56\ud83e\uddc0<\/li>\n<li><strong>O\u00f9<\/strong>: Parc du Mon Repos, vers l&rsquo;amphith\u00e9\u00e2tre (derri\u00e8re la villa Mon Repos). \ud83c\udf33<\/li>\n<li><strong>Quand<\/strong>: 23 juillet, \u00e0 partir de 17h30. \ud83d\udd60<\/li>\n<li><strong>Qui<\/strong>: Venez avec vos familles et amis ! Tout le monde est bienvenu. \ud83d\udc68\u200d\ud83d\udc69\u200d\ud83d\udc67\u200d\ud83d\udc66<\/li>\n<\/ul>\n<p>Merci de nous laisser savoir si tu penses venir: lausanne@vert-e-s-vd.ch<\/p>\n<p>L&rsquo;\u00e9v\u00e9nement aura lieu seulement s&rsquo;il fait beau, cela sera confirm\u00e9 la veille. \u2600\ufe0f<\/p>\n","protected":false},"author":3,"featured_media":0,"template":"","meta":{"_acf_changed":false,"inline_featured_image":false,"_tribe_events_status":"","_tribe_events_status_reason":"","footnotes":""},"tags":[],"tribe_events_cat":[635],"class_list":["post-75135","tribe_events","type-tribe_events","status-publish","hentry","tribe_events_cat-quartiers","cat_quartiers"],"acf":[],"yoast_head":"<!-- This site is optimized with the Yoast SEO plugin v26.9 - https:\/\/yoast.com\/product\/yoast-seo-wordpress\/ -->\n<title>Les VERT\u00b7E\u00b7S lausannois\u00b7es<\/title>\n<meta name=\"description\" content=\"Les groupes de quartier organisent un piquenique style \u00ab\u00a0buffet canadien\u00a0\u00bb le 23 juillet pour c\u00e9l\u00e9brer l&rsquo;\u00e9t\u00e9, avoir des bonnes discussions et boire un petit verre ensemble. \ud83c\udf77\ud83e\udd64  Quoi: Piquenique buffet canadien: quelques bouteilles de vin\/boissons sans alcool et des choses \u00e0 grignoter seront fournies, mais il serait bien d&rsquo;amener un petit quelque chose si tu as le temps. \ud83e\udd56\ud83e\uddc0 O\u00f9: Parc du Mon Repos, vers l&rsquo;amphith\u00e9\u00e2tre (derri\u00e8re la villa Mon Repos). \ud83c\udf33 Quand: 23 juillet, \u00e0 partir de 17h30. \ud83d\udd60 Qui: Venez avec vos familles et amis ! Tout le monde est bienvenu. \ud83d\udc68\u200d\ud83d\udc69\u200d\ud83d\udc67\u200d\ud83d\udc66  Merci de nous laisser savoir si tu penses venir: lausanne@vert-e-s-vd.ch L&rsquo;\u00e9v\u00e9nement aura lieu seulement s&rsquo;il fait beau, cela sera confirm\u00e9 la veille. \u2600\ufe0f\" \/>\n<meta name=\"robots\" content=\"index, follow, max-snippet:-1, max-image-preview:large, max-video-preview:-1\" \/>\n<link rel=\"canonical\" href=\"https:\/\/vert-e-s-vd.ch\/lausanne\/event\/pic-nic-des-quartiers\" \/>\n<meta property=\"og:locale\" content=\"fr_FR\" \/>\n<meta property=\"og:type\" content=\"article\" \/>\n<meta property=\"og:description\" content=\"Les groupes de quartier organisent un piquenique style \u00ab\u00a0buffet canadien\u00a0\u00bb le 23 juillet pour c\u00e9l\u00e9brer l&rsquo;\u00e9t\u00e9, avoir des \u2026\" \/>\n<meta property=\"og:url\" content=\"https:\/\/vert-e-s-vd.ch\/lausanne\/event\/pic-nic-des-quartiers\" \/>\n<meta property=\"og:site_name\" content=\"Les VERT\u00b7E\u00b7S lausannois\u00b7es\" \/>\n<meta name=\"twitter:card\" content=\"summary_large_image\" \/>\n<meta name=\"twitter:label1\" content=\"Dur\u00e9e de lecture estim\u00e9e\" \/>\n\t<meta name=\"twitter:data1\" content=\"1 minute\" \/>\n<script type=\"application\/ld+json\" class=\"yoast-schema-graph\">{\"@context\":\"https:\/\/schema.org\",\"@graph\":[{\"@type\":\"WebPage\",\"@id\":\"https:\/\/vert-e-s-vd.ch\/lausanne\/event\/pic-nic-des-quartiers\",\"url\":\"https:\/\/vert-e-s-vd.ch\/lausanne\/event\/pic-nic-des-quartiers\",\"name\":\"\",\"isPartOf\":{\"@id\":\"https:\/\/vert-e-s-vd.ch\/lausanne\/#website\"},\"datePublished\":\"2024-06-28T12:58:11+00:00\",\"description\":\"Les groupes de quartier organisent un piquenique style \u00ab\u00a0buffet canadien\u00a0\u00bb le 23 juillet pour c\u00e9l\u00e9brer l&rsquo;\u00e9t\u00e9, avoir des bonnes discussions et boire un petit verre ensemble. \ud83c\udf77\ud83e\udd64 \u2022 Quoi: Piquenique buffet canadien: quelques bouteilles de vin\/boissons sans alcool et des choses \u00e0 grignoter seront fournies, mais il serait bien d&rsquo;amener un petit quelque chose si tu as le temps. \ud83e\udd56\ud83e\uddc0 \u2022 O\u00f9: Parc du Mon Repos, vers l&rsquo;amphith\u00e9\u00e2tre (derri\u00e8re la villa Mon Repos). \ud83c\udf33 \u2022 Quand: 23 juillet, \u00e0 partir de 17h30. \ud83d\udd60 \u2022 Qui: Venez avec vos familles et amis ! Tout le monde est bienvenu. \ud83d\udc68\u200d\ud83d\udc69\u200d\ud83d\udc67\u200d\ud83d\udc66 Merci de nous laisser savoir si tu penses venir: lausanne@vert-e-s-vd.ch L&rsquo;\u00e9v\u00e9nement aura lieu seulement s&rsquo;il fait beau, cela sera confirm\u00e9 la veille. \u2600\ufe0f\",\"breadcrumb\":{\"@id\":\"https:\/\/vert-e-s-vd.ch\/lausanne\/event\/pic-nic-des-quartiers#breadcrumb\"},\"inLanguage\":\"fr-FR\",\"potentialAction\":[{\"@type\":\"ReadAction\",\"target\":[\"https:\/\/vert-e-s-vd.ch\/lausanne\/event\/pic-nic-des-quartiers\"]}]},{\"@type\":\"BreadcrumbList\",\"@id\":\"https:\/\/vert-e-s-vd.ch\/lausanne\/event\/pic-nic-des-quartiers#breadcrumb\",\"itemListElement\":[{\"@type\":\"ListItem\",\"position\":1,\"name\":\"Accueil\",\"item\":\"https:\/\/vert-e-s-vd.ch\/lausanne\/\"},{\"@type\":\"ListItem\",\"position\":2,\"name\":\"Agenda\"}]},{\"@type\":\"WebSite\",\"@id\":\"https:\/\/vert-e-s-vd.ch\/lausanne\/#website\",\"url\":\"https:\/\/vert-e-s-vd.ch\/lausanne\/\",\"name\":\"Les VERT\u00b7E\u00b7S lausannois\u00b7es\",\"description\":\"Une longueur d\u2019avance\",\"potentialAction\":[{\"@type\":\"SearchAction\",\"target\":{\"@type\":\"EntryPoint\",\"urlTemplate\":\"https:\/\/vert-e-s-vd.ch\/lausanne\/?s={search_term_string}\"},\"query-input\":{\"@type\":\"PropertyValueSpecification\",\"valueRequired\":true,\"valueName\":\"search_term_string\"}}],\"inLanguage\":\"fr-FR\"}]}<\/script>\n<!-- \/ Yoast SEO plugin. -->","yoast_head_json":{"title":"Les VERT\u00b7E\u00b7S lausannois\u00b7es","description":"Les groupes de quartier organisent un piquenique style \u00ab\u00a0buffet canadien\u00a0\u00bb le 23 juillet pour c\u00e9l\u00e9brer l&rsquo;\u00e9t\u00e9, avoir des bonnes discussions et boire un petit verre ensemble. \ud83c\udf77\ud83e\udd64  Quoi: Piquenique buffet canadien: quelques bouteilles de vin\/boissons sans alcool et des choses \u00e0 grignoter seront fournies, mais il serait bien d&rsquo;amener un petit quelque chose si tu as le temps. \ud83e\udd56\ud83e\uddc0 O\u00f9: Parc du Mon Repos, vers l&rsquo;amphith\u00e9\u00e2tre (derri\u00e8re la villa Mon Repos). \ud83c\udf33 Quand: 23 juillet, \u00e0 partir de 17h30. \ud83d\udd60 Qui: Venez avec vos familles et amis ! Tout le monde est bienvenu. \ud83d\udc68\u200d\ud83d\udc69\u200d\ud83d\udc67\u200d\ud83d\udc66  Merci de nous laisser savoir si tu penses venir: lausanne@vert-e-s-vd.ch L&rsquo;\u00e9v\u00e9nement aura lieu seulement s&rsquo;il fait beau, cela sera confirm\u00e9 la veille. \u2600\ufe0f","robots":{"index":"index","follow":"follow","max-snippet":"max-snippet:-1","max-image-preview":"max-image-preview:large","max-video-preview":"max-video-preview:-1"},"canonical":"https:\/\/vert-e-s-vd.ch\/lausanne\/event\/pic-nic-des-quartiers","og_locale":"fr_FR","og_type":"article","og_description":"Les groupes de quartier organisent un piquenique style \u00ab\u00a0buffet canadien\u00a0\u00bb le 23 juillet pour c\u00e9l\u00e9brer l&rsquo;\u00e9t\u00e9, avoir des \u2026","og_url":"https:\/\/vert-e-s-vd.ch\/lausanne\/event\/pic-nic-des-quartiers","og_site_name":"Les VERT\u00b7E\u00b7S lausannois\u00b7es","twitter_card":"summary_large_image","twitter_misc":{"Dur\u00e9e de lecture estim\u00e9e":"1 minute"},"schema":{"@context":"https:\/\/schema.org","@graph":[{"@type":"WebPage","@id":"https:\/\/vert-e-s-vd.ch\/lausanne\/event\/pic-nic-des-quartiers","url":"https:\/\/vert-e-s-vd.ch\/lausanne\/event\/pic-nic-des-quartiers","name":"","isPartOf":{"@id":"https:\/\/vert-e-s-vd.ch\/lausanne\/#website"},"datePublished":"2024-06-28T12:58:11+00:00","description":"Les groupes de quartier organisent un piquenique style \u00ab\u00a0buffet canadien\u00a0\u00bb le 23 juillet pour c\u00e9l\u00e9brer l&rsquo;\u00e9t\u00e9, avoir des bonnes discussions et boire un petit verre ensemble. \ud83c\udf77\ud83e\udd64 \u2022 Quoi: Piquenique buffet canadien: quelques bouteilles de vin\/boissons sans alcool et des choses \u00e0 grignoter seront fournies, mais il serait bien d&rsquo;amener un petit quelque chose si tu as le temps. \ud83e\udd56\ud83e\uddc0 \u2022 O\u00f9: Parc du Mon Repos, vers l&rsquo;amphith\u00e9\u00e2tre (derri\u00e8re la villa Mon Repos). \ud83c\udf33 \u2022 Quand: 23 juillet, \u00e0 partir de 17h30. \ud83d\udd60 \u2022 Qui: Venez avec vos familles et amis ! Tout le monde est bienvenu. \ud83d\udc68\u200d\ud83d\udc69\u200d\ud83d\udc67\u200d\ud83d\udc66 Merci de nous laisser savoir si tu penses venir: lausanne@vert-e-s-vd.ch L&rsquo;\u00e9v\u00e9nement aura lieu seulement s&rsquo;il fait beau, cela sera confirm\u00e9 la veille. \u2600\ufe0f","breadcrumb":{"@id":"https:\/\/vert-e-s-vd.ch\/lausanne\/event\/pic-nic-des-quartiers#breadcrumb"},"inLanguage":"fr-FR","potentialAction":[{"@type":"ReadAction","target":["https:\/\/vert-e-s-vd.ch\/lausanne\/event\/pic-nic-des-quartiers"]}]},{"@type":"BreadcrumbList","@id":"https:\/\/vert-e-s-vd.ch\/lausanne\/event\/pic-nic-des-quartiers#breadcrumb","itemListElement":[{"@type":"ListItem","position":1,"name":"Accueil","item":"https:\/\/vert-e-s-vd.ch\/lausanne\/"},{"@type":"ListItem","position":2,"name":"Agenda"}]},{"@type":"WebSite","@id":"https:\/\/vert-e-s-vd.ch\/lausanne\/#website","url":"https:\/\/vert-e-s-vd.ch\/lausanne\/","name":"Les VERT\u00b7E\u00b7S lausannois\u00b7es","description":"Une longueur d\u2019avance","potentialAction":[{"@type":"SearchAction","target":{"@type":"EntryPoint","urlTemplate":"https:\/\/vert-e-s-vd.ch\/lausanne\/?s={search_term_string}"},"query-input":{"@type":"PropertyValueSpecification","valueRequired":true,"valueName":"search_term_string"}}],"inLanguage":"fr-FR"}]}},"_links":{"self":[{"href":"https:\/\/vert-e-s-vd.ch\/lausanne\/wp-json\/wp\/v2\/tribe_events\/75135","targetHints":{"allow":["GET"]}}],"collection":[{"href":"https:\/\/vert-e-s-vd.ch\/lausanne\/wp-json\/wp\/v2\/tribe_events"}],"about":[{"href":"https:\/\/vert-e-s-vd.ch\/lausanne\/wp-json\/wp\/v2\/types\/tribe_events"}],"author":[{"embeddable":true,"href":"https:\/\/vert-e-s-vd.ch\/lausanne\/wp-json\/wp\/v2\/users\/3"}],"version-history":[{"count":1,"href":"https:\/\/vert-e-s-vd.ch\/lausanne\/wp-json\/wp\/v2\/tribe_events\/75135\/revisions"}],"predecessor-version":[{"id":75138,"href":"https:\/\/vert-e-s-vd.ch\/lausanne\/wp-json\/wp\/v2\/tribe_events\/75135\/revisions\/75138"}],"wp:attachment":[{"href":"https:\/\/vert-e-s-vd.ch\/lausanne\/wp-json\/wp\/v2\/media?parent=75135"}],"wp:term":[{"taxonomy":"post_tag","embeddable":true,"href":"https:\/\/vert-e-s-vd.ch\/lausanne\/wp-json\/wp\/v2\/tags?post=75135"},{"taxonomy":"tribe_events_cat","embeddable":true,"href":"https:\/\/vert-e-s-vd.ch\/lausanne\/wp-json\/wp\/v2\/tribe_events_cat?post=75135"}],"curies":[{"name":"wp","href":"https:\/\/api.w.org\/{rel}","templated":true}]}}

<p>Les groupes de quartier organisent un piquenique style « buffet canadien » le 23 juillet pour célébrer l&rsquo;été, avoir des bonnes discussions et boire un petit verre ensemble. 🍷🥤</p>
<ul>
<li><strong>Quoi</strong>: Piquenique buffet canadien: quelques bouteilles de vin/boissons sans alcool et des choses à grignoter seront fournies, mais il serait bien d&rsquo;amener un petit quelque chose si tu as le temps. 🥖🧀</li>
<li><strong>Où</strong>: Parc du Mon Repos, vers l&rsquo;amphithéâtre (derrière la villa Mon Repos). 🌳</li>
<li><strong>Quand</strong>: 23 juillet, à partir de 17h30. 🕠</li>
<li><strong>Qui</strong>: Venez avec vos familles et amis ! Tout le monde est bienvenu. 👨‍👩‍👧‍👦</li>
</ul>
<p>Merci de nous laisser savoir si tu penses venir: lausanne@vert-e-s-vd.ch</p>
<p>L&rsquo;événement aura lieu seulement s&rsquo;il fait beau, cela sera confirmé la veille. ☀️</p>

<!-- This site is optimized with the Yoast SEO plugin v26.9 - https://yoast.com/product/yoast-seo-wordpress/ -->
<title>Les VERT·E·S lausannois·es</title>
<meta name="description" content="Les groupes de quartier organisent un piquenique style « buffet canadien » le 23 juillet pour célébrer l&rsquo;été, avoir des bonnes discussions et boire un petit verre ensemble. 🍷🥤  Quoi: Piquenique buffet canadien: quelques bouteilles de vin/boissons sans alcool et des choses à grignoter seront fournies, mais il serait bien d&rsquo;amener un petit quelque chose si tu as le temps. 🥖🧀 Où: Parc du Mon Repos, vers l&rsquo;amphithéâtre (derrière la villa Mon Repos). 🌳 Quand: 23 juillet, à partir de 17h30. 🕠 Qui: Venez avec vos familles et amis ! Tout le monde est bienvenu. 👨‍👩‍👧‍👦  Merci de nous laisser savoir si tu penses venir: lausanne@vert-e-s-vd.ch L&rsquo;événement aura lieu seulement s&rsquo;il fait beau, cela sera confirmé la veille. ☀️" />
<meta name="robots" content="index, follow, max-snippet:-1, max-image-preview:large, max-video-preview:-1" />
<link rel="canonical" href="https://vert-e-s-vd.ch/lausanne/event/pic-nic-des-quartiers" />
<meta property="og:locale" content="fr_FR" />
<meta property="og:type" content="article" />
<meta property="og:description" content="Les groupes de quartier organisent un piquenique style « buffet canadien » le 23 juillet pour célébrer l&rsquo;été, avoir des …" />
<meta property="og:url" content="https://vert-e-s-vd.ch/lausanne/event/pic-nic-des-quartiers" />
<meta property="og:site_name" content="Les VERT·E·S lausannois·es" />
<meta name="twitter:card" content="summary_large_image" />
<meta name="twitter:label1" content="Durée de lecture estimée" />
	<meta name="twitter:data1" content="1 minute" />
<script type="application/ld+json" class="yoast-schema-graph">{"@context":"https://schema.org","@graph":[{"@type":"WebPage","@id":"https://vert-e-s-vd.ch/lausanne/event/pic-nic-des-quartiers","url":"https://vert-e-s-vd.ch/lausanne/event/pic-nic-des-quartiers","name":"","isPartOf":{"@id":"https://vert-e-s-vd.ch/lausanne/#website"},"datePublished":"2024-06-28T12:58:11+00:00","description":"Les groupes de quartier organisent un piquenique style « buffet canadien » le 23 juillet pour célébrer l&rsquo;été, avoir des bonnes discussions et boire un petit verre ensemble. 🍷🥤 • Quoi: Piquenique buffet canadien: quelques bouteilles de vin/boissons sans alcool et des choses à grignoter seront fournies, mais il serait bien d&rsquo;amener un petit quelque chose si tu as le temps. 🥖🧀 • Où: Parc du Mon Repos, vers l&rsquo;amphithéâtre (derrière la villa Mon Repos). 🌳 • Quand: 23 juillet, à partir de 17h30. 🕠 • Qui: Venez avec vos familles et amis ! Tout le monde est bienvenu. 👨‍👩‍👧‍👦 Merci de nous laisser savoir si tu penses venir: lausanne@vert-e-s-vd.ch L&rsquo;événement aura lieu seulement s&rsquo;il fait beau, cela sera confirmé la veille. ☀️","breadcrumb":{"@id":"https://vert-e-s-vd.ch/lausanne/event/pic-nic-des-quartiers#breadcrumb"},"inLanguage":"fr-FR","potentialAction":[{"@type":"ReadAction","target":["https://vert-e-s-vd.ch/lausanne/event/pic-nic-des-quartiers"]}]},{"@type":"BreadcrumbList","@id":"https://vert-e-s-vd.ch/lausanne/event/pic-nic-des-quartiers#breadcrumb","itemListElement":[{"@type":"ListItem","position":1,"name":"Accueil","item":"https://vert-e-s-vd.ch/lausanne/"},{"@type":"ListItem","position":2,"name":"Agenda"}]},{"@type":"WebSite","@id":"https://vert-e-s-vd.ch/lausanne/#website","url":"https://vert-e-s-vd.ch/lausanne/","name":"Les VERT·E·S lausannois·es","description":"Une longueur d’avance","potentialAction":[{"@type":"SearchAction","target":{"@type":"EntryPoint","urlTemplate":"https://vert-e-s-vd.ch/lausanne/?s={search_term_string}"},"query-input":{"@type":"PropertyValueSpecification","valueRequired":true,"valueName":"search_term_string"}}],"inLanguage":"fr-FR"}]}</script>
<!-- / Yoast SEO plugin. -->

Les groupes de quartier organisent un piquenique style « buffet canadien » le 23 juillet pour célébrer l&rsquo;été, avoir des bonnes discussions et boire un petit verre ensemble. 🍷🥤  Quoi: Piquenique buffet canadien: quelques bouteilles de vin/boissons sans alcool et des choses à grignoter seront fournies, mais il serait bien d&rsquo;amener un petit quelque chose si tu as le temps. 🥖🧀 Où: Parc du Mon Repos, vers l&rsquo;amphithéâtre (derrière la villa Mon Repos). 🌳 Quand: 23 juillet, à partir de 17h30. 🕠 Qui: Venez avec vos familles et amis ! Tout le monde est bienvenu. 👨‍👩‍👧‍👦  Merci de nous laisser savoir si tu penses venir: lausanne@vert-e-s-vd.ch L&rsquo;événement aura lieu seulement s&rsquo;il fait beau, cela sera confirmé la veille. ☀️

Les groupes de quartier organisent un piquenique style « buffet canadien » le 23 juillet pour célébrer l&rsquo;été, avoir des …

Les groupes de quartier organisent un piquenique style « buffet canadien » le 23 juillet pour célébrer l&rsquo;été, avoir des bonnes discussions et boire un petit verre ensemble. 🍷🥤 • Quoi: Piquenique buffet canadien: quelques bouteilles de vin/boissons sans alcool et des choses à grignoter seront fournies, mais il serait bien d&rsquo;amener un petit quelque chose si tu as le temps. 🥖🧀 • Où: Parc du Mon Repos, vers l&rsquo;amphithéâtre (derrière la villa Mon Repos). 🌳 • Quand: 23 juillet, à partir de 17h30. 🕠 • Qui: Venez avec vos familles et amis ! Tout le monde est bienvenu. 👨‍👩‍👧‍👦 Merci de nous laisser savoir si tu penses venir: lausanne@vert-e-s-vd.ch L&rsquo;événement aura lieu seulement s&rsquo;il fait beau, cela sera confirmé la veille. ☀️
