{"id":74615,"date":"2023-08-25T12:35:10","date_gmt":"2023-08-25T10:35:10","guid":{"rendered":"https:\/\/vert-e-s-vd.ch\/lausanne\/?post_type=tribe_events&#038;p=74615"},"modified":"2023-08-25T12:37:46","modified_gmt":"2023-08-25T10:37:46","slug":"table-ronde-sante-sexuelle","status":"publish","type":"tribe_events","link":"https:\/\/vert-e-s-vd.ch\/lausanne\/event\/table-ronde-sante-sexuelle","title":{"rendered":"Table ronde : Sant\u00e9 sexuelle"},"content":{"rendered":"","protected":false},"excerpt":{"rendered":"<p>Table ronde sur la sant\u00e9 sexuelle organis\u00e9e par la Fondation PROFA autour de <strong>L\u00e9onore Porchet<\/strong>, conseill\u00e8re nationale et pr\u00e9sidente de sant\u00e9 sexuelle suisse. Elle aura le plaisir d&rsquo;\u00e9changer avec trois sp\u00e9cialistes du domaine :<\/p>\n<p><strong>Sylvan Berrut<\/strong>, collaborataire du P\u00f4le trans du Checkpoint Vaud<br \/>\n<strong>Vanessa Christinet<\/strong>, m\u00e9decin responsable du Checkpoint Vaud<br \/>\n<strong>Catherine Gruillot<\/strong>, cheffe de service et m\u00e9decin responsable de la Consultation de sant\u00e9 sexuelle de la Fondation PROFA<\/p>\n<p><a href=\"https:\/\/www.profa.ch\/events\/rdv-06-09-2023\">Plus d&rsquo;informations et inscriptions<\/a><\/p>\n","protected":false},"author":3,"featured_media":0,"template":"","meta":{"_acf_changed":false,"inline_featured_image":false,"_tribe_events_status":"","_tribe_events_status_reason":"","footnotes":""},"tags":[638,406],"tribe_events_cat":[559],"class_list":["post-74615","tribe_events","type-tribe_events","status-publish","hentry","tag-leonore-porchet","tag-sante","tribe_events_cat-idee-verte","cat_idee-verte"],"acf":[],"yoast_head":"<!-- This site is optimized with the Yoast SEO plugin v26.9 - https:\/\/yoast.com\/product\/yoast-seo-wordpress\/ -->\n<title>Les VERT\u00b7E\u00b7S lausannois\u00b7es<\/title>\n<meta name=\"description\" content=\"Table ronde sur la sant\u00e9 sexuelle organis\u00e9e par la Fondation PROFA autour de L\u00e9onore Porchet, conseill\u00e8re nationale et pr\u00e9sidente de sant\u00e9 sexuelle suisse. Elle aura le plaisir d&rsquo;\u00e9changer avec trois sp\u00e9cialistes du domaine : Sylvan Berrut, collaborataire du P\u00f4le trans du Checkpoint Vaud Vanessa Christinet, m\u00e9decin responsable du Checkpoint Vaud Catherine Gruillot, cheffe de service et m\u00e9decin responsable de la Consultation de sant\u00e9 sexuelle de la Fondation PROFA Plus d&rsquo;informations et inscriptions\" \/>\n<meta name=\"robots\" content=\"index, follow, max-snippet:-1, max-image-preview:large, max-video-preview:-1\" \/>\n<link rel=\"canonical\" href=\"https:\/\/vert-e-s-vd.ch\/lausanne\/event\/table-ronde-sante-sexuelle\" \/>\n<meta property=\"og:locale\" content=\"fr_FR\" \/>\n<meta property=\"og:type\" content=\"article\" \/>\n<meta property=\"og:description\" content=\"Table ronde sur la sant\u00e9 sexuelle organis\u00e9e par la Fondation PROFA autour de L\u00e9onore Porchet, conseill\u00e8re nationale et pr\u00e9sidente de \u2026\" \/>\n<meta property=\"og:url\" content=\"https:\/\/vert-e-s-vd.ch\/lausanne\/event\/table-ronde-sante-sexuelle\" \/>\n<meta property=\"og:site_name\" content=\"Les VERT\u00b7E\u00b7S lausannois\u00b7es\" \/>\n<meta property=\"article:modified_time\" content=\"2023-08-25T10:37:46+00:00\" \/>\n<meta name=\"twitter:card\" content=\"summary_large_image\" \/>\n<script type=\"application\/ld+json\" class=\"yoast-schema-graph\">{\"@context\":\"https:\/\/schema.org\",\"@graph\":[{\"@type\":\"WebPage\",\"@id\":\"https:\/\/vert-e-s-vd.ch\/lausanne\/event\/table-ronde-sante-sexuelle\",\"url\":\"https:\/\/vert-e-s-vd.ch\/lausanne\/event\/table-ronde-sante-sexuelle\",\"name\":\"\",\"isPartOf\":{\"@id\":\"https:\/\/vert-e-s-vd.ch\/lausanne\/#website\"},\"datePublished\":\"2023-08-25T10:35:10+00:00\",\"dateModified\":\"2023-08-25T10:37:46+00:00\",\"description\":\"Table ronde sur la sant\u00e9 sexuelle organis\u00e9e par la Fondation PROFA autour de L\u00e9onore Porchet, conseill\u00e8re nationale et pr\u00e9sidente de sant\u00e9 sexuelle suisse. Elle aura le plaisir d&rsquo;\u00e9changer avec trois sp\u00e9cialistes du domaine : Sylvan Berrut, collaborataire du P\u00f4le trans du Checkpoint Vaud Vanessa Christinet, m\u00e9decin responsable du Checkpoint Vaud Catherine Gruillot, cheffe de service et m\u00e9decin responsable de la Consultation de sant\u00e9 sexuelle de la Fondation PROFA Plus d&rsquo;informations et inscriptions\",\"breadcrumb\":{\"@id\":\"https:\/\/vert-e-s-vd.ch\/lausanne\/event\/table-ronde-sante-sexuelle#breadcrumb\"},\"inLanguage\":\"fr-FR\",\"potentialAction\":[{\"@type\":\"ReadAction\",\"target\":[\"https:\/\/vert-e-s-vd.ch\/lausanne\/event\/table-ronde-sante-sexuelle\"]}]},{\"@type\":\"BreadcrumbList\",\"@id\":\"https:\/\/vert-e-s-vd.ch\/lausanne\/event\/table-ronde-sante-sexuelle#breadcrumb\",\"itemListElement\":[{\"@type\":\"ListItem\",\"position\":1,\"name\":\"Accueil\",\"item\":\"https:\/\/vert-e-s-vd.ch\/lausanne\/\"},{\"@type\":\"ListItem\",\"position\":2,\"name\":\"Agenda\"}]},{\"@type\":\"WebSite\",\"@id\":\"https:\/\/vert-e-s-vd.ch\/lausanne\/#website\",\"url\":\"https:\/\/vert-e-s-vd.ch\/lausanne\/\",\"name\":\"Les VERT\u00b7E\u00b7S lausannois\u00b7es\",\"description\":\"Une longueur d\u2019avance\",\"potentialAction\":[{\"@type\":\"SearchAction\",\"target\":{\"@type\":\"EntryPoint\",\"urlTemplate\":\"https:\/\/vert-e-s-vd.ch\/lausanne\/?s={search_term_string}\"},\"query-input\":{\"@type\":\"PropertyValueSpecification\",\"valueRequired\":true,\"valueName\":\"search_term_string\"}}],\"inLanguage\":\"fr-FR\"}]}<\/script>\n<!-- \/ Yoast SEO plugin. -->","yoast_head_json":{"title":"Les VERT\u00b7E\u00b7S lausannois\u00b7es","description":"Table ronde sur la sant\u00e9 sexuelle organis\u00e9e par la Fondation PROFA autour de L\u00e9onore Porchet, conseill\u00e8re nationale et pr\u00e9sidente de sant\u00e9 sexuelle suisse. Elle aura le plaisir d&rsquo;\u00e9changer avec trois sp\u00e9cialistes du domaine : Sylvan Berrut, collaborataire du P\u00f4le trans du Checkpoint Vaud Vanessa Christinet, m\u00e9decin responsable du Checkpoint Vaud Catherine Gruillot, cheffe de service et m\u00e9decin responsable de la Consultation de sant\u00e9 sexuelle de la Fondation PROFA Plus d&rsquo;informations et inscriptions","robots":{"index":"index","follow":"follow","max-snippet":"max-snippet:-1","max-image-preview":"max-image-preview:large","max-video-preview":"max-video-preview:-1"},"canonical":"https:\/\/vert-e-s-vd.ch\/lausanne\/event\/table-ronde-sante-sexuelle","og_locale":"fr_FR","og_type":"article","og_description":"Table ronde sur la sant\u00e9 sexuelle organis\u00e9e par la Fondation PROFA autour de L\u00e9onore Porchet, conseill\u00e8re nationale et pr\u00e9sidente de \u2026","og_url":"https:\/\/vert-e-s-vd.ch\/lausanne\/event\/table-ronde-sante-sexuelle","og_site_name":"Les VERT\u00b7E\u00b7S lausannois\u00b7es","article_modified_time":"2023-08-25T10:37:46+00:00","twitter_card":"summary_large_image","schema":{"@context":"https:\/\/schema.org","@graph":[{"@type":"WebPage","@id":"https:\/\/vert-e-s-vd.ch\/lausanne\/event\/table-ronde-sante-sexuelle","url":"https:\/\/vert-e-s-vd.ch\/lausanne\/event\/table-ronde-sante-sexuelle","name":"","isPartOf":{"@id":"https:\/\/vert-e-s-vd.ch\/lausanne\/#website"},"datePublished":"2023-08-25T10:35:10+00:00","dateModified":"2023-08-25T10:37:46+00:00","description":"Table ronde sur la sant\u00e9 sexuelle organis\u00e9e par la Fondation PROFA autour de L\u00e9onore Porchet, conseill\u00e8re nationale et pr\u00e9sidente de sant\u00e9 sexuelle suisse. Elle aura le plaisir d&rsquo;\u00e9changer avec trois sp\u00e9cialistes du domaine : Sylvan Berrut, collaborataire du P\u00f4le trans du Checkpoint Vaud Vanessa Christinet, m\u00e9decin responsable du Checkpoint Vaud Catherine Gruillot, cheffe de service et m\u00e9decin responsable de la Consultation de sant\u00e9 sexuelle de la Fondation PROFA Plus d&rsquo;informations et inscriptions","breadcrumb":{"@id":"https:\/\/vert-e-s-vd.ch\/lausanne\/event\/table-ronde-sante-sexuelle#breadcrumb"},"inLanguage":"fr-FR","potentialAction":[{"@type":"ReadAction","target":["https:\/\/vert-e-s-vd.ch\/lausanne\/event\/table-ronde-sante-sexuelle"]}]},{"@type":"BreadcrumbList","@id":"https:\/\/vert-e-s-vd.ch\/lausanne\/event\/table-ronde-sante-sexuelle#breadcrumb","itemListElement":[{"@type":"ListItem","position":1,"name":"Accueil","item":"https:\/\/vert-e-s-vd.ch\/lausanne\/"},{"@type":"ListItem","position":2,"name":"Agenda"}]},{"@type":"WebSite","@id":"https:\/\/vert-e-s-vd.ch\/lausanne\/#website","url":"https:\/\/vert-e-s-vd.ch\/lausanne\/","name":"Les VERT\u00b7E\u00b7S lausannois\u00b7es","description":"Une longueur d\u2019avance","potentialAction":[{"@type":"SearchAction","target":{"@type":"EntryPoint","urlTemplate":"https:\/\/vert-e-s-vd.ch\/lausanne\/?s={search_term_string}"},"query-input":{"@type":"PropertyValueSpecification","valueRequired":true,"valueName":"search_term_string"}}],"inLanguage":"fr-FR"}]}},"_links":{"self":[{"href":"https:\/\/vert-e-s-vd.ch\/lausanne\/wp-json\/wp\/v2\/tribe_events\/74615","targetHints":{"allow":["GET"]}}],"collection":[{"href":"https:\/\/vert-e-s-vd.ch\/lausanne\/wp-json\/wp\/v2\/tribe_events"}],"about":[{"href":"https:\/\/vert-e-s-vd.ch\/lausanne\/wp-json\/wp\/v2\/types\/tribe_events"}],"author":[{"embeddable":true,"href":"https:\/\/vert-e-s-vd.ch\/lausanne\/wp-json\/wp\/v2\/users\/3"}],"version-history":[{"count":2,"href":"https:\/\/vert-e-s-vd.ch\/lausanne\/wp-json\/wp\/v2\/tribe_events\/74615\/revisions"}],"predecessor-version":[{"id":74618,"href":"https:\/\/vert-e-s-vd.ch\/lausanne\/wp-json\/wp\/v2\/tribe_events\/74615\/revisions\/74618"}],"wp:attachment":[{"href":"https:\/\/vert-e-s-vd.ch\/lausanne\/wp-json\/wp\/v2\/media?parent=74615"}],"wp:term":[{"taxonomy":"post_tag","embeddable":true,"href":"https:\/\/vert-e-s-vd.ch\/lausanne\/wp-json\/wp\/v2\/tags?post=74615"},{"taxonomy":"tribe_events_cat","embeddable":true,"href":"https:\/\/vert-e-s-vd.ch\/lausanne\/wp-json\/wp\/v2\/tribe_events_cat?post=74615"}],"curies":[{"name":"wp","href":"https:\/\/api.w.org\/{rel}","templated":true}]}}

Table ronde : Santé sexuelle

<p>Table ronde sur la santé sexuelle organisée par la Fondation PROFA autour de <strong>Léonore Porchet</strong>, conseillère nationale et présidente de santé sexuelle suisse. Elle aura le plaisir d&rsquo;échanger avec trois spécialistes du domaine :</p>
<p><strong>Sylvan Berrut</strong>, collaborataire du Pôle trans du Checkpoint Vaud<br />
<strong>Vanessa Christinet</strong>, médecin responsable du Checkpoint Vaud<br />
<strong>Catherine Gruillot</strong>, cheffe de service et médecin responsable de la Consultation de santé sexuelle de la Fondation PROFA</p>
<p><a href="https://www.profa.ch/events/rdv-06-09-2023">Plus d&rsquo;informations et inscriptions</a></p>

<!-- This site is optimized with the Yoast SEO plugin v26.9 - https://yoast.com/product/yoast-seo-wordpress/ -->
<title>Les VERT·E·S lausannois·es</title>
<meta name="description" content="Table ronde sur la santé sexuelle organisée par la Fondation PROFA autour de Léonore Porchet, conseillère nationale et présidente de santé sexuelle suisse. Elle aura le plaisir d&rsquo;échanger avec trois spécialistes du domaine : Sylvan Berrut, collaborataire du Pôle trans du Checkpoint Vaud Vanessa Christinet, médecin responsable du Checkpoint Vaud Catherine Gruillot, cheffe de service et médecin responsable de la Consultation de santé sexuelle de la Fondation PROFA Plus d&rsquo;informations et inscriptions" />
<meta name="robots" content="index, follow, max-snippet:-1, max-image-preview:large, max-video-preview:-1" />
<link rel="canonical" href="https://vert-e-s-vd.ch/lausanne/event/table-ronde-sante-sexuelle" />
<meta property="og:locale" content="fr_FR" />
<meta property="og:type" content="article" />
<meta property="og:description" content="Table ronde sur la santé sexuelle organisée par la Fondation PROFA autour de Léonore Porchet, conseillère nationale et présidente de …" />
<meta property="og:url" content="https://vert-e-s-vd.ch/lausanne/event/table-ronde-sante-sexuelle" />
<meta property="og:site_name" content="Les VERT·E·S lausannois·es" />
<meta property="article:modified_time" content="2023-08-25T10:37:46+00:00" />
<meta name="twitter:card" content="summary_large_image" />
<script type="application/ld+json" class="yoast-schema-graph">{"@context":"https://schema.org","@graph":[{"@type":"WebPage","@id":"https://vert-e-s-vd.ch/lausanne/event/table-ronde-sante-sexuelle","url":"https://vert-e-s-vd.ch/lausanne/event/table-ronde-sante-sexuelle","name":"","isPartOf":{"@id":"https://vert-e-s-vd.ch/lausanne/#website"},"datePublished":"2023-08-25T10:35:10+00:00","dateModified":"2023-08-25T10:37:46+00:00","description":"Table ronde sur la santé sexuelle organisée par la Fondation PROFA autour de Léonore Porchet, conseillère nationale et présidente de santé sexuelle suisse. Elle aura le plaisir d&rsquo;échanger avec trois spécialistes du domaine : Sylvan Berrut, collaborataire du Pôle trans du Checkpoint Vaud Vanessa Christinet, médecin responsable du Checkpoint Vaud Catherine Gruillot, cheffe de service et médecin responsable de la Consultation de santé sexuelle de la Fondation PROFA Plus d&rsquo;informations et inscriptions","breadcrumb":{"@id":"https://vert-e-s-vd.ch/lausanne/event/table-ronde-sante-sexuelle#breadcrumb"},"inLanguage":"fr-FR","potentialAction":[{"@type":"ReadAction","target":["https://vert-e-s-vd.ch/lausanne/event/table-ronde-sante-sexuelle"]}]},{"@type":"BreadcrumbList","@id":"https://vert-e-s-vd.ch/lausanne/event/table-ronde-sante-sexuelle#breadcrumb","itemListElement":[{"@type":"ListItem","position":1,"name":"Accueil","item":"https://vert-e-s-vd.ch/lausanne/"},{"@type":"ListItem","position":2,"name":"Agenda"}]},{"@type":"WebSite","@id":"https://vert-e-s-vd.ch/lausanne/#website","url":"https://vert-e-s-vd.ch/lausanne/","name":"Les VERT·E·S lausannois·es","description":"Une longueur d’avance","potentialAction":[{"@type":"SearchAction","target":{"@type":"EntryPoint","urlTemplate":"https://vert-e-s-vd.ch/lausanne/?s={search_term_string}"},"query-input":{"@type":"PropertyValueSpecification","valueRequired":true,"valueName":"search_term_string"}}],"inLanguage":"fr-FR"}]}</script>
<!-- / Yoast SEO plugin. -->

Table ronde sur la santé sexuelle organisée par la Fondation PROFA autour de Léonore Porchet, conseillère nationale et présidente de santé sexuelle suisse. Elle aura le plaisir d&rsquo;échanger avec trois spécialistes du domaine : Sylvan Berrut, collaborataire du Pôle trans du Checkpoint Vaud Vanessa Christinet, médecin responsable du Checkpoint Vaud Catherine Gruillot, cheffe de service et médecin responsable de la Consultation de santé sexuelle de la Fondation PROFA Plus d&rsquo;informations et inscriptions

Table ronde sur la santé sexuelle organisée par la Fondation PROFA autour de Léonore Porchet, conseillère nationale et présidente de …
