{"id":74231,"date":"2023-03-15T11:48:49","date_gmt":"2023-03-15T10:48:49","guid":{"rendered":"https:\/\/vert-e-s-vd.ch\/lausanne\/?post_type=tribe_events&#038;p=74231"},"modified":"2023-05-30T20:20:32","modified_gmt":"2023-05-30T18:20:32","slug":"epicerie-coupe-circuit","status":"publish","type":"tribe_events","link":"https:\/\/vert-e-s-vd.ch\/lausanne\/event\/epicerie-coupe-circuit","title":{"rendered":"Epicerie Coupe-Circuit"},"content":{"rendered":"","protected":false},"excerpt":{"rendered":"<p>Une toute nouvelle \u00e9picerie coop\u00e9rative a vue le jour cet automne \u00e0 Lausanne. L\u2019\u00e9picerie Coupe-Circuit est exclusivement g\u00e9r\u00e9e par ses membres. Ce fonctionnement partag\u00e9 r\u00e9duit les marges et offre l\u2019acc\u00e8s \u00e0 des produits bio, locaux et \u00e9thiques \u00e0 des prix accessibles. Ce projet est soutenu par le Service d\u2019architecture et du logement de Natacha Litzistorf et le Budget Participatif de la Ville de Lausanne.<br \/>\nNgoc-Huy Ho, conseiller communal et cofondateur de l\u2019\u00e9picerie, nous invite \u00e0 une visite avec une petite verr\u00e9e pour terminer.<br \/>\nPlace de la Riponne 10 (\u00e0 10m de Magasin du Monde), 18h<br \/>\n<a href=\"https:\/\/coupe-circuit.ch\/\">Plus d\u2019informations<\/a><br \/>\nContact :&nbsp; <a href=\"mailto:huyho3@gmail.com\">huyho3@gmail.com<\/a>&nbsp; &nbsp;<br \/>\n<a href=\"https:\/\/cally.com\/event\/availability\/p8xc7jxxp4cnyqes\">S&rsquo;inscrire<\/a><\/p>\n","protected":false},"author":3,"featured_media":0,"template":"","meta":{"_acf_changed":false,"inline_featured_image":false,"_tribe_events_status":"","_tribe_events_status_reason":"","footnotes":""},"tags":[636],"tribe_events_cat":[635],"class_list":["post-74231","tribe_events","type-tribe_events","status-publish","hentry","tag-groupes_quartier","tribe_events_cat-quartiers","cat_quartiers"],"acf":[],"yoast_head":"<!-- This site is optimized with the Yoast SEO plugin v26.9 - https:\/\/yoast.com\/product\/yoast-seo-wordpress\/ -->\n<title>Les VERT\u00b7E\u00b7S lausannois\u00b7es<\/title>\n<meta name=\"description\" content=\"Une toute nouvelle \u00e9picerie coop\u00e9rative a vue le jour cet automne \u00e0 Lausanne. L\u2019\u00e9picerie Coupe-Circuit est exclusivement g\u00e9r\u00e9e par ses membres. Ce fonctionnement partag\u00e9 r\u00e9duit les marges et offre l\u2019acc\u00e8s \u00e0 des produits bio, locaux et \u00e9thiques \u00e0 des prix accessibles. Ce projet est soutenu par le Service d\u2019architecture et du logement de Natacha Litzistorf et le Budget Participatif de la Ville de Lausanne. Ngoc-Huy Ho, conseiller communal et cofondateur de l\u2019\u00e9picerie, nous invite \u00e0 une visite avec une petite verr\u00e9e pour terminer. Place de la Riponne 10 (\u00e0 10m de Magasin du Monde), 18h Plus d\u2019informations Contact :&nbsp; huyho3@gmail.com&nbsp; &nbsp; S&rsquo;inscrire\" \/>\n<meta name=\"robots\" content=\"index, follow, max-snippet:-1, max-image-preview:large, max-video-preview:-1\" \/>\n<link rel=\"canonical\" href=\"https:\/\/vert-e-s-vd.ch\/lausanne\/event\/epicerie-coupe-circuit\" \/>\n<meta property=\"og:locale\" content=\"fr_FR\" \/>\n<meta property=\"og:type\" content=\"article\" \/>\n<meta property=\"og:title\" content=\"Visite de l&#039;\u00e9picerie Coupe-Circuit\" \/>\n<meta property=\"og:description\" content=\"Une toute nouvelle \u00e9picerie coop\u00e9rative a vue le jour cet automne \u00e0 Lausanne. L\u2019\u00e9picerie Coupe-Circuit est exclusivement g\u00e9r\u00e9e par \u2026\" \/>\n<meta property=\"og:url\" content=\"https:\/\/vert-e-s-vd.ch\/lausanne\/event\/epicerie-coupe-circuit\" \/>\n<meta property=\"og:site_name\" content=\"Les VERT\u00b7E\u00b7S lausannois\u00b7es\" \/>\n<meta property=\"article:modified_time\" content=\"2023-05-30T18:20:32+00:00\" \/>\n<meta property=\"og:image\" content=\"https:\/\/vert-e-s-vd.ch\/lausanne\/wp-content\/uploads\/sites\/7\/2023\/03\/coupe-circuit-1200x630-c-center.jpg\" \/>\n\t<meta property=\"og:image:width\" content=\"1200\" \/>\n\t<meta property=\"og:image:height\" content=\"630\" \/>\n\t<meta property=\"og:image:type\" content=\"image\/png\" \/>\n<meta name=\"twitter:card\" content=\"summary_large_image\" \/>\n<meta name=\"twitter:title\" content=\"Visite de l&#039;\u00e9picerie Coupe-Circuit\" \/>\n<meta name=\"twitter:image\" content=\"https:\/\/vert-e-s-vd.ch\/lausanne\/wp-content\/uploads\/sites\/7\/2023\/03\/coupe-circuit-1200x0-c-default.png\" \/>\n<script type=\"application\/ld+json\" class=\"yoast-schema-graph\">{\"@context\":\"https:\/\/schema.org\",\"@graph\":[{\"@type\":\"WebPage\",\"@id\":\"https:\/\/vert-e-s-vd.ch\/lausanne\/event\/epicerie-coupe-circuit\",\"url\":\"https:\/\/vert-e-s-vd.ch\/lausanne\/event\/epicerie-coupe-circuit\",\"name\":\"\",\"isPartOf\":{\"@id\":\"https:\/\/vert-e-s-vd.ch\/lausanne\/#website\"},\"datePublished\":\"2023-03-15T10:48:49+00:00\",\"dateModified\":\"2023-05-30T18:20:32+00:00\",\"description\":\"Une toute nouvelle \u00e9picerie coop\u00e9rative a vue le jour cet automne \u00e0 Lausanne. L\u2019\u00e9picerie Coupe-Circuit est exclusivement g\u00e9r\u00e9e par ses membres. Ce fonctionnement partag\u00e9 r\u00e9duit les marges et offre l\u2019acc\u00e8s \u00e0 des produits bio, locaux et \u00e9thiques \u00e0 des prix accessibles. Ce projet est soutenu par le Service d\u2019architecture et du logement de Natacha Litzistorf et le Budget Participatif de la Ville de Lausanne. Ngoc-Huy Ho, conseiller communal et cofondateur de l\u2019\u00e9picerie, nous invite \u00e0 une visite avec une petite verr\u00e9e pour terminer. Place de la Riponne 10 (\u00e0 10m de Magasin du Monde), 18h Plus d\u2019informations Contact :&nbsp; huyho3@gmail.com&nbsp; &nbsp; S&rsquo;inscrire\",\"breadcrumb\":{\"@id\":\"https:\/\/vert-e-s-vd.ch\/lausanne\/event\/epicerie-coupe-circuit#breadcrumb\"},\"inLanguage\":\"fr-FR\",\"potentialAction\":[{\"@type\":\"ReadAction\",\"target\":[\"https:\/\/vert-e-s-vd.ch\/lausanne\/event\/epicerie-coupe-circuit\"]}]},{\"@type\":\"BreadcrumbList\",\"@id\":\"https:\/\/vert-e-s-vd.ch\/lausanne\/event\/epicerie-coupe-circuit#breadcrumb\",\"itemListElement\":[{\"@type\":\"ListItem\",\"position\":1,\"name\":\"Accueil\",\"item\":\"https:\/\/vert-e-s-vd.ch\/lausanne\/\"},{\"@type\":\"ListItem\",\"position\":2,\"name\":\"Agenda\"}]},{\"@type\":\"WebSite\",\"@id\":\"https:\/\/vert-e-s-vd.ch\/lausanne\/#website\",\"url\":\"https:\/\/vert-e-s-vd.ch\/lausanne\/\",\"name\":\"Les VERT\u00b7E\u00b7S lausannois\u00b7es\",\"description\":\"Une longueur d\u2019avance\",\"potentialAction\":[{\"@type\":\"SearchAction\",\"target\":{\"@type\":\"EntryPoint\",\"urlTemplate\":\"https:\/\/vert-e-s-vd.ch\/lausanne\/?s={search_term_string}\"},\"query-input\":{\"@type\":\"PropertyValueSpecification\",\"valueRequired\":true,\"valueName\":\"search_term_string\"}}],\"inLanguage\":\"fr-FR\"}]}<\/script>\n<!-- \/ Yoast SEO plugin. -->","yoast_head_json":{"title":"Les VERT\u00b7E\u00b7S lausannois\u00b7es","description":"Une toute nouvelle \u00e9picerie coop\u00e9rative a vue le jour cet automne \u00e0 Lausanne. L\u2019\u00e9picerie Coupe-Circuit est exclusivement g\u00e9r\u00e9e par ses membres. Ce fonctionnement partag\u00e9 r\u00e9duit les marges et offre l\u2019acc\u00e8s \u00e0 des produits bio, locaux et \u00e9thiques \u00e0 des prix accessibles. Ce projet est soutenu par le Service d\u2019architecture et du logement de Natacha Litzistorf et le Budget Participatif de la Ville de Lausanne. Ngoc-Huy Ho, conseiller communal et cofondateur de l\u2019\u00e9picerie, nous invite \u00e0 une visite avec une petite verr\u00e9e pour terminer. Place de la Riponne 10 (\u00e0 10m de Magasin du Monde), 18h Plus d\u2019informations Contact :&nbsp; huyho3@gmail.com&nbsp; &nbsp; S&rsquo;inscrire","robots":{"index":"index","follow":"follow","max-snippet":"max-snippet:-1","max-image-preview":"max-image-preview:large","max-video-preview":"max-video-preview:-1"},"canonical":"https:\/\/vert-e-s-vd.ch\/lausanne\/event\/epicerie-coupe-circuit","og_locale":"fr_FR","og_type":"article","og_title":"Visite de l'\u00e9picerie Coupe-Circuit","og_description":"Une toute nouvelle \u00e9picerie coop\u00e9rative a vue le jour cet automne \u00e0 Lausanne. L\u2019\u00e9picerie Coupe-Circuit est exclusivement g\u00e9r\u00e9e par \u2026","og_url":"https:\/\/vert-e-s-vd.ch\/lausanne\/event\/epicerie-coupe-circuit","og_site_name":"Les VERT\u00b7E\u00b7S lausannois\u00b7es","article_modified_time":"2023-05-30T18:20:32+00:00","og_image":[{"width":1200,"height":630,"url":"https:\/\/vert-e-s-vd.ch\/lausanne\/wp-content\/uploads\/sites\/7\/2023\/03\/coupe-circuit-1200x630-c-center.jpg","type":"image\/png"}],"twitter_card":"summary_large_image","twitter_title":"Visite de l'\u00e9picerie Coupe-Circuit","twitter_image":"https:\/\/vert-e-s-vd.ch\/lausanne\/wp-content\/uploads\/sites\/7\/2023\/03\/coupe-circuit-1200x0-c-default.png","schema":{"@context":"https:\/\/schema.org","@graph":[{"@type":"WebPage","@id":"https:\/\/vert-e-s-vd.ch\/lausanne\/event\/epicerie-coupe-circuit","url":"https:\/\/vert-e-s-vd.ch\/lausanne\/event\/epicerie-coupe-circuit","name":"","isPartOf":{"@id":"https:\/\/vert-e-s-vd.ch\/lausanne\/#website"},"datePublished":"2023-03-15T10:48:49+00:00","dateModified":"2023-05-30T18:20:32+00:00","description":"Une toute nouvelle \u00e9picerie coop\u00e9rative a vue le jour cet automne \u00e0 Lausanne. L\u2019\u00e9picerie Coupe-Circuit est exclusivement g\u00e9r\u00e9e par ses membres. Ce fonctionnement partag\u00e9 r\u00e9duit les marges et offre l\u2019acc\u00e8s \u00e0 des produits bio, locaux et \u00e9thiques \u00e0 des prix accessibles. Ce projet est soutenu par le Service d\u2019architecture et du logement de Natacha Litzistorf et le Budget Participatif de la Ville de Lausanne. Ngoc-Huy Ho, conseiller communal et cofondateur de l\u2019\u00e9picerie, nous invite \u00e0 une visite avec une petite verr\u00e9e pour terminer. Place de la Riponne 10 (\u00e0 10m de Magasin du Monde), 18h Plus d\u2019informations Contact :&nbsp; huyho3@gmail.com&nbsp; &nbsp; S&rsquo;inscrire","breadcrumb":{"@id":"https:\/\/vert-e-s-vd.ch\/lausanne\/event\/epicerie-coupe-circuit#breadcrumb"},"inLanguage":"fr-FR","potentialAction":[{"@type":"ReadAction","target":["https:\/\/vert-e-s-vd.ch\/lausanne\/event\/epicerie-coupe-circuit"]}]},{"@type":"BreadcrumbList","@id":"https:\/\/vert-e-s-vd.ch\/lausanne\/event\/epicerie-coupe-circuit#breadcrumb","itemListElement":[{"@type":"ListItem","position":1,"name":"Accueil","item":"https:\/\/vert-e-s-vd.ch\/lausanne\/"},{"@type":"ListItem","position":2,"name":"Agenda"}]},{"@type":"WebSite","@id":"https:\/\/vert-e-s-vd.ch\/lausanne\/#website","url":"https:\/\/vert-e-s-vd.ch\/lausanne\/","name":"Les VERT\u00b7E\u00b7S lausannois\u00b7es","description":"Une longueur d\u2019avance","potentialAction":[{"@type":"SearchAction","target":{"@type":"EntryPoint","urlTemplate":"https:\/\/vert-e-s-vd.ch\/lausanne\/?s={search_term_string}"},"query-input":{"@type":"PropertyValueSpecification","valueRequired":true,"valueName":"search_term_string"}}],"inLanguage":"fr-FR"}]}},"_links":{"self":[{"href":"https:\/\/vert-e-s-vd.ch\/lausanne\/wp-json\/wp\/v2\/tribe_events\/74231","targetHints":{"allow":["GET"]}}],"collection":[{"href":"https:\/\/vert-e-s-vd.ch\/lausanne\/wp-json\/wp\/v2\/tribe_events"}],"about":[{"href":"https:\/\/vert-e-s-vd.ch\/lausanne\/wp-json\/wp\/v2\/types\/tribe_events"}],"author":[{"embeddable":true,"href":"https:\/\/vert-e-s-vd.ch\/lausanne\/wp-json\/wp\/v2\/users\/3"}],"version-history":[{"count":1,"href":"https:\/\/vert-e-s-vd.ch\/lausanne\/wp-json\/wp\/v2\/tribe_events\/74231\/revisions"}],"predecessor-version":[{"id":74233,"href":"https:\/\/vert-e-s-vd.ch\/lausanne\/wp-json\/wp\/v2\/tribe_events\/74231\/revisions\/74233"}],"wp:attachment":[{"href":"https:\/\/vert-e-s-vd.ch\/lausanne\/wp-json\/wp\/v2\/media?parent=74231"}],"wp:term":[{"taxonomy":"post_tag","embeddable":true,"href":"https:\/\/vert-e-s-vd.ch\/lausanne\/wp-json\/wp\/v2\/tags?post=74231"},{"taxonomy":"tribe_events_cat","embeddable":true,"href":"https:\/\/vert-e-s-vd.ch\/lausanne\/wp-json\/wp\/v2\/tribe_events_cat?post=74231"}],"curies":[{"name":"wp","href":"https:\/\/api.w.org\/{rel}","templated":true}]}}

<p>Une toute nouvelle épicerie coopérative a vue le jour cet automne à Lausanne. L’épicerie Coupe-Circuit est exclusivement gérée par ses membres. Ce fonctionnement partagé réduit les marges et offre l’accès à des produits bio, locaux et éthiques à des prix accessibles. Ce projet est soutenu par le Service d’architecture et du logement de Natacha Litzistorf et le Budget Participatif de la Ville de Lausanne.<br />
Ngoc-Huy Ho, conseiller communal et cofondateur de l’épicerie, nous invite à une visite avec une petite verrée pour terminer.<br />
Place de la Riponne 10 (à 10m de Magasin du Monde), 18h<br />
<a href="https://coupe-circuit.ch/">Plus d’informations</a><br />
Contact :&nbsp; <a href="mailto:huyho3@gmail.com">huyho3@gmail.com</a>&nbsp; &nbsp;<br />
<a href="https://cally.com/event/availability/p8xc7jxxp4cnyqes">S&rsquo;inscrire</a></p>

<!-- This site is optimized with the Yoast SEO plugin v26.9 - https://yoast.com/product/yoast-seo-wordpress/ -->
<title>Les VERT·E·S lausannois·es</title>
<meta name="description" content="Une toute nouvelle épicerie coopérative a vue le jour cet automne à Lausanne. L’épicerie Coupe-Circuit est exclusivement gérée par ses membres. Ce fonctionnement partagé réduit les marges et offre l’accès à des produits bio, locaux et éthiques à des prix accessibles. Ce projet est soutenu par le Service d’architecture et du logement de Natacha Litzistorf et le Budget Participatif de la Ville de Lausanne. Ngoc-Huy Ho, conseiller communal et cofondateur de l’épicerie, nous invite à une visite avec une petite verrée pour terminer. Place de la Riponne 10 (à 10m de Magasin du Monde), 18h Plus d’informations Contact :&nbsp; huyho3@gmail.com&nbsp; &nbsp; S&rsquo;inscrire" />
<meta name="robots" content="index, follow, max-snippet:-1, max-image-preview:large, max-video-preview:-1" />
<link rel="canonical" href="https://vert-e-s-vd.ch/lausanne/event/epicerie-coupe-circuit" />
<meta property="og:locale" content="fr_FR" />
<meta property="og:type" content="article" />
<meta property="og:title" content="Visite de l&#039;épicerie Coupe-Circuit" />
<meta property="og:description" content="Une toute nouvelle épicerie coopérative a vue le jour cet automne à Lausanne. L’épicerie Coupe-Circuit est exclusivement gérée par …" />
<meta property="og:url" content="https://vert-e-s-vd.ch/lausanne/event/epicerie-coupe-circuit" />
<meta property="og:site_name" content="Les VERT·E·S lausannois·es" />
<meta property="article:modified_time" content="2023-05-30T18:20:32+00:00" />
<meta property="og:image" content="https://vert-e-s-vd.ch/lausanne/wp-content/uploads/sites/7/2023/03/coupe-circuit-1200x630-c-center.jpg" />
	<meta property="og:image:width" content="1200" />
	<meta property="og:image:height" content="630" />
	<meta property="og:image:type" content="image/png" />
<meta name="twitter:card" content="summary_large_image" />
<meta name="twitter:title" content="Visite de l&#039;épicerie Coupe-Circuit" />
<meta name="twitter:image" content="https://vert-e-s-vd.ch/lausanne/wp-content/uploads/sites/7/2023/03/coupe-circuit-1200x0-c-default.png" />
<script type="application/ld+json" class="yoast-schema-graph">{"@context":"https://schema.org","@graph":[{"@type":"WebPage","@id":"https://vert-e-s-vd.ch/lausanne/event/epicerie-coupe-circuit","url":"https://vert-e-s-vd.ch/lausanne/event/epicerie-coupe-circuit","name":"","isPartOf":{"@id":"https://vert-e-s-vd.ch/lausanne/#website"},"datePublished":"2023-03-15T10:48:49+00:00","dateModified":"2023-05-30T18:20:32+00:00","description":"Une toute nouvelle épicerie coopérative a vue le jour cet automne à Lausanne. L’épicerie Coupe-Circuit est exclusivement gérée par ses membres. Ce fonctionnement partagé réduit les marges et offre l’accès à des produits bio, locaux et éthiques à des prix accessibles. Ce projet est soutenu par le Service d’architecture et du logement de Natacha Litzistorf et le Budget Participatif de la Ville de Lausanne. Ngoc-Huy Ho, conseiller communal et cofondateur de l’épicerie, nous invite à une visite avec une petite verrée pour terminer. Place de la Riponne 10 (à 10m de Magasin du Monde), 18h Plus d’informations Contact :&nbsp; huyho3@gmail.com&nbsp; &nbsp; S&rsquo;inscrire","breadcrumb":{"@id":"https://vert-e-s-vd.ch/lausanne/event/epicerie-coupe-circuit#breadcrumb"},"inLanguage":"fr-FR","potentialAction":[{"@type":"ReadAction","target":["https://vert-e-s-vd.ch/lausanne/event/epicerie-coupe-circuit"]}]},{"@type":"BreadcrumbList","@id":"https://vert-e-s-vd.ch/lausanne/event/epicerie-coupe-circuit#breadcrumb","itemListElement":[{"@type":"ListItem","position":1,"name":"Accueil","item":"https://vert-e-s-vd.ch/lausanne/"},{"@type":"ListItem","position":2,"name":"Agenda"}]},{"@type":"WebSite","@id":"https://vert-e-s-vd.ch/lausanne/#website","url":"https://vert-e-s-vd.ch/lausanne/","name":"Les VERT·E·S lausannois·es","description":"Une longueur d’avance","potentialAction":[{"@type":"SearchAction","target":{"@type":"EntryPoint","urlTemplate":"https://vert-e-s-vd.ch/lausanne/?s={search_term_string}"},"query-input":{"@type":"PropertyValueSpecification","valueRequired":true,"valueName":"search_term_string"}}],"inLanguage":"fr-FR"}]}</script>
<!-- / Yoast SEO plugin. -->

Une toute nouvelle épicerie coopérative a vue le jour cet automne à Lausanne. L’épicerie Coupe-Circuit est exclusivement gérée par ses membres. Ce fonctionnement partagé réduit les marges et offre l’accès à des produits bio, locaux et éthiques à des prix accessibles. Ce projet est soutenu par le Service d’architecture et du logement de Natacha Litzistorf et le Budget Participatif de la Ville de Lausanne. Ngoc-Huy Ho, conseiller communal et cofondateur de l’épicerie, nous invite à une visite avec une petite verrée pour terminer. Place de la Riponne 10 (à 10m de Magasin du Monde), 18h Plus d’informations Contact :&nbsp; huyho3@gmail.com&nbsp; &nbsp; S&rsquo;inscrire

Visite de l'épicerie Coupe-Circuit

Une toute nouvelle épicerie coopérative a vue le jour cet automne à Lausanne. L’épicerie Coupe-Circuit est exclusivement gérée par …
