{"id":73615,"date":"2022-02-09T15:26:05","date_gmt":"2022-02-09T14:26:05","guid":{"rendered":"https:\/\/vert-e-s-vd.ch\/lausanne\/?post_type=tribe_events&#038;p=73615"},"modified":"2022-02-09T15:31:37","modified_gmt":"2022-02-09T14:31:37","slug":"idee-verte-sortir-de-laviation-le-cas-de-la-blecherette","status":"publish","type":"tribe_events","link":"https:\/\/vert-e-s-vd.ch\/lausanne\/event\/idee-verte-sortir-de-laviation-le-cas-de-la-blecherette","title":{"rendered":"Id\u00e9e verte &#8211; Sortir de l&rsquo;aviation: le cas de la Bl\u00e9cherette"},"content":{"rendered":"","protected":false},"excerpt":{"rendered":"<ul>\n<li>Natacha Litzistorf, municipale :<br \/>\nLes enjeux de l\u2019avenir de la Bl\u00e9cherette pour Lausanne<\/li>\n<li>Alice Genoud, d\u00e9put\u00e9e, candidate au Grand Conseil :<br \/>\nLa perspective cantonale et aper\u00e7u du fonctionnement des a\u00e9roports en Suisse<\/li>\n<li>Val\u00e9ry Beaud, conseiller communal :<br \/>\nPour une fermeture de la Bl\u00e9cherette<\/li>\n<li>Association de d\u00e9fense des riverains de la Bl\u00e9cherette (ADRB)<br \/>\nLes revendications de la soci\u00e9t\u00e9 civile \u00e0 l\u2019encontre de l\u2019a\u00e9roport<\/li>\n<\/ul>\n","protected":false},"author":3,"featured_media":0,"template":"","meta":{"_acf_changed":false,"inline_featured_image":false,"_tribe_events_status":"","_tribe_events_status_reason":"","footnotes":""},"tags":[354,326,330],"tribe_events_cat":[559],"class_list":["post-73615","tribe_events","type-tribe_events","status-publish","hentry","tag-bruit","tag-mobilite","tag-urbanisme","tribe_events_cat-idee-verte","cat_idee-verte"],"acf":[],"yoast_head":"<!-- This site is optimized with the Yoast SEO plugin v26.9 - https:\/\/yoast.com\/product\/yoast-seo-wordpress\/ -->\n<title>Les VERT\u00b7E\u00b7S lausannois\u00b7es<\/title>\n<meta name=\"description\" content=\"Natacha Litzistorf, municipale : Les enjeux de l\u2019avenir de la Bl\u00e9cherette pour Lausanne Alice Genoud, d\u00e9put\u00e9e, candidate au Grand Conseil : La perspective cantonale et aper\u00e7u du fonctionnement des a\u00e9roports en Suisse Val\u00e9ry Beaud, conseiller communal : Pour une fermeture de la Bl\u00e9cherette Association de d\u00e9fense des riverains de la Bl\u00e9cherette (ADRB) Les revendications de la soci\u00e9t\u00e9 civile \u00e0 l\u2019encontre de l\u2019a\u00e9roport\" \/>\n<meta name=\"robots\" content=\"index, follow, max-snippet:-1, max-image-preview:large, max-video-preview:-1\" \/>\n<link rel=\"canonical\" href=\"https:\/\/vert-e-s-vd.ch\/lausanne\/event\/idee-verte-sortir-de-laviation-le-cas-de-la-blecherette\" \/>\n<meta property=\"og:locale\" content=\"fr_FR\" \/>\n<meta property=\"og:type\" content=\"article\" \/>\n<meta property=\"og:description\" content=\"Natacha Litzistorf, municipale : Les enjeux de l\u2019avenir de la Bl\u00e9cherette pour Lausanne Alice Genoud, d\u00e9put\u00e9e, candidate au Grand \u2026\" \/>\n<meta property=\"og:url\" content=\"https:\/\/vert-e-s-vd.ch\/lausanne\/event\/idee-verte-sortir-de-laviation-le-cas-de-la-blecherette\" \/>\n<meta property=\"og:site_name\" content=\"Les VERT\u00b7E\u00b7S lausannois\u00b7es\" \/>\n<meta property=\"article:modified_time\" content=\"2022-02-09T14:31:37+00:00\" \/>\n<meta name=\"twitter:card\" content=\"summary_large_image\" \/>\n<script type=\"application\/ld+json\" class=\"yoast-schema-graph\">{\"@context\":\"https:\/\/schema.org\",\"@graph\":[{\"@type\":\"WebPage\",\"@id\":\"https:\/\/vert-e-s-vd.ch\/lausanne\/event\/idee-verte-sortir-de-laviation-le-cas-de-la-blecherette\",\"url\":\"https:\/\/vert-e-s-vd.ch\/lausanne\/event\/idee-verte-sortir-de-laviation-le-cas-de-la-blecherette\",\"name\":\"\",\"isPartOf\":{\"@id\":\"https:\/\/vert-e-s-vd.ch\/lausanne\/#website\"},\"datePublished\":\"2022-02-09T14:26:05+00:00\",\"dateModified\":\"2022-02-09T14:31:37+00:00\",\"description\":\"\u2022 Natacha Litzistorf, municipale : Les enjeux de l\u2019avenir de la Bl\u00e9cherette pour Lausanne \u2022 Alice Genoud, d\u00e9put\u00e9e, candidate au Grand Conseil : La perspective cantonale et aper\u00e7u du fonctionnement des a\u00e9roports en Suisse \u2022 Val\u00e9ry Beaud, conseiller communal : Pour une fermeture de la Bl\u00e9cherette \u2022 Association de d\u00e9fense des riverains de la Bl\u00e9cherette (ADRB) Les revendications de la soci\u00e9t\u00e9 civile \u00e0 l\u2019encontre de l\u2019a\u00e9roport\",\"breadcrumb\":{\"@id\":\"https:\/\/vert-e-s-vd.ch\/lausanne\/event\/idee-verte-sortir-de-laviation-le-cas-de-la-blecherette#breadcrumb\"},\"inLanguage\":\"fr-FR\",\"potentialAction\":[{\"@type\":\"ReadAction\",\"target\":[\"https:\/\/vert-e-s-vd.ch\/lausanne\/event\/idee-verte-sortir-de-laviation-le-cas-de-la-blecherette\"]}]},{\"@type\":\"BreadcrumbList\",\"@id\":\"https:\/\/vert-e-s-vd.ch\/lausanne\/event\/idee-verte-sortir-de-laviation-le-cas-de-la-blecherette#breadcrumb\",\"itemListElement\":[{\"@type\":\"ListItem\",\"position\":1,\"name\":\"Accueil\",\"item\":\"https:\/\/vert-e-s-vd.ch\/lausanne\/\"},{\"@type\":\"ListItem\",\"position\":2,\"name\":\"Agenda\"}]},{\"@type\":\"WebSite\",\"@id\":\"https:\/\/vert-e-s-vd.ch\/lausanne\/#website\",\"url\":\"https:\/\/vert-e-s-vd.ch\/lausanne\/\",\"name\":\"Les VERT\u00b7E\u00b7S lausannois\u00b7es\",\"description\":\"Une longueur d\u2019avance\",\"potentialAction\":[{\"@type\":\"SearchAction\",\"target\":{\"@type\":\"EntryPoint\",\"urlTemplate\":\"https:\/\/vert-e-s-vd.ch\/lausanne\/?s={search_term_string}\"},\"query-input\":{\"@type\":\"PropertyValueSpecification\",\"valueRequired\":true,\"valueName\":\"search_term_string\"}}],\"inLanguage\":\"fr-FR\"}]}<\/script>\n<!-- \/ Yoast SEO plugin. -->","yoast_head_json":{"title":"Les VERT\u00b7E\u00b7S lausannois\u00b7es","description":"Natacha Litzistorf, municipale : Les enjeux de l\u2019avenir de la Bl\u00e9cherette pour Lausanne Alice Genoud, d\u00e9put\u00e9e, candidate au Grand Conseil : La perspective cantonale et aper\u00e7u du fonctionnement des a\u00e9roports en Suisse Val\u00e9ry Beaud, conseiller communal : Pour une fermeture de la Bl\u00e9cherette Association de d\u00e9fense des riverains de la Bl\u00e9cherette (ADRB) Les revendications de la soci\u00e9t\u00e9 civile \u00e0 l\u2019encontre de l\u2019a\u00e9roport","robots":{"index":"index","follow":"follow","max-snippet":"max-snippet:-1","max-image-preview":"max-image-preview:large","max-video-preview":"max-video-preview:-1"},"canonical":"https:\/\/vert-e-s-vd.ch\/lausanne\/event\/idee-verte-sortir-de-laviation-le-cas-de-la-blecherette","og_locale":"fr_FR","og_type":"article","og_description":"Natacha Litzistorf, municipale : Les enjeux de l\u2019avenir de la Bl\u00e9cherette pour Lausanne Alice Genoud, d\u00e9put\u00e9e, candidate au Grand \u2026","og_url":"https:\/\/vert-e-s-vd.ch\/lausanne\/event\/idee-verte-sortir-de-laviation-le-cas-de-la-blecherette","og_site_name":"Les VERT\u00b7E\u00b7S lausannois\u00b7es","article_modified_time":"2022-02-09T14:31:37+00:00","twitter_card":"summary_large_image","schema":{"@context":"https:\/\/schema.org","@graph":[{"@type":"WebPage","@id":"https:\/\/vert-e-s-vd.ch\/lausanne\/event\/idee-verte-sortir-de-laviation-le-cas-de-la-blecherette","url":"https:\/\/vert-e-s-vd.ch\/lausanne\/event\/idee-verte-sortir-de-laviation-le-cas-de-la-blecherette","name":"","isPartOf":{"@id":"https:\/\/vert-e-s-vd.ch\/lausanne\/#website"},"datePublished":"2022-02-09T14:26:05+00:00","dateModified":"2022-02-09T14:31:37+00:00","description":"\u2022 Natacha Litzistorf, municipale : Les enjeux de l\u2019avenir de la Bl\u00e9cherette pour Lausanne \u2022 Alice Genoud, d\u00e9put\u00e9e, candidate au Grand Conseil : La perspective cantonale et aper\u00e7u du fonctionnement des a\u00e9roports en Suisse \u2022 Val\u00e9ry Beaud, conseiller communal : Pour une fermeture de la Bl\u00e9cherette \u2022 Association de d\u00e9fense des riverains de la Bl\u00e9cherette (ADRB) Les revendications de la soci\u00e9t\u00e9 civile \u00e0 l\u2019encontre de l\u2019a\u00e9roport","breadcrumb":{"@id":"https:\/\/vert-e-s-vd.ch\/lausanne\/event\/idee-verte-sortir-de-laviation-le-cas-de-la-blecherette#breadcrumb"},"inLanguage":"fr-FR","potentialAction":[{"@type":"ReadAction","target":["https:\/\/vert-e-s-vd.ch\/lausanne\/event\/idee-verte-sortir-de-laviation-le-cas-de-la-blecherette"]}]},{"@type":"BreadcrumbList","@id":"https:\/\/vert-e-s-vd.ch\/lausanne\/event\/idee-verte-sortir-de-laviation-le-cas-de-la-blecherette#breadcrumb","itemListElement":[{"@type":"ListItem","position":1,"name":"Accueil","item":"https:\/\/vert-e-s-vd.ch\/lausanne\/"},{"@type":"ListItem","position":2,"name":"Agenda"}]},{"@type":"WebSite","@id":"https:\/\/vert-e-s-vd.ch\/lausanne\/#website","url":"https:\/\/vert-e-s-vd.ch\/lausanne\/","name":"Les VERT\u00b7E\u00b7S lausannois\u00b7es","description":"Une longueur d\u2019avance","potentialAction":[{"@type":"SearchAction","target":{"@type":"EntryPoint","urlTemplate":"https:\/\/vert-e-s-vd.ch\/lausanne\/?s={search_term_string}"},"query-input":{"@type":"PropertyValueSpecification","valueRequired":true,"valueName":"search_term_string"}}],"inLanguage":"fr-FR"}]}},"_links":{"self":[{"href":"https:\/\/vert-e-s-vd.ch\/lausanne\/wp-json\/wp\/v2\/tribe_events\/73615","targetHints":{"allow":["GET"]}}],"collection":[{"href":"https:\/\/vert-e-s-vd.ch\/lausanne\/wp-json\/wp\/v2\/tribe_events"}],"about":[{"href":"https:\/\/vert-e-s-vd.ch\/lausanne\/wp-json\/wp\/v2\/types\/tribe_events"}],"author":[{"embeddable":true,"href":"https:\/\/vert-e-s-vd.ch\/lausanne\/wp-json\/wp\/v2\/users\/3"}],"version-history":[{"count":2,"href":"https:\/\/vert-e-s-vd.ch\/lausanne\/wp-json\/wp\/v2\/tribe_events\/73615\/revisions"}],"predecessor-version":[{"id":73619,"href":"https:\/\/vert-e-s-vd.ch\/lausanne\/wp-json\/wp\/v2\/tribe_events\/73615\/revisions\/73619"}],"wp:attachment":[{"href":"https:\/\/vert-e-s-vd.ch\/lausanne\/wp-json\/wp\/v2\/media?parent=73615"}],"wp:term":[{"taxonomy":"post_tag","embeddable":true,"href":"https:\/\/vert-e-s-vd.ch\/lausanne\/wp-json\/wp\/v2\/tags?post=73615"},{"taxonomy":"tribe_events_cat","embeddable":true,"href":"https:\/\/vert-e-s-vd.ch\/lausanne\/wp-json\/wp\/v2\/tribe_events_cat?post=73615"}],"curies":[{"name":"wp","href":"https:\/\/api.w.org\/{rel}","templated":true}]}}

Idée verte &#8211; Sortir de l&rsquo;aviation: le cas de la Blécherette

<ul>
<li>Natacha Litzistorf, municipale :<br />
Les enjeux de l’avenir de la Blécherette pour Lausanne</li>
<li>Alice Genoud, députée, candidate au Grand Conseil :<br />
La perspective cantonale et aperçu du fonctionnement des aéroports en Suisse</li>
<li>Valéry Beaud, conseiller communal :<br />
Pour une fermeture de la Blécherette</li>
<li>Association de défense des riverains de la Blécherette (ADRB)<br />
Les revendications de la société civile à l’encontre de l’aéroport</li>
</ul>

<!-- This site is optimized with the Yoast SEO plugin v26.9 - https://yoast.com/product/yoast-seo-wordpress/ -->
<title>Les VERT·E·S lausannois·es</title>
<meta name="description" content="Natacha Litzistorf, municipale : Les enjeux de l’avenir de la Blécherette pour Lausanne Alice Genoud, députée, candidate au Grand Conseil : La perspective cantonale et aperçu du fonctionnement des aéroports en Suisse Valéry Beaud, conseiller communal : Pour une fermeture de la Blécherette Association de défense des riverains de la Blécherette (ADRB) Les revendications de la société civile à l’encontre de l’aéroport" />
<meta name="robots" content="index, follow, max-snippet:-1, max-image-preview:large, max-video-preview:-1" />
<link rel="canonical" href="https://vert-e-s-vd.ch/lausanne/event/idee-verte-sortir-de-laviation-le-cas-de-la-blecherette" />
<meta property="og:locale" content="fr_FR" />
<meta property="og:type" content="article" />
<meta property="og:description" content="Natacha Litzistorf, municipale : Les enjeux de l’avenir de la Blécherette pour Lausanne Alice Genoud, députée, candidate au Grand …" />
<meta property="og:url" content="https://vert-e-s-vd.ch/lausanne/event/idee-verte-sortir-de-laviation-le-cas-de-la-blecherette" />
<meta property="og:site_name" content="Les VERT·E·S lausannois·es" />
<meta property="article:modified_time" content="2022-02-09T14:31:37+00:00" />
<meta name="twitter:card" content="summary_large_image" />
<script type="application/ld+json" class="yoast-schema-graph">{"@context":"https://schema.org","@graph":[{"@type":"WebPage","@id":"https://vert-e-s-vd.ch/lausanne/event/idee-verte-sortir-de-laviation-le-cas-de-la-blecherette","url":"https://vert-e-s-vd.ch/lausanne/event/idee-verte-sortir-de-laviation-le-cas-de-la-blecherette","name":"","isPartOf":{"@id":"https://vert-e-s-vd.ch/lausanne/#website"},"datePublished":"2022-02-09T14:26:05+00:00","dateModified":"2022-02-09T14:31:37+00:00","description":"• Natacha Litzistorf, municipale : Les enjeux de l’avenir de la Blécherette pour Lausanne • Alice Genoud, députée, candidate au Grand Conseil : La perspective cantonale et aperçu du fonctionnement des aéroports en Suisse • Valéry Beaud, conseiller communal : Pour une fermeture de la Blécherette • Association de défense des riverains de la Blécherette (ADRB) Les revendications de la société civile à l’encontre de l’aéroport","breadcrumb":{"@id":"https://vert-e-s-vd.ch/lausanne/event/idee-verte-sortir-de-laviation-le-cas-de-la-blecherette#breadcrumb"},"inLanguage":"fr-FR","potentialAction":[{"@type":"ReadAction","target":["https://vert-e-s-vd.ch/lausanne/event/idee-verte-sortir-de-laviation-le-cas-de-la-blecherette"]}]},{"@type":"BreadcrumbList","@id":"https://vert-e-s-vd.ch/lausanne/event/idee-verte-sortir-de-laviation-le-cas-de-la-blecherette#breadcrumb","itemListElement":[{"@type":"ListItem","position":1,"name":"Accueil","item":"https://vert-e-s-vd.ch/lausanne/"},{"@type":"ListItem","position":2,"name":"Agenda"}]},{"@type":"WebSite","@id":"https://vert-e-s-vd.ch/lausanne/#website","url":"https://vert-e-s-vd.ch/lausanne/","name":"Les VERT·E·S lausannois·es","description":"Une longueur d’avance","potentialAction":[{"@type":"SearchAction","target":{"@type":"EntryPoint","urlTemplate":"https://vert-e-s-vd.ch/lausanne/?s={search_term_string}"},"query-input":{"@type":"PropertyValueSpecification","valueRequired":true,"valueName":"search_term_string"}}],"inLanguage":"fr-FR"}]}</script>
<!-- / Yoast SEO plugin. -->

Natacha Litzistorf, municipale : Les enjeux de l’avenir de la Blécherette pour Lausanne Alice Genoud, députée, candidate au Grand Conseil : La perspective cantonale et aperçu du fonctionnement des aéroports en Suisse Valéry Beaud, conseiller communal : Pour une fermeture de la Blécherette Association de défense des riverains de la Blécherette (ADRB) Les revendications de la société civile à l’encontre de l’aéroport

Natacha Litzistorf, municipale : Les enjeux de l’avenir de la Blécherette pour Lausanne Alice Genoud, députée, candidate au Grand …

• Natacha Litzistorf, municipale : Les enjeux de l’avenir de la Blécherette pour Lausanne • Alice Genoud, députée, candidate au Grand Conseil : La perspective cantonale et aperçu du fonctionnement des aéroports en Suisse • Valéry Beaud, conseiller communal : Pour une fermeture de la Blécherette • Association de défense des riverains de la Blécherette (ADRB) Les revendications de la société civile à l’encontre de l’aéroport
