{"id":73609,"date":"2022-02-09T15:16:12","date_gmt":"2022-02-09T14:16:12","guid":{"rendered":"https:\/\/vert-e-s-vd.ch\/lausanne\/?post_type=tribe_events&#038;p=73609"},"modified":"2022-02-18T13:43:39","modified_gmt":"2022-02-18T12:43:39","slug":"idee-verte-environnement-et-agriculture-une-entente-necessaire","status":"publish","type":"tribe_events","link":"https:\/\/vert-e-s-vd.ch\/lausanne\/event\/idee-verte-environnement-et-agriculture-une-entente-necessaire","title":{"rendered":"Id\u00e9e verte &#8211; Environnement et agriculture: une entente n\u00e9cessaire"},"content":{"rendered":"","protected":false},"excerpt":{"rendered":"<ul>\n<li><strong>Natacha Litzistorf<\/strong>, municipale :<br \/>\nEnvironnement, agriculture et plan climat en ville<\/li>\n<li><strong>S\u00e9verine Evequoz<\/strong>, d\u00e9put\u00e9e, candidate au Grand Conseil :<br \/>\nBiodiversit\u00e9, agriculture et environnement: les d\u00e9fis pour le canton<\/li>\n<li><strong>Alexis Dubout<\/strong>, coordinateur au sein de la Coop\u00e9rative MULE:<br \/>\nLa Mule, ses activit\u00e9s, ses contraintes et ses d\u00e9fis<\/li>\n<li><strong>Vassilis Venizelos<\/strong>, d\u00e9put\u00e9, candidat au Conseil d\u2019\u00e9tat<br \/>\nUne vision et des projets pour l\u2019agriculture au niveau cantonal<\/li>\n<\/ul>\n","protected":false},"author":3,"featured_media":0,"template":"","meta":{"_acf_changed":false,"inline_featured_image":false,"_tribe_events_status":"","_tribe_events_status_reason":"","footnotes":""},"tags":[363,337],"tribe_events_cat":[559],"class_list":["post-73609","tribe_events","type-tribe_events","status-publish","hentry","tag-agriculture","tag-environnement","tribe_events_cat-idee-verte","cat_idee-verte"],"acf":[],"yoast_head":"<!-- This site is optimized with the Yoast SEO plugin v26.9 - https:\/\/yoast.com\/product\/yoast-seo-wordpress\/ -->\n<title>Les VERT\u00b7E\u00b7S lausannois\u00b7es<\/title>\n<meta name=\"description\" content=\"Natacha Litzistorf, municipale : Environnement, agriculture et plan climat en ville S\u00e9verine Evequoz, d\u00e9put\u00e9e, candidate au Grand Conseil : Biodiversit\u00e9, agriculture et environnement: les d\u00e9fis pour le canton Alexis Dubout, coordinateur au sein de la Coop\u00e9rative MULE: La Mule, ses activit\u00e9s, ses contraintes et ses d\u00e9fis Vassilis Venizelos, d\u00e9put\u00e9, candidat au Conseil d\u2019\u00e9tat Une vision et des projets pour l\u2019agriculture au niveau cantonal\" \/>\n<meta name=\"robots\" content=\"index, follow, max-snippet:-1, max-image-preview:large, max-video-preview:-1\" \/>\n<link rel=\"canonical\" href=\"https:\/\/vert-e-s-vd.ch\/lausanne\/event\/idee-verte-environnement-et-agriculture-une-entente-necessaire\" \/>\n<meta property=\"og:locale\" content=\"fr_FR\" \/>\n<meta property=\"og:type\" content=\"article\" \/>\n<meta property=\"og:description\" content=\"Natacha Litzistorf, municipale : Environnement, agriculture et plan climat en ville S\u00e9verine Evequoz, d\u00e9put\u00e9e, candidate au Grand \u2026\" \/>\n<meta property=\"og:url\" content=\"https:\/\/vert-e-s-vd.ch\/lausanne\/event\/idee-verte-environnement-et-agriculture-une-entente-necessaire\" \/>\n<meta property=\"og:site_name\" content=\"Les VERT\u00b7E\u00b7S lausannois\u00b7es\" \/>\n<meta property=\"article:modified_time\" content=\"2022-02-18T12:43:39+00:00\" \/>\n<meta name=\"twitter:card\" content=\"summary_large_image\" \/>\n<script type=\"application\/ld+json\" class=\"yoast-schema-graph\">{\"@context\":\"https:\/\/schema.org\",\"@graph\":[{\"@type\":\"WebPage\",\"@id\":\"https:\/\/vert-e-s-vd.ch\/lausanne\/event\/idee-verte-environnement-et-agriculture-une-entente-necessaire\",\"url\":\"https:\/\/vert-e-s-vd.ch\/lausanne\/event\/idee-verte-environnement-et-agriculture-une-entente-necessaire\",\"name\":\"\",\"isPartOf\":{\"@id\":\"https:\/\/vert-e-s-vd.ch\/lausanne\/#website\"},\"datePublished\":\"2022-02-09T14:16:12+00:00\",\"dateModified\":\"2022-02-18T12:43:39+00:00\",\"description\":\"\u2022 Natacha Litzistorf, municipale : Environnement, agriculture et plan climat en ville \u2022 S\u00e9verine Evequoz, d\u00e9put\u00e9e, candidate au Grand Conseil : Biodiversit\u00e9, agriculture et environnement: les d\u00e9fis pour le canton \u2022 Alexis Dubout, coordinateur au sein de la Coop\u00e9rative MULE: La Mule, ses activit\u00e9s, ses contraintes et ses d\u00e9fis \u2022 Vassilis Venizelos, d\u00e9put\u00e9, candidat au Conseil d\u2019\u00e9tat Une vision et des projets pour l\u2019agriculture au niveau cantonal\",\"breadcrumb\":{\"@id\":\"https:\/\/vert-e-s-vd.ch\/lausanne\/event\/idee-verte-environnement-et-agriculture-une-entente-necessaire#breadcrumb\"},\"inLanguage\":\"fr-FR\",\"potentialAction\":[{\"@type\":\"ReadAction\",\"target\":[\"https:\/\/vert-e-s-vd.ch\/lausanne\/event\/idee-verte-environnement-et-agriculture-une-entente-necessaire\"]}]},{\"@type\":\"BreadcrumbList\",\"@id\":\"https:\/\/vert-e-s-vd.ch\/lausanne\/event\/idee-verte-environnement-et-agriculture-une-entente-necessaire#breadcrumb\",\"itemListElement\":[{\"@type\":\"ListItem\",\"position\":1,\"name\":\"Accueil\",\"item\":\"https:\/\/vert-e-s-vd.ch\/lausanne\/\"},{\"@type\":\"ListItem\",\"position\":2,\"name\":\"Agenda\"}]},{\"@type\":\"WebSite\",\"@id\":\"https:\/\/vert-e-s-vd.ch\/lausanne\/#website\",\"url\":\"https:\/\/vert-e-s-vd.ch\/lausanne\/\",\"name\":\"Les VERT\u00b7E\u00b7S lausannois\u00b7es\",\"description\":\"Une longueur d\u2019avance\",\"potentialAction\":[{\"@type\":\"SearchAction\",\"target\":{\"@type\":\"EntryPoint\",\"urlTemplate\":\"https:\/\/vert-e-s-vd.ch\/lausanne\/?s={search_term_string}\"},\"query-input\":{\"@type\":\"PropertyValueSpecification\",\"valueRequired\":true,\"valueName\":\"search_term_string\"}}],\"inLanguage\":\"fr-FR\"}]}<\/script>\n<!-- \/ Yoast SEO plugin. -->","yoast_head_json":{"title":"Les VERT\u00b7E\u00b7S lausannois\u00b7es","description":"Natacha Litzistorf, municipale : Environnement, agriculture et plan climat en ville S\u00e9verine Evequoz, d\u00e9put\u00e9e, candidate au Grand Conseil : Biodiversit\u00e9, agriculture et environnement: les d\u00e9fis pour le canton Alexis Dubout, coordinateur au sein de la Coop\u00e9rative MULE: La Mule, ses activit\u00e9s, ses contraintes et ses d\u00e9fis Vassilis Venizelos, d\u00e9put\u00e9, candidat au Conseil d\u2019\u00e9tat Une vision et des projets pour l\u2019agriculture au niveau cantonal","robots":{"index":"index","follow":"follow","max-snippet":"max-snippet:-1","max-image-preview":"max-image-preview:large","max-video-preview":"max-video-preview:-1"},"canonical":"https:\/\/vert-e-s-vd.ch\/lausanne\/event\/idee-verte-environnement-et-agriculture-une-entente-necessaire","og_locale":"fr_FR","og_type":"article","og_description":"Natacha Litzistorf, municipale : Environnement, agriculture et plan climat en ville S\u00e9verine Evequoz, d\u00e9put\u00e9e, candidate au Grand \u2026","og_url":"https:\/\/vert-e-s-vd.ch\/lausanne\/event\/idee-verte-environnement-et-agriculture-une-entente-necessaire","og_site_name":"Les VERT\u00b7E\u00b7S lausannois\u00b7es","article_modified_time":"2022-02-18T12:43:39+00:00","twitter_card":"summary_large_image","schema":{"@context":"https:\/\/schema.org","@graph":[{"@type":"WebPage","@id":"https:\/\/vert-e-s-vd.ch\/lausanne\/event\/idee-verte-environnement-et-agriculture-une-entente-necessaire","url":"https:\/\/vert-e-s-vd.ch\/lausanne\/event\/idee-verte-environnement-et-agriculture-une-entente-necessaire","name":"","isPartOf":{"@id":"https:\/\/vert-e-s-vd.ch\/lausanne\/#website"},"datePublished":"2022-02-09T14:16:12+00:00","dateModified":"2022-02-18T12:43:39+00:00","description":"\u2022 Natacha Litzistorf, municipale : Environnement, agriculture et plan climat en ville \u2022 S\u00e9verine Evequoz, d\u00e9put\u00e9e, candidate au Grand Conseil : Biodiversit\u00e9, agriculture et environnement: les d\u00e9fis pour le canton \u2022 Alexis Dubout, coordinateur au sein de la Coop\u00e9rative MULE: La Mule, ses activit\u00e9s, ses contraintes et ses d\u00e9fis \u2022 Vassilis Venizelos, d\u00e9put\u00e9, candidat au Conseil d\u2019\u00e9tat Une vision et des projets pour l\u2019agriculture au niveau cantonal","breadcrumb":{"@id":"https:\/\/vert-e-s-vd.ch\/lausanne\/event\/idee-verte-environnement-et-agriculture-une-entente-necessaire#breadcrumb"},"inLanguage":"fr-FR","potentialAction":[{"@type":"ReadAction","target":["https:\/\/vert-e-s-vd.ch\/lausanne\/event\/idee-verte-environnement-et-agriculture-une-entente-necessaire"]}]},{"@type":"BreadcrumbList","@id":"https:\/\/vert-e-s-vd.ch\/lausanne\/event\/idee-verte-environnement-et-agriculture-une-entente-necessaire#breadcrumb","itemListElement":[{"@type":"ListItem","position":1,"name":"Accueil","item":"https:\/\/vert-e-s-vd.ch\/lausanne\/"},{"@type":"ListItem","position":2,"name":"Agenda"}]},{"@type":"WebSite","@id":"https:\/\/vert-e-s-vd.ch\/lausanne\/#website","url":"https:\/\/vert-e-s-vd.ch\/lausanne\/","name":"Les VERT\u00b7E\u00b7S lausannois\u00b7es","description":"Une longueur d\u2019avance","potentialAction":[{"@type":"SearchAction","target":{"@type":"EntryPoint","urlTemplate":"https:\/\/vert-e-s-vd.ch\/lausanne\/?s={search_term_string}"},"query-input":{"@type":"PropertyValueSpecification","valueRequired":true,"valueName":"search_term_string"}}],"inLanguage":"fr-FR"}]}},"_links":{"self":[{"href":"https:\/\/vert-e-s-vd.ch\/lausanne\/wp-json\/wp\/v2\/tribe_events\/73609","targetHints":{"allow":["GET"]}}],"collection":[{"href":"https:\/\/vert-e-s-vd.ch\/lausanne\/wp-json\/wp\/v2\/tribe_events"}],"about":[{"href":"https:\/\/vert-e-s-vd.ch\/lausanne\/wp-json\/wp\/v2\/types\/tribe_events"}],"author":[{"embeddable":true,"href":"https:\/\/vert-e-s-vd.ch\/lausanne\/wp-json\/wp\/v2\/users\/3"}],"version-history":[{"count":3,"href":"https:\/\/vert-e-s-vd.ch\/lausanne\/wp-json\/wp\/v2\/tribe_events\/73609\/revisions"}],"predecessor-version":[{"id":73716,"href":"https:\/\/vert-e-s-vd.ch\/lausanne\/wp-json\/wp\/v2\/tribe_events\/73609\/revisions\/73716"}],"wp:attachment":[{"href":"https:\/\/vert-e-s-vd.ch\/lausanne\/wp-json\/wp\/v2\/media?parent=73609"}],"wp:term":[{"taxonomy":"post_tag","embeddable":true,"href":"https:\/\/vert-e-s-vd.ch\/lausanne\/wp-json\/wp\/v2\/tags?post=73609"},{"taxonomy":"tribe_events_cat","embeddable":true,"href":"https:\/\/vert-e-s-vd.ch\/lausanne\/wp-json\/wp\/v2\/tribe_events_cat?post=73609"}],"curies":[{"name":"wp","href":"https:\/\/api.w.org\/{rel}","templated":true}]}}

Idée verte &#8211; Environnement et agriculture: une entente nécessaire

<ul>
<li><strong>Natacha Litzistorf</strong>, municipale :<br />
Environnement, agriculture et plan climat en ville</li>
<li><strong>Séverine Evequoz</strong>, députée, candidate au Grand Conseil :<br />
Biodiversité, agriculture et environnement: les défis pour le canton</li>
<li><strong>Alexis Dubout</strong>, coordinateur au sein de la Coopérative MULE:<br />
La Mule, ses activités, ses contraintes et ses défis</li>
<li><strong>Vassilis Venizelos</strong>, député, candidat au Conseil d’état<br />
Une vision et des projets pour l’agriculture au niveau cantonal</li>
</ul>

<!-- This site is optimized with the Yoast SEO plugin v26.9 - https://yoast.com/product/yoast-seo-wordpress/ -->
<title>Les VERT·E·S lausannois·es</title>
<meta name="description" content="Natacha Litzistorf, municipale : Environnement, agriculture et plan climat en ville Séverine Evequoz, députée, candidate au Grand Conseil : Biodiversité, agriculture et environnement: les défis pour le canton Alexis Dubout, coordinateur au sein de la Coopérative MULE: La Mule, ses activités, ses contraintes et ses défis Vassilis Venizelos, député, candidat au Conseil d’état Une vision et des projets pour l’agriculture au niveau cantonal" />
<meta name="robots" content="index, follow, max-snippet:-1, max-image-preview:large, max-video-preview:-1" />
<link rel="canonical" href="https://vert-e-s-vd.ch/lausanne/event/idee-verte-environnement-et-agriculture-une-entente-necessaire" />
<meta property="og:locale" content="fr_FR" />
<meta property="og:type" content="article" />
<meta property="og:description" content="Natacha Litzistorf, municipale : Environnement, agriculture et plan climat en ville Séverine Evequoz, députée, candidate au Grand …" />
<meta property="og:url" content="https://vert-e-s-vd.ch/lausanne/event/idee-verte-environnement-et-agriculture-une-entente-necessaire" />
<meta property="og:site_name" content="Les VERT·E·S lausannois·es" />
<meta property="article:modified_time" content="2022-02-18T12:43:39+00:00" />
<meta name="twitter:card" content="summary_large_image" />
<script type="application/ld+json" class="yoast-schema-graph">{"@context":"https://schema.org","@graph":[{"@type":"WebPage","@id":"https://vert-e-s-vd.ch/lausanne/event/idee-verte-environnement-et-agriculture-une-entente-necessaire","url":"https://vert-e-s-vd.ch/lausanne/event/idee-verte-environnement-et-agriculture-une-entente-necessaire","name":"","isPartOf":{"@id":"https://vert-e-s-vd.ch/lausanne/#website"},"datePublished":"2022-02-09T14:16:12+00:00","dateModified":"2022-02-18T12:43:39+00:00","description":"• Natacha Litzistorf, municipale : Environnement, agriculture et plan climat en ville • Séverine Evequoz, députée, candidate au Grand Conseil : Biodiversité, agriculture et environnement: les défis pour le canton • Alexis Dubout, coordinateur au sein de la Coopérative MULE: La Mule, ses activités, ses contraintes et ses défis • Vassilis Venizelos, député, candidat au Conseil d’état Une vision et des projets pour l’agriculture au niveau cantonal","breadcrumb":{"@id":"https://vert-e-s-vd.ch/lausanne/event/idee-verte-environnement-et-agriculture-une-entente-necessaire#breadcrumb"},"inLanguage":"fr-FR","potentialAction":[{"@type":"ReadAction","target":["https://vert-e-s-vd.ch/lausanne/event/idee-verte-environnement-et-agriculture-une-entente-necessaire"]}]},{"@type":"BreadcrumbList","@id":"https://vert-e-s-vd.ch/lausanne/event/idee-verte-environnement-et-agriculture-une-entente-necessaire#breadcrumb","itemListElement":[{"@type":"ListItem","position":1,"name":"Accueil","item":"https://vert-e-s-vd.ch/lausanne/"},{"@type":"ListItem","position":2,"name":"Agenda"}]},{"@type":"WebSite","@id":"https://vert-e-s-vd.ch/lausanne/#website","url":"https://vert-e-s-vd.ch/lausanne/","name":"Les VERT·E·S lausannois·es","description":"Une longueur d’avance","potentialAction":[{"@type":"SearchAction","target":{"@type":"EntryPoint","urlTemplate":"https://vert-e-s-vd.ch/lausanne/?s={search_term_string}"},"query-input":{"@type":"PropertyValueSpecification","valueRequired":true,"valueName":"search_term_string"}}],"inLanguage":"fr-FR"}]}</script>
<!-- / Yoast SEO plugin. -->

Natacha Litzistorf, municipale : Environnement, agriculture et plan climat en ville Séverine Evequoz, députée, candidate au Grand Conseil : Biodiversité, agriculture et environnement: les défis pour le canton Alexis Dubout, coordinateur au sein de la Coopérative MULE: La Mule, ses activités, ses contraintes et ses défis Vassilis Venizelos, député, candidat au Conseil d’état Une vision et des projets pour l’agriculture au niveau cantonal

Natacha Litzistorf, municipale : Environnement, agriculture et plan climat en ville Séverine Evequoz, députée, candidate au Grand …

• Natacha Litzistorf, municipale : Environnement, agriculture et plan climat en ville • Séverine Evequoz, députée, candidate au Grand Conseil : Biodiversité, agriculture et environnement: les défis pour le canton • Alexis Dubout, coordinateur au sein de la Coopérative MULE: La Mule, ses activités, ses contraintes et ses défis • Vassilis Venizelos, député, candidat au Conseil d’état Une vision et des projets pour l’agriculture au niveau cantonal
