{"id":73233,"date":"2021-09-09T10:55:19","date_gmt":"2021-09-09T08:55:19","guid":{"rendered":"https:\/\/vert-e-s-vd.ch\/lausanne\/?post_type=tribe_events&#038;p=73233"},"modified":"2021-09-09T10:55:19","modified_gmt":"2021-09-09T08:55:19","slug":"action-de-nettoyage-clean-up-day","status":"publish","type":"tribe_events","link":"https:\/\/vert-e-s-vd.ch\/lausanne\/event\/action-de-nettoyage-clean-up-day","title":{"rendered":"Action de nettoyage &#8211; Clean Up Day"},"content":{"rendered":"","protected":false},"excerpt":{"rendered":"<p>Les d\u00e9chets sauvages d\u00e9figurent et polluent les espaces publics et de loisir.<\/p>\n<p>Cette ann\u00e9e, \u00e0 nouveau, nous participons \u00e0 <a href=\"https:\/\/verts-vd.us9.list-manage.com\/track\/click?u=026f1705e81b4b9d92d068f50&amp;id=b1744008cd&amp;e=c6878f8dd6\" target=\"_blank\" rel=\"noopener\">CleanUp Day<\/a> et ramasserons les d\u00e9chets \u00e0 la place de Milan et sur la colline de Montriond. Venez-nous rejoindre \u00e0 14h pr\u00e8s du grand bassin de la Place de Milan. Nous vous offrons l&rsquo;ap\u00e9ro \u00e0 16h \u00e0 la buvette Le Montriond.<\/p>\n<p><strong>Rendez-vous le 18 septembre \u00e0 14h, Place de Milan, pr\u00e8s du grand bassin.<\/strong><br \/>\n<a href=\"mailto:lausanne@vert-e-s-vd.ch?subject=Action%20place%20nette%2018%20sept\" target=\"_blank\" rel=\"noopener\">Pour s&rsquo;inscrire<\/a><\/p>\n","protected":false},"author":3,"featured_media":0,"template":"","meta":{"_acf_changed":false,"inline_featured_image":false,"_tribe_events_status":"","_tribe_events_status_reason":"","footnotes":""},"tags":[341,325,581],"tribe_events_cat":[580],"class_list":["post-73233","tribe_events","type-tribe_events","status-publish","hentry","tag-dechets","tag-nature-en-ville","tag-proprete","tribe_events_cat-action","cat_action"],"acf":[],"yoast_head":"<!-- This site is optimized with the Yoast SEO plugin v26.9 - https:\/\/yoast.com\/product\/yoast-seo-wordpress\/ -->\n<title>Les VERT\u00b7E\u00b7S lausannois\u00b7es<\/title>\n<meta name=\"description\" content=\"Les d\u00e9chets sauvages d\u00e9figurent et polluent les espaces publics et de loisir. Cette ann\u00e9e, \u00e0 nouveau, nous participons \u00e0 CleanUp Day et ramasserons les d\u00e9chets \u00e0 la place de Milan et sur la colline de Montriond. Venez-nous rejoindre \u00e0 14h pr\u00e8s du grand bassin de la Place de Milan. Nous vous offrons l&rsquo;ap\u00e9ro \u00e0 16h \u00e0 la buvette Le Montriond. Rendez-vous le 18 septembre \u00e0 14h, Place de Milan, pr\u00e8s du grand bassin. Pour s&rsquo;inscrire\" \/>\n<meta name=\"robots\" content=\"index, follow, max-snippet:-1, max-image-preview:large, max-video-preview:-1\" \/>\n<link rel=\"canonical\" href=\"https:\/\/vert-e-s-vd.ch\/lausanne\/event\/action-de-nettoyage-clean-up-day\" \/>\n<meta property=\"og:locale\" content=\"fr_FR\" \/>\n<meta property=\"og:type\" content=\"article\" \/>\n<meta property=\"og:description\" content=\"Les d\u00e9chets sauvages d\u00e9figurent et polluent les espaces publics et de loisir. Cette ann\u00e9e, \u00e0 nouveau, nous participons \u00e0 CleanUp Day \u2026\" \/>\n<meta property=\"og:url\" content=\"https:\/\/vert-e-s-vd.ch\/lausanne\/event\/action-de-nettoyage-clean-up-day\" \/>\n<meta property=\"og:site_name\" content=\"Les VERT\u00b7E\u00b7S lausannois\u00b7es\" \/>\n<meta name=\"twitter:card\" content=\"summary_large_image\" \/>\n<script type=\"application\/ld+json\" class=\"yoast-schema-graph\">{\"@context\":\"https:\/\/schema.org\",\"@graph\":[{\"@type\":\"WebPage\",\"@id\":\"https:\/\/vert-e-s-vd.ch\/lausanne\/event\/action-de-nettoyage-clean-up-day\",\"url\":\"https:\/\/vert-e-s-vd.ch\/lausanne\/event\/action-de-nettoyage-clean-up-day\",\"name\":\"\",\"isPartOf\":{\"@id\":\"https:\/\/vert-e-s-vd.ch\/lausanne\/#website\"},\"datePublished\":\"2021-09-09T08:55:19+00:00\",\"description\":\"Les d\u00e9chets sauvages d\u00e9figurent et polluent les espaces publics et de loisir. Cette ann\u00e9e, \u00e0 nouveau, nous participons \u00e0 CleanUp Day et ramasserons les d\u00e9chets \u00e0 la place de Milan et sur la colline de Montriond. Venez-nous rejoindre \u00e0 14h pr\u00e8s du grand bassin de la Place de Milan. Nous vous offrons l&rsquo;ap\u00e9ro \u00e0 16h \u00e0 la buvette Le Montriond. Rendez-vous le 18 septembre \u00e0 14h, Place de Milan, pr\u00e8s du grand bassin. Pour s&rsquo;inscrire\",\"breadcrumb\":{\"@id\":\"https:\/\/vert-e-s-vd.ch\/lausanne\/event\/action-de-nettoyage-clean-up-day#breadcrumb\"},\"inLanguage\":\"fr-FR\",\"potentialAction\":[{\"@type\":\"ReadAction\",\"target\":[\"https:\/\/vert-e-s-vd.ch\/lausanne\/event\/action-de-nettoyage-clean-up-day\"]}]},{\"@type\":\"BreadcrumbList\",\"@id\":\"https:\/\/vert-e-s-vd.ch\/lausanne\/event\/action-de-nettoyage-clean-up-day#breadcrumb\",\"itemListElement\":[{\"@type\":\"ListItem\",\"position\":1,\"name\":\"Accueil\",\"item\":\"https:\/\/vert-e-s-vd.ch\/lausanne\/\"},{\"@type\":\"ListItem\",\"position\":2,\"name\":\"Agenda\"}]},{\"@type\":\"WebSite\",\"@id\":\"https:\/\/vert-e-s-vd.ch\/lausanne\/#website\",\"url\":\"https:\/\/vert-e-s-vd.ch\/lausanne\/\",\"name\":\"Les VERT\u00b7E\u00b7S lausannois\u00b7es\",\"description\":\"Une longueur d\u2019avance\",\"potentialAction\":[{\"@type\":\"SearchAction\",\"target\":{\"@type\":\"EntryPoint\",\"urlTemplate\":\"https:\/\/vert-e-s-vd.ch\/lausanne\/?s={search_term_string}\"},\"query-input\":{\"@type\":\"PropertyValueSpecification\",\"valueRequired\":true,\"valueName\":\"search_term_string\"}}],\"inLanguage\":\"fr-FR\"}]}<\/script>\n<!-- \/ Yoast SEO plugin. -->","yoast_head_json":{"title":"Les VERT\u00b7E\u00b7S lausannois\u00b7es","description":"Les d\u00e9chets sauvages d\u00e9figurent et polluent les espaces publics et de loisir. Cette ann\u00e9e, \u00e0 nouveau, nous participons \u00e0 CleanUp Day et ramasserons les d\u00e9chets \u00e0 la place de Milan et sur la colline de Montriond. Venez-nous rejoindre \u00e0 14h pr\u00e8s du grand bassin de la Place de Milan. Nous vous offrons l&rsquo;ap\u00e9ro \u00e0 16h \u00e0 la buvette Le Montriond. Rendez-vous le 18 septembre \u00e0 14h, Place de Milan, pr\u00e8s du grand bassin. Pour s&rsquo;inscrire","robots":{"index":"index","follow":"follow","max-snippet":"max-snippet:-1","max-image-preview":"max-image-preview:large","max-video-preview":"max-video-preview:-1"},"canonical":"https:\/\/vert-e-s-vd.ch\/lausanne\/event\/action-de-nettoyage-clean-up-day","og_locale":"fr_FR","og_type":"article","og_description":"Les d\u00e9chets sauvages d\u00e9figurent et polluent les espaces publics et de loisir. Cette ann\u00e9e, \u00e0 nouveau, nous participons \u00e0 CleanUp Day \u2026","og_url":"https:\/\/vert-e-s-vd.ch\/lausanne\/event\/action-de-nettoyage-clean-up-day","og_site_name":"Les VERT\u00b7E\u00b7S lausannois\u00b7es","twitter_card":"summary_large_image","schema":{"@context":"https:\/\/schema.org","@graph":[{"@type":"WebPage","@id":"https:\/\/vert-e-s-vd.ch\/lausanne\/event\/action-de-nettoyage-clean-up-day","url":"https:\/\/vert-e-s-vd.ch\/lausanne\/event\/action-de-nettoyage-clean-up-day","name":"","isPartOf":{"@id":"https:\/\/vert-e-s-vd.ch\/lausanne\/#website"},"datePublished":"2021-09-09T08:55:19+00:00","description":"Les d\u00e9chets sauvages d\u00e9figurent et polluent les espaces publics et de loisir. Cette ann\u00e9e, \u00e0 nouveau, nous participons \u00e0 CleanUp Day et ramasserons les d\u00e9chets \u00e0 la place de Milan et sur la colline de Montriond. Venez-nous rejoindre \u00e0 14h pr\u00e8s du grand bassin de la Place de Milan. Nous vous offrons l&rsquo;ap\u00e9ro \u00e0 16h \u00e0 la buvette Le Montriond. Rendez-vous le 18 septembre \u00e0 14h, Place de Milan, pr\u00e8s du grand bassin. Pour s&rsquo;inscrire","breadcrumb":{"@id":"https:\/\/vert-e-s-vd.ch\/lausanne\/event\/action-de-nettoyage-clean-up-day#breadcrumb"},"inLanguage":"fr-FR","potentialAction":[{"@type":"ReadAction","target":["https:\/\/vert-e-s-vd.ch\/lausanne\/event\/action-de-nettoyage-clean-up-day"]}]},{"@type":"BreadcrumbList","@id":"https:\/\/vert-e-s-vd.ch\/lausanne\/event\/action-de-nettoyage-clean-up-day#breadcrumb","itemListElement":[{"@type":"ListItem","position":1,"name":"Accueil","item":"https:\/\/vert-e-s-vd.ch\/lausanne\/"},{"@type":"ListItem","position":2,"name":"Agenda"}]},{"@type":"WebSite","@id":"https:\/\/vert-e-s-vd.ch\/lausanne\/#website","url":"https:\/\/vert-e-s-vd.ch\/lausanne\/","name":"Les VERT\u00b7E\u00b7S lausannois\u00b7es","description":"Une longueur d\u2019avance","potentialAction":[{"@type":"SearchAction","target":{"@type":"EntryPoint","urlTemplate":"https:\/\/vert-e-s-vd.ch\/lausanne\/?s={search_term_string}"},"query-input":{"@type":"PropertyValueSpecification","valueRequired":true,"valueName":"search_term_string"}}],"inLanguage":"fr-FR"}]}},"_links":{"self":[{"href":"https:\/\/vert-e-s-vd.ch\/lausanne\/wp-json\/wp\/v2\/tribe_events\/73233","targetHints":{"allow":["GET"]}}],"collection":[{"href":"https:\/\/vert-e-s-vd.ch\/lausanne\/wp-json\/wp\/v2\/tribe_events"}],"about":[{"href":"https:\/\/vert-e-s-vd.ch\/lausanne\/wp-json\/wp\/v2\/types\/tribe_events"}],"author":[{"embeddable":true,"href":"https:\/\/vert-e-s-vd.ch\/lausanne\/wp-json\/wp\/v2\/users\/3"}],"version-history":[{"count":1,"href":"https:\/\/vert-e-s-vd.ch\/lausanne\/wp-json\/wp\/v2\/tribe_events\/73233\/revisions"}],"predecessor-version":[{"id":73236,"href":"https:\/\/vert-e-s-vd.ch\/lausanne\/wp-json\/wp\/v2\/tribe_events\/73233\/revisions\/73236"}],"wp:attachment":[{"href":"https:\/\/vert-e-s-vd.ch\/lausanne\/wp-json\/wp\/v2\/media?parent=73233"}],"wp:term":[{"taxonomy":"post_tag","embeddable":true,"href":"https:\/\/vert-e-s-vd.ch\/lausanne\/wp-json\/wp\/v2\/tags?post=73233"},{"taxonomy":"tribe_events_cat","embeddable":true,"href":"https:\/\/vert-e-s-vd.ch\/lausanne\/wp-json\/wp\/v2\/tribe_events_cat?post=73233"}],"curies":[{"name":"wp","href":"https:\/\/api.w.org\/{rel}","templated":true}]}}

<p>Les déchets sauvages défigurent et polluent les espaces publics et de loisir.</p>
<p>Cette année, à nouveau, nous participons à <a href="https://verts-vd.us9.list-manage.com/track/click?u=026f1705e81b4b9d92d068f50&amp;id=b1744008cd&amp;e=c6878f8dd6" target="_blank" rel="noopener">CleanUp Day</a> et ramasserons les déchets à la place de Milan et sur la colline de Montriond. Venez-nous rejoindre à 14h près du grand bassin de la Place de Milan. Nous vous offrons l&rsquo;apéro à 16h à la buvette Le Montriond.</p>
<p><strong>Rendez-vous le 18 septembre à 14h, Place de Milan, près du grand bassin.</strong><br />
<a href="mailto:lausanne@vert-e-s-vd.ch?subject=Action%20place%20nette%2018%20sept" target="_blank" rel="noopener">Pour s&rsquo;inscrire</a></p>

<!-- This site is optimized with the Yoast SEO plugin v26.9 - https://yoast.com/product/yoast-seo-wordpress/ -->
<title>Les VERT·E·S lausannois·es</title>
<meta name="description" content="Les déchets sauvages défigurent et polluent les espaces publics et de loisir. Cette année, à nouveau, nous participons à CleanUp Day et ramasserons les déchets à la place de Milan et sur la colline de Montriond. Venez-nous rejoindre à 14h près du grand bassin de la Place de Milan. Nous vous offrons l&rsquo;apéro à 16h à la buvette Le Montriond. Rendez-vous le 18 septembre à 14h, Place de Milan, près du grand bassin. Pour s&rsquo;inscrire" />
<meta name="robots" content="index, follow, max-snippet:-1, max-image-preview:large, max-video-preview:-1" />
<link rel="canonical" href="https://vert-e-s-vd.ch/lausanne/event/action-de-nettoyage-clean-up-day" />
<meta property="og:locale" content="fr_FR" />
<meta property="og:type" content="article" />
<meta property="og:description" content="Les déchets sauvages défigurent et polluent les espaces publics et de loisir. Cette année, à nouveau, nous participons à CleanUp Day …" />
<meta property="og:url" content="https://vert-e-s-vd.ch/lausanne/event/action-de-nettoyage-clean-up-day" />
<meta property="og:site_name" content="Les VERT·E·S lausannois·es" />
<meta name="twitter:card" content="summary_large_image" />
<script type="application/ld+json" class="yoast-schema-graph">{"@context":"https://schema.org","@graph":[{"@type":"WebPage","@id":"https://vert-e-s-vd.ch/lausanne/event/action-de-nettoyage-clean-up-day","url":"https://vert-e-s-vd.ch/lausanne/event/action-de-nettoyage-clean-up-day","name":"","isPartOf":{"@id":"https://vert-e-s-vd.ch/lausanne/#website"},"datePublished":"2021-09-09T08:55:19+00:00","description":"Les déchets sauvages défigurent et polluent les espaces publics et de loisir. Cette année, à nouveau, nous participons à CleanUp Day et ramasserons les déchets à la place de Milan et sur la colline de Montriond. Venez-nous rejoindre à 14h près du grand bassin de la Place de Milan. Nous vous offrons l&rsquo;apéro à 16h à la buvette Le Montriond. Rendez-vous le 18 septembre à 14h, Place de Milan, près du grand bassin. Pour s&rsquo;inscrire","breadcrumb":{"@id":"https://vert-e-s-vd.ch/lausanne/event/action-de-nettoyage-clean-up-day#breadcrumb"},"inLanguage":"fr-FR","potentialAction":[{"@type":"ReadAction","target":["https://vert-e-s-vd.ch/lausanne/event/action-de-nettoyage-clean-up-day"]}]},{"@type":"BreadcrumbList","@id":"https://vert-e-s-vd.ch/lausanne/event/action-de-nettoyage-clean-up-day#breadcrumb","itemListElement":[{"@type":"ListItem","position":1,"name":"Accueil","item":"https://vert-e-s-vd.ch/lausanne/"},{"@type":"ListItem","position":2,"name":"Agenda"}]},{"@type":"WebSite","@id":"https://vert-e-s-vd.ch/lausanne/#website","url":"https://vert-e-s-vd.ch/lausanne/","name":"Les VERT·E·S lausannois·es","description":"Une longueur d’avance","potentialAction":[{"@type":"SearchAction","target":{"@type":"EntryPoint","urlTemplate":"https://vert-e-s-vd.ch/lausanne/?s={search_term_string}"},"query-input":{"@type":"PropertyValueSpecification","valueRequired":true,"valueName":"search_term_string"}}],"inLanguage":"fr-FR"}]}</script>
<!-- / Yoast SEO plugin. -->

Les déchets sauvages défigurent et polluent les espaces publics et de loisir. Cette année, à nouveau, nous participons à CleanUp Day et ramasserons les déchets à la place de Milan et sur la colline de Montriond. Venez-nous rejoindre à 14h près du grand bassin de la Place de Milan. Nous vous offrons l&rsquo;apéro à 16h à la buvette Le Montriond. Rendez-vous le 18 septembre à 14h, Place de Milan, près du grand bassin. Pour s&rsquo;inscrire

Les déchets sauvages défigurent et polluent les espaces publics et de loisir. Cette année, à nouveau, nous participons à CleanUp Day …
