{"id":72730,"date":"2021-02-04T15:10:01","date_gmt":"2021-02-04T14:10:01","guid":{"rendered":"https:\/\/vert-e-s-vd.ch\/lausanne\/?post_type=tribe_events&#038;p=72730"},"modified":"2021-02-04T15:14:52","modified_gmt":"2021-02-04T14:14:52","slug":"idee-verte-la-nature-en-ville","status":"publish","type":"tribe_events","link":"https:\/\/vert-e-s-vd.ch\/lausanne\/event\/idee-verte-la-nature-en-ville","title":{"rendered":"Id\u00e9e verte La nature en ville"},"content":{"rendered":"","protected":false},"excerpt":{"rendered":"<p class=\"kvgmc6g5 cxmmr5t8 oygrvhab hcukyx3x c1et5uql\">La nature en ville est indispensable pour adapter nos villes aux changements climatiques, sauver la biodiversit\u00e9 et am\u00e9liorer la sant\u00e9 de la population. Comment s\u2019y prennent les communes de l\u2019agglom\u00e9ration?<\/p>\n<p class=\"o9v6fnle cxmmr5t8 oygrvhab hcukyx3x c1et5uql\">Regards crois\u00e9s d&rsquo;\u00e9lues vertes, avec <a href=\"https:\/\/lesvertes2021.ch\/candidat\/natacha-litzistorf-spina\/\">Natacha Litzistorf<\/a>, municipale verte lausannoise et <a href=\"https:\/\/vert-e-s-vd.ch\/ouestlausannois\/blog\/communales-2021\/tinetta-maystre\">Tinetta Maystre<\/a>, municipale verte \u00e0 Renens.<\/p>\n<p>Conf\u00e9rence sur <a href=\"https:\/\/zoom.us\/join\">la plateforme zoom<\/a> \u00e0 19h<br \/>\nID de la r\u00e9union: 221 351 3630<\/p>\n","protected":false},"author":3,"featured_media":0,"template":"","meta":{"_acf_changed":false,"inline_featured_image":false,"_tribe_events_status":"","_tribe_events_status_reason":"","footnotes":""},"tags":[325],"tribe_events_cat":[559],"class_list":["post-72730","tribe_events","type-tribe_events","status-publish","hentry","tag-nature-en-ville","tribe_events_cat-idee-verte","cat_idee-verte"],"acf":[],"yoast_head":"<!-- This site is optimized with the Yoast SEO plugin v26.9 - https:\/\/yoast.com\/product\/yoast-seo-wordpress\/ -->\n<title>Les VERT\u00b7E\u00b7S lausannois\u00b7es<\/title>\n<meta name=\"description\" content=\"La nature en ville est indispensable pour adapter nos villes aux changements climatiques, sauver la biodiversit\u00e9 et am\u00e9liorer la sant\u00e9 de la population. Comment s\u2019y prennent les communes de l\u2019agglom\u00e9ration? Regards crois\u00e9s d&rsquo;\u00e9lues vertes, avec Natacha Litzistorf, municipale verte lausannoise et Tinetta Maystre, municipale verte \u00e0 Renens. Conf\u00e9rence sur la plateforme zoom \u00e0 19h ID de la r\u00e9union: 221 351 3630\" \/>\n<meta name=\"robots\" content=\"index, follow, max-snippet:-1, max-image-preview:large, max-video-preview:-1\" \/>\n<link rel=\"canonical\" href=\"https:\/\/vert-e-s-vd.ch\/lausanne\/event\/idee-verte-la-nature-en-ville\" \/>\n<meta property=\"og:locale\" content=\"fr_FR\" \/>\n<meta property=\"og:type\" content=\"article\" \/>\n<meta property=\"og:description\" content=\"La nature en ville est indispensable pour adapter nos villes aux changements climatiques, sauver la biodiversit\u00e9 et am\u00e9liorer la sant\u00e9 \u2026\" \/>\n<meta property=\"og:url\" content=\"https:\/\/vert-e-s-vd.ch\/lausanne\/event\/idee-verte-la-nature-en-ville\" \/>\n<meta property=\"og:site_name\" content=\"Les VERT\u00b7E\u00b7S lausannois\u00b7es\" \/>\n<meta property=\"article:modified_time\" content=\"2021-02-04T14:14:52+00:00\" \/>\n<meta name=\"twitter:card\" content=\"summary_large_image\" \/>\n<script type=\"application\/ld+json\" class=\"yoast-schema-graph\">{\"@context\":\"https:\/\/schema.org\",\"@graph\":[{\"@type\":\"WebPage\",\"@id\":\"https:\/\/vert-e-s-vd.ch\/lausanne\/event\/idee-verte-la-nature-en-ville\",\"url\":\"https:\/\/vert-e-s-vd.ch\/lausanne\/event\/idee-verte-la-nature-en-ville\",\"name\":\"\",\"isPartOf\":{\"@id\":\"https:\/\/vert-e-s-vd.ch\/lausanne\/#website\"},\"datePublished\":\"2021-02-04T14:10:01+00:00\",\"dateModified\":\"2021-02-04T14:14:52+00:00\",\"description\":\"La nature en ville est indispensable pour adapter nos villes aux changements climatiques, sauver la biodiversit\u00e9 et am\u00e9liorer la sant\u00e9 de la population. Comment s\u2019y prennent les communes de l\u2019agglom\u00e9ration? Regards crois\u00e9s d&rsquo;\u00e9lues vertes, avec Natacha Litzistorf, municipale verte lausannoise et Tinetta Maystre, municipale verte \u00e0 Renens. Conf\u00e9rence sur la plateforme zoom \u00e0 19h ID de la r\u00e9union: 221 351 3630\",\"breadcrumb\":{\"@id\":\"https:\/\/vert-e-s-vd.ch\/lausanne\/event\/idee-verte-la-nature-en-ville#breadcrumb\"},\"inLanguage\":\"fr-FR\",\"potentialAction\":[{\"@type\":\"ReadAction\",\"target\":[\"https:\/\/vert-e-s-vd.ch\/lausanne\/event\/idee-verte-la-nature-en-ville\"]}]},{\"@type\":\"BreadcrumbList\",\"@id\":\"https:\/\/vert-e-s-vd.ch\/lausanne\/event\/idee-verte-la-nature-en-ville#breadcrumb\",\"itemListElement\":[{\"@type\":\"ListItem\",\"position\":1,\"name\":\"Accueil\",\"item\":\"https:\/\/vert-e-s-vd.ch\/lausanne\/\"},{\"@type\":\"ListItem\",\"position\":2,\"name\":\"Agenda\"}]},{\"@type\":\"WebSite\",\"@id\":\"https:\/\/vert-e-s-vd.ch\/lausanne\/#website\",\"url\":\"https:\/\/vert-e-s-vd.ch\/lausanne\/\",\"name\":\"Les VERT\u00b7E\u00b7S lausannois\u00b7es\",\"description\":\"Une longueur d\u2019avance\",\"potentialAction\":[{\"@type\":\"SearchAction\",\"target\":{\"@type\":\"EntryPoint\",\"urlTemplate\":\"https:\/\/vert-e-s-vd.ch\/lausanne\/?s={search_term_string}\"},\"query-input\":{\"@type\":\"PropertyValueSpecification\",\"valueRequired\":true,\"valueName\":\"search_term_string\"}}],\"inLanguage\":\"fr-FR\"}]}<\/script>\n<!-- \/ Yoast SEO plugin. -->","yoast_head_json":{"title":"Les VERT\u00b7E\u00b7S lausannois\u00b7es","description":"La nature en ville est indispensable pour adapter nos villes aux changements climatiques, sauver la biodiversit\u00e9 et am\u00e9liorer la sant\u00e9 de la population. Comment s\u2019y prennent les communes de l\u2019agglom\u00e9ration? Regards crois\u00e9s d&rsquo;\u00e9lues vertes, avec Natacha Litzistorf, municipale verte lausannoise et Tinetta Maystre, municipale verte \u00e0 Renens. Conf\u00e9rence sur la plateforme zoom \u00e0 19h ID de la r\u00e9union: 221 351 3630","robots":{"index":"index","follow":"follow","max-snippet":"max-snippet:-1","max-image-preview":"max-image-preview:large","max-video-preview":"max-video-preview:-1"},"canonical":"https:\/\/vert-e-s-vd.ch\/lausanne\/event\/idee-verte-la-nature-en-ville","og_locale":"fr_FR","og_type":"article","og_description":"La nature en ville est indispensable pour adapter nos villes aux changements climatiques, sauver la biodiversit\u00e9 et am\u00e9liorer la sant\u00e9 \u2026","og_url":"https:\/\/vert-e-s-vd.ch\/lausanne\/event\/idee-verte-la-nature-en-ville","og_site_name":"Les VERT\u00b7E\u00b7S lausannois\u00b7es","article_modified_time":"2021-02-04T14:14:52+00:00","twitter_card":"summary_large_image","schema":{"@context":"https:\/\/schema.org","@graph":[{"@type":"WebPage","@id":"https:\/\/vert-e-s-vd.ch\/lausanne\/event\/idee-verte-la-nature-en-ville","url":"https:\/\/vert-e-s-vd.ch\/lausanne\/event\/idee-verte-la-nature-en-ville","name":"","isPartOf":{"@id":"https:\/\/vert-e-s-vd.ch\/lausanne\/#website"},"datePublished":"2021-02-04T14:10:01+00:00","dateModified":"2021-02-04T14:14:52+00:00","description":"La nature en ville est indispensable pour adapter nos villes aux changements climatiques, sauver la biodiversit\u00e9 et am\u00e9liorer la sant\u00e9 de la population. Comment s\u2019y prennent les communes de l\u2019agglom\u00e9ration? Regards crois\u00e9s d&rsquo;\u00e9lues vertes, avec Natacha Litzistorf, municipale verte lausannoise et Tinetta Maystre, municipale verte \u00e0 Renens. Conf\u00e9rence sur la plateforme zoom \u00e0 19h ID de la r\u00e9union: 221 351 3630","breadcrumb":{"@id":"https:\/\/vert-e-s-vd.ch\/lausanne\/event\/idee-verte-la-nature-en-ville#breadcrumb"},"inLanguage":"fr-FR","potentialAction":[{"@type":"ReadAction","target":["https:\/\/vert-e-s-vd.ch\/lausanne\/event\/idee-verte-la-nature-en-ville"]}]},{"@type":"BreadcrumbList","@id":"https:\/\/vert-e-s-vd.ch\/lausanne\/event\/idee-verte-la-nature-en-ville#breadcrumb","itemListElement":[{"@type":"ListItem","position":1,"name":"Accueil","item":"https:\/\/vert-e-s-vd.ch\/lausanne\/"},{"@type":"ListItem","position":2,"name":"Agenda"}]},{"@type":"WebSite","@id":"https:\/\/vert-e-s-vd.ch\/lausanne\/#website","url":"https:\/\/vert-e-s-vd.ch\/lausanne\/","name":"Les VERT\u00b7E\u00b7S lausannois\u00b7es","description":"Une longueur d\u2019avance","potentialAction":[{"@type":"SearchAction","target":{"@type":"EntryPoint","urlTemplate":"https:\/\/vert-e-s-vd.ch\/lausanne\/?s={search_term_string}"},"query-input":{"@type":"PropertyValueSpecification","valueRequired":true,"valueName":"search_term_string"}}],"inLanguage":"fr-FR"}]}},"_links":{"self":[{"href":"https:\/\/vert-e-s-vd.ch\/lausanne\/wp-json\/wp\/v2\/tribe_events\/72730","targetHints":{"allow":["GET"]}}],"collection":[{"href":"https:\/\/vert-e-s-vd.ch\/lausanne\/wp-json\/wp\/v2\/tribe_events"}],"about":[{"href":"https:\/\/vert-e-s-vd.ch\/lausanne\/wp-json\/wp\/v2\/types\/tribe_events"}],"author":[{"embeddable":true,"href":"https:\/\/vert-e-s-vd.ch\/lausanne\/wp-json\/wp\/v2\/users\/3"}],"version-history":[{"count":2,"href":"https:\/\/vert-e-s-vd.ch\/lausanne\/wp-json\/wp\/v2\/tribe_events\/72730\/revisions"}],"predecessor-version":[{"id":72736,"href":"https:\/\/vert-e-s-vd.ch\/lausanne\/wp-json\/wp\/v2\/tribe_events\/72730\/revisions\/72736"}],"wp:attachment":[{"href":"https:\/\/vert-e-s-vd.ch\/lausanne\/wp-json\/wp\/v2\/media?parent=72730"}],"wp:term":[{"taxonomy":"post_tag","embeddable":true,"href":"https:\/\/vert-e-s-vd.ch\/lausanne\/wp-json\/wp\/v2\/tags?post=72730"},{"taxonomy":"tribe_events_cat","embeddable":true,"href":"https:\/\/vert-e-s-vd.ch\/lausanne\/wp-json\/wp\/v2\/tribe_events_cat?post=72730"}],"curies":[{"name":"wp","href":"https:\/\/api.w.org\/{rel}","templated":true}]}}

Idée verte La nature en ville

<p class="kvgmc6g5 cxmmr5t8 oygrvhab hcukyx3x c1et5uql">La nature en ville est indispensable pour adapter nos villes aux changements climatiques, sauver la biodiversité et améliorer la santé de la population. Comment s’y prennent les communes de l’agglomération?</p>
<p class="o9v6fnle cxmmr5t8 oygrvhab hcukyx3x c1et5uql">Regards croisés d&rsquo;élues vertes, avec <a href="https://lesvertes2021.ch/candidat/natacha-litzistorf-spina/">Natacha Litzistorf</a>, municipale verte lausannoise et <a href="https://vert-e-s-vd.ch/ouestlausannois/blog/communales-2021/tinetta-maystre">Tinetta Maystre</a>, municipale verte à Renens.</p>
<p>Conférence sur <a href="https://zoom.us/join">la plateforme zoom</a> à 19h<br />
ID de la réunion: 221 351 3630</p>

<!-- This site is optimized with the Yoast SEO plugin v26.9 - https://yoast.com/product/yoast-seo-wordpress/ -->
<title>Les VERT·E·S lausannois·es</title>
<meta name="description" content="La nature en ville est indispensable pour adapter nos villes aux changements climatiques, sauver la biodiversité et améliorer la santé de la population. Comment s’y prennent les communes de l’agglomération? Regards croisés d&rsquo;élues vertes, avec Natacha Litzistorf, municipale verte lausannoise et Tinetta Maystre, municipale verte à Renens. Conférence sur la plateforme zoom à 19h ID de la réunion: 221 351 3630" />
<meta name="robots" content="index, follow, max-snippet:-1, max-image-preview:large, max-video-preview:-1" />
<link rel="canonical" href="https://vert-e-s-vd.ch/lausanne/event/idee-verte-la-nature-en-ville" />
<meta property="og:locale" content="fr_FR" />
<meta property="og:type" content="article" />
<meta property="og:description" content="La nature en ville est indispensable pour adapter nos villes aux changements climatiques, sauver la biodiversité et améliorer la santé …" />
<meta property="og:url" content="https://vert-e-s-vd.ch/lausanne/event/idee-verte-la-nature-en-ville" />
<meta property="og:site_name" content="Les VERT·E·S lausannois·es" />
<meta property="article:modified_time" content="2021-02-04T14:14:52+00:00" />
<meta name="twitter:card" content="summary_large_image" />
<script type="application/ld+json" class="yoast-schema-graph">{"@context":"https://schema.org","@graph":[{"@type":"WebPage","@id":"https://vert-e-s-vd.ch/lausanne/event/idee-verte-la-nature-en-ville","url":"https://vert-e-s-vd.ch/lausanne/event/idee-verte-la-nature-en-ville","name":"","isPartOf":{"@id":"https://vert-e-s-vd.ch/lausanne/#website"},"datePublished":"2021-02-04T14:10:01+00:00","dateModified":"2021-02-04T14:14:52+00:00","description":"La nature en ville est indispensable pour adapter nos villes aux changements climatiques, sauver la biodiversité et améliorer la santé de la population. Comment s’y prennent les communes de l’agglomération? Regards croisés d&rsquo;élues vertes, avec Natacha Litzistorf, municipale verte lausannoise et Tinetta Maystre, municipale verte à Renens. Conférence sur la plateforme zoom à 19h ID de la réunion: 221 351 3630","breadcrumb":{"@id":"https://vert-e-s-vd.ch/lausanne/event/idee-verte-la-nature-en-ville#breadcrumb"},"inLanguage":"fr-FR","potentialAction":[{"@type":"ReadAction","target":["https://vert-e-s-vd.ch/lausanne/event/idee-verte-la-nature-en-ville"]}]},{"@type":"BreadcrumbList","@id":"https://vert-e-s-vd.ch/lausanne/event/idee-verte-la-nature-en-ville#breadcrumb","itemListElement":[{"@type":"ListItem","position":1,"name":"Accueil","item":"https://vert-e-s-vd.ch/lausanne/"},{"@type":"ListItem","position":2,"name":"Agenda"}]},{"@type":"WebSite","@id":"https://vert-e-s-vd.ch/lausanne/#website","url":"https://vert-e-s-vd.ch/lausanne/","name":"Les VERT·E·S lausannois·es","description":"Une longueur d’avance","potentialAction":[{"@type":"SearchAction","target":{"@type":"EntryPoint","urlTemplate":"https://vert-e-s-vd.ch/lausanne/?s={search_term_string}"},"query-input":{"@type":"PropertyValueSpecification","valueRequired":true,"valueName":"search_term_string"}}],"inLanguage":"fr-FR"}]}</script>
<!-- / Yoast SEO plugin. -->

La nature en ville est indispensable pour adapter nos villes aux changements climatiques, sauver la biodiversité et améliorer la santé de la population. Comment s’y prennent les communes de l’agglomération? Regards croisés d&rsquo;élues vertes, avec Natacha Litzistorf, municipale verte lausannoise et Tinetta Maystre, municipale verte à Renens. Conférence sur la plateforme zoom à 19h ID de la réunion: 221 351 3630

La nature en ville est indispensable pour adapter nos villes aux changements climatiques, sauver la biodiversité et améliorer la santé …
