{"id":75678,"date":"2025-10-14T13:40:44","date_gmt":"2025-10-14T11:40:44","guid":{"rendered":"https:\/\/vert-e-s-vd.ch\/lausanne\/?page_id=75678"},"modified":"2025-11-11T16:23:21","modified_gmt":"2025-11-11T15:23:21","slug":"des-rues-vivantes","status":"publish","type":"page","link":"https:\/\/vert-e-s-vd.ch\/lausanne\/une-ville-aux-logements-de-qualite-a-loyers-raisonnables\/des-rues-vivantes","title":{"rendered":"Des rues vivantes"},"content":{"rendered":"","protected":false},"excerpt":{"rendered":"","protected":false},"author":3,"featured_media":0,"parent":75667,"menu_order":0,"comment_status":"closed","ping_status":"closed","template":"","meta":{"_acf_changed":false,"inline_featured_image":false,"footnotes":""},"class_list":["post-75678","page","type-page","status-publish","hentry"],"acf":[],"yoast_head":"<!-- This site is optimized with the Yoast SEO plugin v26.9 - https:\/\/yoast.com\/product\/yoast-seo-wordpress\/ -->\n<title>Des rues vivantes - Les VERT\u00b7E\u00b7S lausannois\u00b7es<\/title>\n<meta name=\"description\" content=\"Des logements de qualit\u00e9 impliquent la garantie d\u2019un cadre de vie agr\u00e9able: des rues fra\u00eeches et paisibles, des quartiers vivants et des infrastructures repens\u00e9es.\" \/>\n<meta name=\"robots\" content=\"index, follow, max-snippet:-1, max-image-preview:large, max-video-preview:-1\" \/>\n<link rel=\"canonical\" href=\"https:\/\/vert-e-s-vd.ch\/lausanne\/une-ville-aux-logements-de-qualite-a-loyers-raisonnables\/des-rues-vivantes\" \/>\n<meta property=\"og:locale\" content=\"fr_FR\" \/>\n<meta property=\"og:type\" content=\"article\" \/>\n<meta property=\"og:title\" content=\"Des rues vivantes - Les VERT\u00b7E\u00b7S lausannois\u00b7es\" \/>\n<meta property=\"og:description\" content=\"Des logements de qualit\u00e9 impliquent la garantie d\u2019un cadre de vie agr\u00e9able: des rues fra\u00eeches et paisibles, des quartiers vivants et \u2026\" \/>\n<meta property=\"og:url\" content=\"https:\/\/vert-e-s-vd.ch\/lausanne\/une-ville-aux-logements-de-qualite-a-loyers-raisonnables\/des-rues-vivantes\" \/>\n<meta property=\"og:site_name\" content=\"Les VERT\u00b7E\u00b7S lausannois\u00b7es\" \/>\n<meta property=\"article:modified_time\" content=\"2025-11-11T15:23:21+00:00\" \/>\n<meta name=\"twitter:card\" content=\"summary_large_image\" \/>\n<meta name=\"twitter:label1\" content=\"Dur\u00e9e de lecture estim\u00e9e\" \/>\n\t<meta name=\"twitter:data1\" content=\"2 minutes\" \/>\n<script type=\"application\/ld+json\" class=\"yoast-schema-graph\">{\"@context\":\"https:\/\/schema.org\",\"@graph\":[{\"@type\":\"WebPage\",\"@id\":\"https:\/\/vert-e-s-vd.ch\/lausanne\/une-ville-aux-logements-de-qualite-a-loyers-raisonnables\/des-rues-vivantes\",\"url\":\"https:\/\/vert-e-s-vd.ch\/lausanne\/une-ville-aux-logements-de-qualite-a-loyers-raisonnables\/des-rues-vivantes\",\"name\":\"Des rues vivantes - Les VERT\u00b7E\u00b7S lausannois\u00b7es\",\"isPartOf\":{\"@id\":\"https:\/\/vert-e-s-vd.ch\/lausanne\/#website\"},\"datePublished\":\"2025-10-14T11:40:44+00:00\",\"dateModified\":\"2025-11-11T15:23:21+00:00\",\"description\":\"Des logements de qualit\u00e9 impliquent la garantie d\u2019un cadre de vie agr\u00e9able: des rues fra\u00eeches et paisibles, des quartiers vivants et des infrastructures repens\u00e9es.\",\"breadcrumb\":{\"@id\":\"https:\/\/vert-e-s-vd.ch\/lausanne\/une-ville-aux-logements-de-qualite-a-loyers-raisonnables\/des-rues-vivantes#breadcrumb\"},\"inLanguage\":\"fr-FR\",\"potentialAction\":[{\"@type\":\"ReadAction\",\"target\":[\"https:\/\/vert-e-s-vd.ch\/lausanne\/une-ville-aux-logements-de-qualite-a-loyers-raisonnables\/des-rues-vivantes\"]}]},{\"@type\":\"BreadcrumbList\",\"@id\":\"https:\/\/vert-e-s-vd.ch\/lausanne\/une-ville-aux-logements-de-qualite-a-loyers-raisonnables\/des-rues-vivantes#breadcrumb\",\"itemListElement\":[{\"@type\":\"ListItem\",\"position\":1,\"name\":\"Accueil\",\"item\":\"https:\/\/vert-e-s-vd.ch\/lausanne\/\"},{\"@type\":\"ListItem\",\"position\":2,\"name\":\"Agenda\"}]},{\"@type\":\"WebSite\",\"@id\":\"https:\/\/vert-e-s-vd.ch\/lausanne\/#website\",\"url\":\"https:\/\/vert-e-s-vd.ch\/lausanne\/\",\"name\":\"Les VERT\u00b7E\u00b7S lausannois\u00b7es\",\"description\":\"Une longueur d\u2019avance\",\"potentialAction\":[{\"@type\":\"SearchAction\",\"target\":{\"@type\":\"EntryPoint\",\"urlTemplate\":\"https:\/\/vert-e-s-vd.ch\/lausanne\/?s={search_term_string}\"},\"query-input\":{\"@type\":\"PropertyValueSpecification\",\"valueRequired\":true,\"valueName\":\"search_term_string\"}}],\"inLanguage\":\"fr-FR\"}]}<\/script>\n<!-- \/ Yoast SEO plugin. -->","yoast_head_json":{"title":"Des rues vivantes - Les VERT\u00b7E\u00b7S lausannois\u00b7es","description":"Des logements de qualit\u00e9 impliquent la garantie d\u2019un cadre de vie agr\u00e9able: des rues fra\u00eeches et paisibles, des quartiers vivants et des infrastructures repens\u00e9es.","robots":{"index":"index","follow":"follow","max-snippet":"max-snippet:-1","max-image-preview":"max-image-preview:large","max-video-preview":"max-video-preview:-1"},"canonical":"https:\/\/vert-e-s-vd.ch\/lausanne\/une-ville-aux-logements-de-qualite-a-loyers-raisonnables\/des-rues-vivantes","og_locale":"fr_FR","og_type":"article","og_title":"Des rues vivantes - Les VERT\u00b7E\u00b7S lausannois\u00b7es","og_description":"Des logements de qualit\u00e9 impliquent la garantie d\u2019un cadre de vie agr\u00e9able: des rues fra\u00eeches et paisibles, des quartiers vivants et \u2026","og_url":"https:\/\/vert-e-s-vd.ch\/lausanne\/une-ville-aux-logements-de-qualite-a-loyers-raisonnables\/des-rues-vivantes","og_site_name":"Les VERT\u00b7E\u00b7S lausannois\u00b7es","article_modified_time":"2025-11-11T15:23:21+00:00","twitter_card":"summary_large_image","twitter_misc":{"Dur\u00e9e de lecture estim\u00e9e":"2 minutes"},"schema":{"@context":"https:\/\/schema.org","@graph":[{"@type":"WebPage","@id":"https:\/\/vert-e-s-vd.ch\/lausanne\/une-ville-aux-logements-de-qualite-a-loyers-raisonnables\/des-rues-vivantes","url":"https:\/\/vert-e-s-vd.ch\/lausanne\/une-ville-aux-logements-de-qualite-a-loyers-raisonnables\/des-rues-vivantes","name":"Des rues vivantes - Les VERT\u00b7E\u00b7S lausannois\u00b7es","isPartOf":{"@id":"https:\/\/vert-e-s-vd.ch\/lausanne\/#website"},"datePublished":"2025-10-14T11:40:44+00:00","dateModified":"2025-11-11T15:23:21+00:00","description":"Des logements de qualit\u00e9 impliquent la garantie d\u2019un cadre de vie agr\u00e9able: des rues fra\u00eeches et paisibles, des quartiers vivants et des infrastructures repens\u00e9es.","breadcrumb":{"@id":"https:\/\/vert-e-s-vd.ch\/lausanne\/une-ville-aux-logements-de-qualite-a-loyers-raisonnables\/des-rues-vivantes#breadcrumb"},"inLanguage":"fr-FR","potentialAction":[{"@type":"ReadAction","target":["https:\/\/vert-e-s-vd.ch\/lausanne\/une-ville-aux-logements-de-qualite-a-loyers-raisonnables\/des-rues-vivantes"]}]},{"@type":"BreadcrumbList","@id":"https:\/\/vert-e-s-vd.ch\/lausanne\/une-ville-aux-logements-de-qualite-a-loyers-raisonnables\/des-rues-vivantes#breadcrumb","itemListElement":[{"@type":"ListItem","position":1,"name":"Accueil","item":"https:\/\/vert-e-s-vd.ch\/lausanne\/"},{"@type":"ListItem","position":2,"name":"Agenda"}]},{"@type":"WebSite","@id":"https:\/\/vert-e-s-vd.ch\/lausanne\/#website","url":"https:\/\/vert-e-s-vd.ch\/lausanne\/","name":"Les VERT\u00b7E\u00b7S lausannois\u00b7es","description":"Une longueur d\u2019avance","potentialAction":[{"@type":"SearchAction","target":{"@type":"EntryPoint","urlTemplate":"https:\/\/vert-e-s-vd.ch\/lausanne\/?s={search_term_string}"},"query-input":{"@type":"PropertyValueSpecification","valueRequired":true,"valueName":"search_term_string"}}],"inLanguage":"fr-FR"}]}},"_links":{"self":[{"href":"https:\/\/vert-e-s-vd.ch\/lausanne\/wp-json\/wp\/v2\/pages\/75678","targetHints":{"allow":["GET"]}}],"collection":[{"href":"https:\/\/vert-e-s-vd.ch\/lausanne\/wp-json\/wp\/v2\/pages"}],"about":[{"href":"https:\/\/vert-e-s-vd.ch\/lausanne\/wp-json\/wp\/v2\/types\/page"}],"author":[{"embeddable":true,"href":"https:\/\/vert-e-s-vd.ch\/lausanne\/wp-json\/wp\/v2\/users\/3"}],"replies":[{"embeddable":true,"href":"https:\/\/vert-e-s-vd.ch\/lausanne\/wp-json\/wp\/v2\/comments?post=75678"}],"version-history":[{"count":1,"href":"https:\/\/vert-e-s-vd.ch\/lausanne\/wp-json\/wp\/v2\/pages\/75678\/revisions"}],"predecessor-version":[{"id":75679,"href":"https:\/\/vert-e-s-vd.ch\/lausanne\/wp-json\/wp\/v2\/pages\/75678\/revisions\/75679"}],"up":[{"embeddable":true,"href":"https:\/\/vert-e-s-vd.ch\/lausanne\/wp-json\/wp\/v2\/pages\/75667"}],"wp:attachment":[{"href":"https:\/\/vert-e-s-vd.ch\/lausanne\/wp-json\/wp\/v2\/media?parent=75678"}],"curies":[{"name":"wp","href":"https:\/\/api.w.org\/{rel}","templated":true}]}}

<!-- This site is optimized with the Yoast SEO plugin v26.9 - https://yoast.com/product/yoast-seo-wordpress/ -->
<title>Des rues vivantes - Les VERT·E·S lausannois·es</title>
<meta name="description" content="Des logements de qualité impliquent la garantie d’un cadre de vie agréable: des rues fraîches et paisibles, des quartiers vivants et des infrastructures repensées." />
<meta name="robots" content="index, follow, max-snippet:-1, max-image-preview:large, max-video-preview:-1" />
<link rel="canonical" href="https://vert-e-s-vd.ch/lausanne/une-ville-aux-logements-de-qualite-a-loyers-raisonnables/des-rues-vivantes" />
<meta property="og:locale" content="fr_FR" />
<meta property="og:type" content="article" />
<meta property="og:title" content="Des rues vivantes - Les VERT·E·S lausannois·es" />
<meta property="og:description" content="Des logements de qualité impliquent la garantie d’un cadre de vie agréable: des rues fraîches et paisibles, des quartiers vivants et …" />
<meta property="og:url" content="https://vert-e-s-vd.ch/lausanne/une-ville-aux-logements-de-qualite-a-loyers-raisonnables/des-rues-vivantes" />
<meta property="og:site_name" content="Les VERT·E·S lausannois·es" />
<meta property="article:modified_time" content="2025-11-11T15:23:21+00:00" />
<meta name="twitter:card" content="summary_large_image" />
<meta name="twitter:label1" content="Durée de lecture estimée" />
	<meta name="twitter:data1" content="2 minutes" />
<script type="application/ld+json" class="yoast-schema-graph">{"@context":"https://schema.org","@graph":[{"@type":"WebPage","@id":"https://vert-e-s-vd.ch/lausanne/une-ville-aux-logements-de-qualite-a-loyers-raisonnables/des-rues-vivantes","url":"https://vert-e-s-vd.ch/lausanne/une-ville-aux-logements-de-qualite-a-loyers-raisonnables/des-rues-vivantes","name":"Des rues vivantes - Les VERT·E·S lausannois·es","isPartOf":{"@id":"https://vert-e-s-vd.ch/lausanne/#website"},"datePublished":"2025-10-14T11:40:44+00:00","dateModified":"2025-11-11T15:23:21+00:00","description":"Des logements de qualité impliquent la garantie d’un cadre de vie agréable: des rues fraîches et paisibles, des quartiers vivants et des infrastructures repensées.","breadcrumb":{"@id":"https://vert-e-s-vd.ch/lausanne/une-ville-aux-logements-de-qualite-a-loyers-raisonnables/des-rues-vivantes#breadcrumb"},"inLanguage":"fr-FR","potentialAction":[{"@type":"ReadAction","target":["https://vert-e-s-vd.ch/lausanne/une-ville-aux-logements-de-qualite-a-loyers-raisonnables/des-rues-vivantes"]}]},{"@type":"BreadcrumbList","@id":"https://vert-e-s-vd.ch/lausanne/une-ville-aux-logements-de-qualite-a-loyers-raisonnables/des-rues-vivantes#breadcrumb","itemListElement":[{"@type":"ListItem","position":1,"name":"Accueil","item":"https://vert-e-s-vd.ch/lausanne/"},{"@type":"ListItem","position":2,"name":"Agenda"}]},{"@type":"WebSite","@id":"https://vert-e-s-vd.ch/lausanne/#website","url":"https://vert-e-s-vd.ch/lausanne/","name":"Les VERT·E·S lausannois·es","description":"Une longueur d’avance","potentialAction":[{"@type":"SearchAction","target":{"@type":"EntryPoint","urlTemplate":"https://vert-e-s-vd.ch/lausanne/?s={search_term_string}"},"query-input":{"@type":"PropertyValueSpecification","valueRequired":true,"valueName":"search_term_string"}}],"inLanguage":"fr-FR"}]}</script>
<!-- / Yoast SEO plugin. -->

Des logements de qualité impliquent la garantie d’un cadre de vie agréable: des rues fraîches et paisibles, des quartiers vivants et des infrastructures repensées.

Des logements de qualité impliquent la garantie d’un cadre de vie agréable: des rues fraîches et paisibles, des quartiers vivants et …
