{"id":75645,"date":"2025-10-08T11:57:43","date_gmt":"2025-10-08T09:57:43","guid":{"rendered":"https:\/\/vert-e-s-vd.ch\/lausanne\/?page_id=75645"},"modified":"2025-11-11T16:16:35","modified_gmt":"2025-11-11T15:16:35","slug":"des-arbres-et-de-leau","status":"publish","type":"page","link":"https:\/\/vert-e-s-vd.ch\/lausanne\/une-ville-vegetalisee-et-sans-energies-fossiles\/des-arbres-et-de-leau","title":{"rendered":"Des arbres et de l&rsquo;eau"},"content":{"rendered":"","protected":false},"excerpt":{"rendered":"","protected":false},"author":3,"featured_media":0,"parent":75643,"menu_order":0,"comment_status":"closed","ping_status":"closed","template":"","meta":{"_acf_changed":false,"inline_featured_image":false,"footnotes":""},"class_list":["post-75645","page","type-page","status-publish","hentry"],"acf":[],"yoast_head":"<!-- This site is optimized with the Yoast SEO plugin v26.9 - https:\/\/yoast.com\/product\/yoast-seo-wordpress\/ -->\n<title>Des arbres et de l&#039;eau - Les VERT\u00b7E\u00b7S lausannois\u00b7es<\/title>\n<meta name=\"description\" content=\"Remettre la nature au c\u0153ur de la cit\u00e9 pour le bien-\u00eatre et la sant\u00e9 des humains et la richesse de la biodiversit\u00e9\" \/>\n<meta name=\"robots\" content=\"index, follow, max-snippet:-1, max-image-preview:large, max-video-preview:-1\" \/>\n<link rel=\"canonical\" href=\"https:\/\/vert-e-s-vd.ch\/lausanne\/une-ville-vegetalisee-et-sans-energies-fossiles\/des-arbres-et-de-leau\" \/>\n<meta property=\"og:locale\" content=\"fr_FR\" \/>\n<meta property=\"og:type\" content=\"article\" \/>\n<meta property=\"og:title\" content=\"Des arbres et de l&#039;eau - Les VERT\u00b7E\u00b7S lausannois\u00b7es\" \/>\n<meta property=\"og:description\" content=\"Remettre la nature au c\u0153ur de la cit\u00e9 pour le bien-\u00eatre et la sant\u00e9 des humains et la richesse de la biodiversit\u00e9\" \/>\n<meta property=\"og:url\" content=\"https:\/\/vert-e-s-vd.ch\/lausanne\/une-ville-vegetalisee-et-sans-energies-fossiles\/des-arbres-et-de-leau\" \/>\n<meta property=\"og:site_name\" content=\"Les VERT\u00b7E\u00b7S lausannois\u00b7es\" \/>\n<meta property=\"article:modified_time\" content=\"2025-11-11T15:16:35+00:00\" \/>\n<meta name=\"twitter:card\" content=\"summary_large_image\" \/>\n<meta name=\"twitter:label1\" content=\"Dur\u00e9e de lecture estim\u00e9e\" \/>\n\t<meta name=\"twitter:data1\" content=\"2 minutes\" \/>\n<script type=\"application\/ld+json\" class=\"yoast-schema-graph\">{\"@context\":\"https:\/\/schema.org\",\"@graph\":[{\"@type\":\"WebPage\",\"@id\":\"https:\/\/vert-e-s-vd.ch\/lausanne\/une-ville-vegetalisee-et-sans-energies-fossiles\/des-arbres-et-de-leau\",\"url\":\"https:\/\/vert-e-s-vd.ch\/lausanne\/une-ville-vegetalisee-et-sans-energies-fossiles\/des-arbres-et-de-leau\",\"name\":\"Des arbres et de l'eau - Les VERT\u00b7E\u00b7S lausannois\u00b7es\",\"isPartOf\":{\"@id\":\"https:\/\/vert-e-s-vd.ch\/lausanne\/#website\"},\"datePublished\":\"2025-10-08T09:57:43+00:00\",\"dateModified\":\"2025-11-11T15:16:35+00:00\",\"description\":\"Remettre la nature au c\u0153ur de la cit\u00e9 pour le bien-\u00eatre et la sant\u00e9 des humains et la richesse de la biodiversit\u00e9\",\"breadcrumb\":{\"@id\":\"https:\/\/vert-e-s-vd.ch\/lausanne\/une-ville-vegetalisee-et-sans-energies-fossiles\/des-arbres-et-de-leau#breadcrumb\"},\"inLanguage\":\"fr-FR\",\"potentialAction\":[{\"@type\":\"ReadAction\",\"target\":[\"https:\/\/vert-e-s-vd.ch\/lausanne\/une-ville-vegetalisee-et-sans-energies-fossiles\/des-arbres-et-de-leau\"]}]},{\"@type\":\"BreadcrumbList\",\"@id\":\"https:\/\/vert-e-s-vd.ch\/lausanne\/une-ville-vegetalisee-et-sans-energies-fossiles\/des-arbres-et-de-leau#breadcrumb\",\"itemListElement\":[{\"@type\":\"ListItem\",\"position\":1,\"name\":\"Accueil\",\"item\":\"https:\/\/vert-e-s-vd.ch\/lausanne\/\"},{\"@type\":\"ListItem\",\"position\":2,\"name\":\"Agenda\"}]},{\"@type\":\"WebSite\",\"@id\":\"https:\/\/vert-e-s-vd.ch\/lausanne\/#website\",\"url\":\"https:\/\/vert-e-s-vd.ch\/lausanne\/\",\"name\":\"Les VERT\u00b7E\u00b7S lausannois\u00b7es\",\"description\":\"Une longueur d\u2019avance\",\"potentialAction\":[{\"@type\":\"SearchAction\",\"target\":{\"@type\":\"EntryPoint\",\"urlTemplate\":\"https:\/\/vert-e-s-vd.ch\/lausanne\/?s={search_term_string}\"},\"query-input\":{\"@type\":\"PropertyValueSpecification\",\"valueRequired\":true,\"valueName\":\"search_term_string\"}}],\"inLanguage\":\"fr-FR\"}]}<\/script>\n<!-- \/ Yoast SEO plugin. -->","yoast_head_json":{"title":"Des arbres et de l'eau - Les VERT\u00b7E\u00b7S lausannois\u00b7es","description":"Remettre la nature au c\u0153ur de la cit\u00e9 pour le bien-\u00eatre et la sant\u00e9 des humains et la richesse de la biodiversit\u00e9","robots":{"index":"index","follow":"follow","max-snippet":"max-snippet:-1","max-image-preview":"max-image-preview:large","max-video-preview":"max-video-preview:-1"},"canonical":"https:\/\/vert-e-s-vd.ch\/lausanne\/une-ville-vegetalisee-et-sans-energies-fossiles\/des-arbres-et-de-leau","og_locale":"fr_FR","og_type":"article","og_title":"Des arbres et de l'eau - Les VERT\u00b7E\u00b7S lausannois\u00b7es","og_description":"Remettre la nature au c\u0153ur de la cit\u00e9 pour le bien-\u00eatre et la sant\u00e9 des humains et la richesse de la biodiversit\u00e9","og_url":"https:\/\/vert-e-s-vd.ch\/lausanne\/une-ville-vegetalisee-et-sans-energies-fossiles\/des-arbres-et-de-leau","og_site_name":"Les VERT\u00b7E\u00b7S lausannois\u00b7es","article_modified_time":"2025-11-11T15:16:35+00:00","twitter_card":"summary_large_image","twitter_misc":{"Dur\u00e9e de lecture estim\u00e9e":"2 minutes"},"schema":{"@context":"https:\/\/schema.org","@graph":[{"@type":"WebPage","@id":"https:\/\/vert-e-s-vd.ch\/lausanne\/une-ville-vegetalisee-et-sans-energies-fossiles\/des-arbres-et-de-leau","url":"https:\/\/vert-e-s-vd.ch\/lausanne\/une-ville-vegetalisee-et-sans-energies-fossiles\/des-arbres-et-de-leau","name":"Des arbres et de l'eau - Les VERT\u00b7E\u00b7S lausannois\u00b7es","isPartOf":{"@id":"https:\/\/vert-e-s-vd.ch\/lausanne\/#website"},"datePublished":"2025-10-08T09:57:43+00:00","dateModified":"2025-11-11T15:16:35+00:00","description":"Remettre la nature au c\u0153ur de la cit\u00e9 pour le bien-\u00eatre et la sant\u00e9 des humains et la richesse de la biodiversit\u00e9","breadcrumb":{"@id":"https:\/\/vert-e-s-vd.ch\/lausanne\/une-ville-vegetalisee-et-sans-energies-fossiles\/des-arbres-et-de-leau#breadcrumb"},"inLanguage":"fr-FR","potentialAction":[{"@type":"ReadAction","target":["https:\/\/vert-e-s-vd.ch\/lausanne\/une-ville-vegetalisee-et-sans-energies-fossiles\/des-arbres-et-de-leau"]}]},{"@type":"BreadcrumbList","@id":"https:\/\/vert-e-s-vd.ch\/lausanne\/une-ville-vegetalisee-et-sans-energies-fossiles\/des-arbres-et-de-leau#breadcrumb","itemListElement":[{"@type":"ListItem","position":1,"name":"Accueil","item":"https:\/\/vert-e-s-vd.ch\/lausanne\/"},{"@type":"ListItem","position":2,"name":"Agenda"}]},{"@type":"WebSite","@id":"https:\/\/vert-e-s-vd.ch\/lausanne\/#website","url":"https:\/\/vert-e-s-vd.ch\/lausanne\/","name":"Les VERT\u00b7E\u00b7S lausannois\u00b7es","description":"Une longueur d\u2019avance","potentialAction":[{"@type":"SearchAction","target":{"@type":"EntryPoint","urlTemplate":"https:\/\/vert-e-s-vd.ch\/lausanne\/?s={search_term_string}"},"query-input":{"@type":"PropertyValueSpecification","valueRequired":true,"valueName":"search_term_string"}}],"inLanguage":"fr-FR"}]}},"_links":{"self":[{"href":"https:\/\/vert-e-s-vd.ch\/lausanne\/wp-json\/wp\/v2\/pages\/75645","targetHints":{"allow":["GET"]}}],"collection":[{"href":"https:\/\/vert-e-s-vd.ch\/lausanne\/wp-json\/wp\/v2\/pages"}],"about":[{"href":"https:\/\/vert-e-s-vd.ch\/lausanne\/wp-json\/wp\/v2\/types\/page"}],"author":[{"embeddable":true,"href":"https:\/\/vert-e-s-vd.ch\/lausanne\/wp-json\/wp\/v2\/users\/3"}],"replies":[{"embeddable":true,"href":"https:\/\/vert-e-s-vd.ch\/lausanne\/wp-json\/wp\/v2\/comments?post=75645"}],"version-history":[{"count":4,"href":"https:\/\/vert-e-s-vd.ch\/lausanne\/wp-json\/wp\/v2\/pages\/75645\/revisions"}],"predecessor-version":[{"id":75654,"href":"https:\/\/vert-e-s-vd.ch\/lausanne\/wp-json\/wp\/v2\/pages\/75645\/revisions\/75654"}],"up":[{"embeddable":true,"href":"https:\/\/vert-e-s-vd.ch\/lausanne\/wp-json\/wp\/v2\/pages\/75643"}],"wp:attachment":[{"href":"https:\/\/vert-e-s-vd.ch\/lausanne\/wp-json\/wp\/v2\/media?parent=75645"}],"curies":[{"name":"wp","href":"https:\/\/api.w.org\/{rel}","templated":true}]}}

<!-- This site is optimized with the Yoast SEO plugin v26.9 - https://yoast.com/product/yoast-seo-wordpress/ -->
<title>Des arbres et de l&#039;eau - Les VERT·E·S lausannois·es</title>
<meta name="description" content="Remettre la nature au cœur de la cité pour le bien-être et la santé des humains et la richesse de la biodiversité" />
<meta name="robots" content="index, follow, max-snippet:-1, max-image-preview:large, max-video-preview:-1" />
<link rel="canonical" href="https://vert-e-s-vd.ch/lausanne/une-ville-vegetalisee-et-sans-energies-fossiles/des-arbres-et-de-leau" />
<meta property="og:locale" content="fr_FR" />
<meta property="og:type" content="article" />
<meta property="og:title" content="Des arbres et de l&#039;eau - Les VERT·E·S lausannois·es" />
<meta property="og:description" content="Remettre la nature au cœur de la cité pour le bien-être et la santé des humains et la richesse de la biodiversité" />
<meta property="og:url" content="https://vert-e-s-vd.ch/lausanne/une-ville-vegetalisee-et-sans-energies-fossiles/des-arbres-et-de-leau" />
<meta property="og:site_name" content="Les VERT·E·S lausannois·es" />
<meta property="article:modified_time" content="2025-11-11T15:16:35+00:00" />
<meta name="twitter:card" content="summary_large_image" />
<meta name="twitter:label1" content="Durée de lecture estimée" />
	<meta name="twitter:data1" content="2 minutes" />
<script type="application/ld+json" class="yoast-schema-graph">{"@context":"https://schema.org","@graph":[{"@type":"WebPage","@id":"https://vert-e-s-vd.ch/lausanne/une-ville-vegetalisee-et-sans-energies-fossiles/des-arbres-et-de-leau","url":"https://vert-e-s-vd.ch/lausanne/une-ville-vegetalisee-et-sans-energies-fossiles/des-arbres-et-de-leau","name":"Des arbres et de l'eau - Les VERT·E·S lausannois·es","isPartOf":{"@id":"https://vert-e-s-vd.ch/lausanne/#website"},"datePublished":"2025-10-08T09:57:43+00:00","dateModified":"2025-11-11T15:16:35+00:00","description":"Remettre la nature au cœur de la cité pour le bien-être et la santé des humains et la richesse de la biodiversité","breadcrumb":{"@id":"https://vert-e-s-vd.ch/lausanne/une-ville-vegetalisee-et-sans-energies-fossiles/des-arbres-et-de-leau#breadcrumb"},"inLanguage":"fr-FR","potentialAction":[{"@type":"ReadAction","target":["https://vert-e-s-vd.ch/lausanne/une-ville-vegetalisee-et-sans-energies-fossiles/des-arbres-et-de-leau"]}]},{"@type":"BreadcrumbList","@id":"https://vert-e-s-vd.ch/lausanne/une-ville-vegetalisee-et-sans-energies-fossiles/des-arbres-et-de-leau#breadcrumb","itemListElement":[{"@type":"ListItem","position":1,"name":"Accueil","item":"https://vert-e-s-vd.ch/lausanne/"},{"@type":"ListItem","position":2,"name":"Agenda"}]},{"@type":"WebSite","@id":"https://vert-e-s-vd.ch/lausanne/#website","url":"https://vert-e-s-vd.ch/lausanne/","name":"Les VERT·E·S lausannois·es","description":"Une longueur d’avance","potentialAction":[{"@type":"SearchAction","target":{"@type":"EntryPoint","urlTemplate":"https://vert-e-s-vd.ch/lausanne/?s={search_term_string}"},"query-input":{"@type":"PropertyValueSpecification","valueRequired":true,"valueName":"search_term_string"}}],"inLanguage":"fr-FR"}]}</script>
<!-- / Yoast SEO plugin. -->

Remettre la nature au cœur de la cité pour le bien-être et la santé des humains et la richesse de la biodiversité
