{"id":71959,"date":"2020-12-06T10:21:42","date_gmt":"2020-12-06T09:21:42","guid":{"rendered":"https:\/\/vert-e-s-vd.ch\/lausanne\/?page_id=71959"},"modified":"2021-01-31T21:14:22","modified_gmt":"2021-01-31T20:14:22","slug":"promotion-de-la-sante","status":"publish","type":"page","link":"https:\/\/vert-e-s-vd.ch\/lausanne\/population-en-bonne-sante\/promotion-de-la-sante","title":{"rendered":"Promotion de la sant\u00e9"},"content":{"rendered":"","protected":false},"excerpt":{"rendered":"","protected":false},"author":12,"featured_media":72706,"parent":71854,"menu_order":0,"comment_status":"closed","ping_status":"closed","template":"","meta":{"_acf_changed":false,"inline_featured_image":false,"footnotes":""},"class_list":["post-71959","page","type-page","status-publish","has-post-thumbnail","hentry"],"acf":[],"yoast_head":"<!-- This site is optimized with the Yoast SEO plugin v26.9 - https:\/\/yoast.com\/product\/yoast-seo-wordpress\/ -->\n<title>Promotion de la sant\u00e9 - Les VERT\u00b7E\u00b7S lausannois\u00b7es<\/title>\n<meta name=\"description\" content=\"La pand\u00e9mie actuelle a montr\u00e9 que les personnes pr\u00e9sentant d\u00e9j\u00e0 des fragilit\u00e9s dans leur sant\u00e9 sont plus propices \u00e0 d\u00e9velopper des formes graves de la maladie. Les Verts\u00b7e\u00b7s veulent favoriser les mesures qui permettent de garder les gens en sant\u00e9. L\u2019environnement et la sant\u00e9 sont intimement li\u00e9s : la sant\u00e9 physique et psychique doit \u00eatre favoris\u00e9e transversalement, au plus proche des gens, car les choix qui favorisent ou non la sant\u00e9 sont li\u00e9s au milieu dans lequel nous vivons. Tout comme le corps, l\u2019esprit a besoin d\u2019\u00eatre consid\u00e9r\u00e9 dans les questions de sant\u00e9. Le manque de sommeil est l\u2019une des premi\u00e8res causes de mauvaise sant\u00e9 dans les soci\u00e9t\u00e9s occidentales. Cela influence directement la sant\u00e9 mentale, les probl\u00e8mes de surpoids, la prise de m\u00e9dicaments, les accidents. Les premi\u00e8res causes de cette privation de sommeil sont la lumi\u00e8re et le bruit.\" \/>\n<meta name=\"robots\" content=\"index, follow, max-snippet:-1, max-image-preview:large, max-video-preview:-1\" \/>\n<link rel=\"canonical\" href=\"https:\/\/vert-e-s-vd.ch\/lausanne\/population-en-bonne-sante\/promotion-de-la-sante\" \/>\n<meta property=\"og:locale\" content=\"fr_FR\" \/>\n<meta property=\"og:type\" content=\"article\" \/>\n<meta property=\"og:title\" content=\"Promotion de la sant\u00e9 - Les VERT\u00b7E\u00b7S lausannois\u00b7es\" \/>\n<meta property=\"og:description\" content=\"La pand\u00e9mie actuelle a montr\u00e9 que les personnes pr\u00e9sentant d\u00e9j\u00e0 des fragilit\u00e9s dans leur sant\u00e9 sont plus propices \u00e0 d\u00e9velopper des \u2026\" \/>\n<meta property=\"og:url\" content=\"https:\/\/vert-e-s-vd.ch\/lausanne\/population-en-bonne-sante\/promotion-de-la-sante\" \/>\n<meta property=\"og:site_name\" content=\"Les VERT\u00b7E\u00b7S lausannois\u00b7es\" \/>\n<meta property=\"article:modified_time\" content=\"2021-01-31T20:14:22+00:00\" \/>\n<meta property=\"og:image\" content=\"https:\/\/vert-e-s-vd.ch\/lausanne\/wp-content\/uploads\/sites\/7\/2021\/01\/heart-1077724_1920-1200x0-c-default.jpg\" \/>\n\t<meta property=\"og:image:width\" content=\"1200\" \/>\n\t<meta property=\"og:image:height\" content=\"862\" \/>\n\t<meta property=\"og:image:type\" content=\"image\/jpeg\" \/>\n<meta name=\"twitter:card\" content=\"summary_large_image\" \/>\n<script type=\"application\/ld+json\" class=\"yoast-schema-graph\">{\"@context\":\"https:\/\/schema.org\",\"@graph\":[{\"@type\":\"WebPage\",\"@id\":\"https:\/\/vert-e-s-vd.ch\/lausanne\/population-en-bonne-sante\/promotion-de-la-sante\",\"url\":\"https:\/\/vert-e-s-vd.ch\/lausanne\/population-en-bonne-sante\/promotion-de-la-sante\",\"name\":\"Promotion de la sant\u00e9 - Les VERT\u00b7E\u00b7S lausannois\u00b7es\",\"isPartOf\":{\"@id\":\"https:\/\/vert-e-s-vd.ch\/lausanne\/#website\"},\"primaryImageOfPage\":{\"@id\":\"https:\/\/vert-e-s-vd.ch\/lausanne\/population-en-bonne-sante\/promotion-de-la-sante#primaryimage\"},\"image\":{\"@id\":\"https:\/\/vert-e-s-vd.ch\/lausanne\/population-en-bonne-sante\/promotion-de-la-sante#primaryimage\"},\"thumbnailUrl\":\"https:\/\/vert-e-s-vd.ch\/lausanne\/wp-content\/uploads\/sites\/7\/2021\/01\/heart-1077724_1920-2560x0-c-default.jpg\",\"datePublished\":\"2020-12-06T09:21:42+00:00\",\"dateModified\":\"2021-01-31T20:14:22+00:00\",\"description\":\"La pand\u00e9mie actuelle a montr\u00e9 que les personnes pr\u00e9sentant d\u00e9j\u00e0 des fragilit\u00e9s dans leur sant\u00e9 sont plus propices \u00e0 d\u00e9velopper des formes graves de la maladie. Les Verts\u00b7e\u00b7s veulent favoriser les mesures qui permettent de garder les gens en sant\u00e9. L\u2019environnement et la sant\u00e9 sont intimement li\u00e9s : la sant\u00e9 physique et psychique doit \u00eatre favoris\u00e9e transversalement, au plus proche des gens, car les choix qui favorisent ou non la sant\u00e9 sont li\u00e9s au milieu dans lequel nous vivons. Tout comme le corps, l\u2019esprit a besoin d\u2019\u00eatre consid\u00e9r\u00e9 dans les questions de sant\u00e9. Le manque de sommeil est l\u2019une des premi\u00e8res causes de mauvaise sant\u00e9 dans les soci\u00e9t\u00e9s occidentales. Cela influence directement la sant\u00e9 mentale, les probl\u00e8mes de surpoids, la prise de m\u00e9dicaments, les accidents. Les premi\u00e8res causes de cette privation de sommeil sont la lumi\u00e8re et le bruit.\",\"breadcrumb\":{\"@id\":\"https:\/\/vert-e-s-vd.ch\/lausanne\/population-en-bonne-sante\/promotion-de-la-sante#breadcrumb\"},\"inLanguage\":\"fr-FR\",\"potentialAction\":[{\"@type\":\"ReadAction\",\"target\":[\"https:\/\/vert-e-s-vd.ch\/lausanne\/population-en-bonne-sante\/promotion-de-la-sante\"]}]},{\"@type\":\"ImageObject\",\"inLanguage\":\"fr-FR\",\"@id\":\"https:\/\/vert-e-s-vd.ch\/lausanne\/population-en-bonne-sante\/promotion-de-la-sante#primaryimage\",\"url\":\"https:\/\/vert-e-s-vd.ch\/lausanne\/wp-content\/uploads\/sites\/7\/2021\/01\/heart-1077724_1920-2560x0-c-default.jpg\",\"contentUrl\":\"https:\/\/vert-e-s-vd.ch\/lausanne\/wp-content\/uploads\/sites\/7\/2021\/01\/heart-1077724_1920-2560x0-c-default.jpg\",\"width\":1920,\"height\":1379,\"caption\":\"sant\u00e9\"},{\"@type\":\"BreadcrumbList\",\"@id\":\"https:\/\/vert-e-s-vd.ch\/lausanne\/population-en-bonne-sante\/promotion-de-la-sante#breadcrumb\",\"itemListElement\":[{\"@type\":\"ListItem\",\"position\":1,\"name\":\"Accueil\",\"item\":\"https:\/\/vert-e-s-vd.ch\/lausanne\/\"},{\"@type\":\"ListItem\",\"position\":2,\"name\":\"Agenda\"}]},{\"@type\":\"WebSite\",\"@id\":\"https:\/\/vert-e-s-vd.ch\/lausanne\/#website\",\"url\":\"https:\/\/vert-e-s-vd.ch\/lausanne\/\",\"name\":\"Les VERT\u00b7E\u00b7S lausannois\u00b7es\",\"description\":\"Une longueur d\u2019avance\",\"potentialAction\":[{\"@type\":\"SearchAction\",\"target\":{\"@type\":\"EntryPoint\",\"urlTemplate\":\"https:\/\/vert-e-s-vd.ch\/lausanne\/?s={search_term_string}\"},\"query-input\":{\"@type\":\"PropertyValueSpecification\",\"valueRequired\":true,\"valueName\":\"search_term_string\"}}],\"inLanguage\":\"fr-FR\"}]}<\/script>\n<!-- \/ Yoast SEO plugin. -->","yoast_head_json":{"title":"Promotion de la sant\u00e9 - Les VERT\u00b7E\u00b7S lausannois\u00b7es","description":"La pand\u00e9mie actuelle a montr\u00e9 que les personnes pr\u00e9sentant d\u00e9j\u00e0 des fragilit\u00e9s dans leur sant\u00e9 sont plus propices \u00e0 d\u00e9velopper des formes graves de la maladie. Les Verts\u00b7e\u00b7s veulent favoriser les mesures qui permettent de garder les gens en sant\u00e9. L\u2019environnement et la sant\u00e9 sont intimement li\u00e9s : la sant\u00e9 physique et psychique doit \u00eatre favoris\u00e9e transversalement, au plus proche des gens, car les choix qui favorisent ou non la sant\u00e9 sont li\u00e9s au milieu dans lequel nous vivons. Tout comme le corps, l\u2019esprit a besoin d\u2019\u00eatre consid\u00e9r\u00e9 dans les questions de sant\u00e9. Le manque de sommeil est l\u2019une des premi\u00e8res causes de mauvaise sant\u00e9 dans les soci\u00e9t\u00e9s occidentales. Cela influence directement la sant\u00e9 mentale, les probl\u00e8mes de surpoids, la prise de m\u00e9dicaments, les accidents. Les premi\u00e8res causes de cette privation de sommeil sont la lumi\u00e8re et le bruit.","robots":{"index":"index","follow":"follow","max-snippet":"max-snippet:-1","max-image-preview":"max-image-preview:large","max-video-preview":"max-video-preview:-1"},"canonical":"https:\/\/vert-e-s-vd.ch\/lausanne\/population-en-bonne-sante\/promotion-de-la-sante","og_locale":"fr_FR","og_type":"article","og_title":"Promotion de la sant\u00e9 - Les VERT\u00b7E\u00b7S lausannois\u00b7es","og_description":"La pand\u00e9mie actuelle a montr\u00e9 que les personnes pr\u00e9sentant d\u00e9j\u00e0 des fragilit\u00e9s dans leur sant\u00e9 sont plus propices \u00e0 d\u00e9velopper des \u2026","og_url":"https:\/\/vert-e-s-vd.ch\/lausanne\/population-en-bonne-sante\/promotion-de-la-sante","og_site_name":"Les VERT\u00b7E\u00b7S lausannois\u00b7es","article_modified_time":"2021-01-31T20:14:22+00:00","og_image":[{"width":1200,"height":862,"url":"https:\/\/vert-e-s-vd.ch\/lausanne\/wp-content\/uploads\/sites\/7\/2021\/01\/heart-1077724_1920-1200x0-c-default.jpg","type":"image\/jpeg"}],"twitter_card":"summary_large_image","schema":{"@context":"https:\/\/schema.org","@graph":[{"@type":"WebPage","@id":"https:\/\/vert-e-s-vd.ch\/lausanne\/population-en-bonne-sante\/promotion-de-la-sante","url":"https:\/\/vert-e-s-vd.ch\/lausanne\/population-en-bonne-sante\/promotion-de-la-sante","name":"Promotion de la sant\u00e9 - Les VERT\u00b7E\u00b7S lausannois\u00b7es","isPartOf":{"@id":"https:\/\/vert-e-s-vd.ch\/lausanne\/#website"},"primaryImageOfPage":{"@id":"https:\/\/vert-e-s-vd.ch\/lausanne\/population-en-bonne-sante\/promotion-de-la-sante#primaryimage"},"image":{"@id":"https:\/\/vert-e-s-vd.ch\/lausanne\/population-en-bonne-sante\/promotion-de-la-sante#primaryimage"},"thumbnailUrl":"https:\/\/vert-e-s-vd.ch\/lausanne\/wp-content\/uploads\/sites\/7\/2021\/01\/heart-1077724_1920-2560x0-c-default.jpg","datePublished":"2020-12-06T09:21:42+00:00","dateModified":"2021-01-31T20:14:22+00:00","description":"La pand\u00e9mie actuelle a montr\u00e9 que les personnes pr\u00e9sentant d\u00e9j\u00e0 des fragilit\u00e9s dans leur sant\u00e9 sont plus propices \u00e0 d\u00e9velopper des formes graves de la maladie. Les Verts\u00b7e\u00b7s veulent favoriser les mesures qui permettent de garder les gens en sant\u00e9. L\u2019environnement et la sant\u00e9 sont intimement li\u00e9s : la sant\u00e9 physique et psychique doit \u00eatre favoris\u00e9e transversalement, au plus proche des gens, car les choix qui favorisent ou non la sant\u00e9 sont li\u00e9s au milieu dans lequel nous vivons. Tout comme le corps, l\u2019esprit a besoin d\u2019\u00eatre consid\u00e9r\u00e9 dans les questions de sant\u00e9. Le manque de sommeil est l\u2019une des premi\u00e8res causes de mauvaise sant\u00e9 dans les soci\u00e9t\u00e9s occidentales. Cela influence directement la sant\u00e9 mentale, les probl\u00e8mes de surpoids, la prise de m\u00e9dicaments, les accidents. Les premi\u00e8res causes de cette privation de sommeil sont la lumi\u00e8re et le bruit.","breadcrumb":{"@id":"https:\/\/vert-e-s-vd.ch\/lausanne\/population-en-bonne-sante\/promotion-de-la-sante#breadcrumb"},"inLanguage":"fr-FR","potentialAction":[{"@type":"ReadAction","target":["https:\/\/vert-e-s-vd.ch\/lausanne\/population-en-bonne-sante\/promotion-de-la-sante"]}]},{"@type":"ImageObject","inLanguage":"fr-FR","@id":"https:\/\/vert-e-s-vd.ch\/lausanne\/population-en-bonne-sante\/promotion-de-la-sante#primaryimage","url":"https:\/\/vert-e-s-vd.ch\/lausanne\/wp-content\/uploads\/sites\/7\/2021\/01\/heart-1077724_1920-2560x0-c-default.jpg","contentUrl":"https:\/\/vert-e-s-vd.ch\/lausanne\/wp-content\/uploads\/sites\/7\/2021\/01\/heart-1077724_1920-2560x0-c-default.jpg","width":1920,"height":1379,"caption":"sant\u00e9"},{"@type":"BreadcrumbList","@id":"https:\/\/vert-e-s-vd.ch\/lausanne\/population-en-bonne-sante\/promotion-de-la-sante#breadcrumb","itemListElement":[{"@type":"ListItem","position":1,"name":"Accueil","item":"https:\/\/vert-e-s-vd.ch\/lausanne\/"},{"@type":"ListItem","position":2,"name":"Agenda"}]},{"@type":"WebSite","@id":"https:\/\/vert-e-s-vd.ch\/lausanne\/#website","url":"https:\/\/vert-e-s-vd.ch\/lausanne\/","name":"Les VERT\u00b7E\u00b7S lausannois\u00b7es","description":"Une longueur d\u2019avance","potentialAction":[{"@type":"SearchAction","target":{"@type":"EntryPoint","urlTemplate":"https:\/\/vert-e-s-vd.ch\/lausanne\/?s={search_term_string}"},"query-input":{"@type":"PropertyValueSpecification","valueRequired":true,"valueName":"search_term_string"}}],"inLanguage":"fr-FR"}]}},"_links":{"self":[{"href":"https:\/\/vert-e-s-vd.ch\/lausanne\/wp-json\/wp\/v2\/pages\/71959","targetHints":{"allow":["GET"]}}],"collection":[{"href":"https:\/\/vert-e-s-vd.ch\/lausanne\/wp-json\/wp\/v2\/pages"}],"about":[{"href":"https:\/\/vert-e-s-vd.ch\/lausanne\/wp-json\/wp\/v2\/types\/page"}],"author":[{"embeddable":true,"href":"https:\/\/vert-e-s-vd.ch\/lausanne\/wp-json\/wp\/v2\/users\/12"}],"replies":[{"embeddable":true,"href":"https:\/\/vert-e-s-vd.ch\/lausanne\/wp-json\/wp\/v2\/comments?post=71959"}],"version-history":[{"count":6,"href":"https:\/\/vert-e-s-vd.ch\/lausanne\/wp-json\/wp\/v2\/pages\/71959\/revisions"}],"predecessor-version":[{"id":72707,"href":"https:\/\/vert-e-s-vd.ch\/lausanne\/wp-json\/wp\/v2\/pages\/71959\/revisions\/72707"}],"up":[{"embeddable":true,"href":"https:\/\/vert-e-s-vd.ch\/lausanne\/wp-json\/wp\/v2\/pages\/71854"}],"wp:featuredmedia":[{"embeddable":true,"href":"https:\/\/vert-e-s-vd.ch\/lausanne\/wp-json\/wp\/v2\/media\/72706"}],"wp:attachment":[{"href":"https:\/\/vert-e-s-vd.ch\/lausanne\/wp-json\/wp\/v2\/media?parent=71959"}],"curies":[{"name":"wp","href":"https:\/\/api.w.org\/{rel}","templated":true}]}}