{"id":71957,"date":"2020-12-06T10:19:06","date_gmt":"2020-12-06T09:19:06","guid":{"rendered":"https:\/\/vert-e-s-vd.ch\/lausanne\/?page_id=71957"},"modified":"2021-01-31T21:12:25","modified_gmt":"2021-01-31T20:12:25","slug":"quartiers-vivants","status":"publish","type":"page","link":"https:\/\/vert-e-s-vd.ch\/lausanne\/population-en-bonne-sante\/quartiers-vivants","title":{"rendered":"Quartiers vivants"},"content":{"rendered":"","protected":false},"excerpt":{"rendered":"","protected":false},"author":12,"featured_media":72703,"parent":71854,"menu_order":0,"comment_status":"closed","ping_status":"closed","template":"","meta":{"_acf_changed":false,"inline_featured_image":false,"footnotes":""},"class_list":["post-71957","page","type-page","status-publish","has-post-thumbnail","hentry"],"acf":[],"yoast_head":"<!-- This site is optimized with the Yoast SEO plugin v26.9 - https:\/\/yoast.com\/product\/yoast-seo-wordpress\/ -->\n<title>Quartiers vivants - Les VERT\u00b7E\u00b7S lausannois\u00b7es<\/title>\n<meta name=\"description\" content=\"C\u2019est \u00e0 l\u2019\u00e9chelle du quartier que la qualit\u00e9 de vie peut \u00eatre le plus concr\u00e8tement soutenue et am\u00e9lior\u00e9e : par des am\u00e9nagements urbains de qualit\u00e9 bien s\u00fbr, mais aussi par des mesures plus transversales qui garantissent l\u2019acc\u00e8s \u00e0 des loisirs et les \u00e9changes entre voisins. Plus un quartier proposera une offre d\u2019activit\u00e9s et des possibilit\u00e9s de rencontre vari\u00e9es, plus la qualit\u00e9 de vie de ses habitant\u00b7e\u00b7s sera \u00e9lev\u00e9e.\" \/>\n<meta name=\"robots\" content=\"index, follow, max-snippet:-1, max-image-preview:large, max-video-preview:-1\" \/>\n<link rel=\"canonical\" href=\"https:\/\/vert-e-s-vd.ch\/lausanne\/population-en-bonne-sante\/quartiers-vivants\" \/>\n<meta property=\"og:locale\" content=\"fr_FR\" \/>\n<meta property=\"og:type\" content=\"article\" \/>\n<meta property=\"og:title\" content=\"Quartiers vivants - Les VERT\u00b7E\u00b7S lausannois\u00b7es\" \/>\n<meta property=\"og:description\" content=\"C\u2019est \u00e0 l\u2019\u00e9chelle du quartier que la qualit\u00e9 de vie peut \u00eatre le plus concr\u00e8tement soutenue et am\u00e9lior\u00e9e : par des am\u00e9nagements \u2026\" \/>\n<meta property=\"og:url\" content=\"https:\/\/vert-e-s-vd.ch\/lausanne\/population-en-bonne-sante\/quartiers-vivants\" \/>\n<meta property=\"og:site_name\" content=\"Les VERT\u00b7E\u00b7S lausannois\u00b7es\" \/>\n<meta property=\"article:modified_time\" content=\"2021-01-31T20:12:25+00:00\" \/>\n<meta property=\"og:image\" content=\"https:\/\/vert-e-s-vd.ch\/lausanne\/wp-content\/uploads\/sites\/7\/2021\/01\/tower-of-sauvabelin-1091582_1920-1200x0-c-default.jpg\" \/>\n\t<meta property=\"og:image:width\" content=\"1200\" \/>\n\t<meta property=\"og:image:height\" content=\"1600\" \/>\n\t<meta property=\"og:image:type\" content=\"image\/jpeg\" \/>\n<meta name=\"twitter:card\" content=\"summary_large_image\" \/>\n<script type=\"application\/ld+json\" class=\"yoast-schema-graph\">{\"@context\":\"https:\/\/schema.org\",\"@graph\":[{\"@type\":\"WebPage\",\"@id\":\"https:\/\/vert-e-s-vd.ch\/lausanne\/population-en-bonne-sante\/quartiers-vivants\",\"url\":\"https:\/\/vert-e-s-vd.ch\/lausanne\/population-en-bonne-sante\/quartiers-vivants\",\"name\":\"Quartiers vivants - Les VERT\u00b7E\u00b7S lausannois\u00b7es\",\"isPartOf\":{\"@id\":\"https:\/\/vert-e-s-vd.ch\/lausanne\/#website\"},\"primaryImageOfPage\":{\"@id\":\"https:\/\/vert-e-s-vd.ch\/lausanne\/population-en-bonne-sante\/quartiers-vivants#primaryimage\"},\"image\":{\"@id\":\"https:\/\/vert-e-s-vd.ch\/lausanne\/population-en-bonne-sante\/quartiers-vivants#primaryimage\"},\"thumbnailUrl\":\"https:\/\/vert-e-s-vd.ch\/lausanne\/wp-content\/uploads\/sites\/7\/2021\/01\/tower-of-sauvabelin-1091582_1920-2560x0-c-default.jpg\",\"datePublished\":\"2020-12-06T09:19:06+00:00\",\"dateModified\":\"2021-01-31T20:12:25+00:00\",\"description\":\"C\u2019est \u00e0 l\u2019\u00e9chelle du quartier que la qualit\u00e9 de vie peut \u00eatre le plus concr\u00e8tement soutenue et am\u00e9lior\u00e9e : par des am\u00e9nagements urbains de qualit\u00e9 bien s\u00fbr, mais aussi par des mesures plus transversales qui garantissent l\u2019acc\u00e8s \u00e0 des loisirs et les \u00e9changes entre voisins. Plus un quartier proposera une offre d\u2019activit\u00e9s et des possibilit\u00e9s de rencontre vari\u00e9es, plus la qualit\u00e9 de vie de ses habitant\u00b7e\u00b7s sera \u00e9lev\u00e9e.\",\"breadcrumb\":{\"@id\":\"https:\/\/vert-e-s-vd.ch\/lausanne\/population-en-bonne-sante\/quartiers-vivants#breadcrumb\"},\"inLanguage\":\"fr-FR\",\"potentialAction\":[{\"@type\":\"ReadAction\",\"target\":[\"https:\/\/vert-e-s-vd.ch\/lausanne\/population-en-bonne-sante\/quartiers-vivants\"]}]},{\"@type\":\"ImageObject\",\"inLanguage\":\"fr-FR\",\"@id\":\"https:\/\/vert-e-s-vd.ch\/lausanne\/population-en-bonne-sante\/quartiers-vivants#primaryimage\",\"url\":\"https:\/\/vert-e-s-vd.ch\/lausanne\/wp-content\/uploads\/sites\/7\/2021\/01\/tower-of-sauvabelin-1091582_1920-2560x0-c-default.jpg\",\"contentUrl\":\"https:\/\/vert-e-s-vd.ch\/lausanne\/wp-content\/uploads\/sites\/7\/2021\/01\/tower-of-sauvabelin-1091582_1920-2560x0-c-default.jpg\",\"width\":1440,\"height\":1920,\"caption\":\"Sauvabelin\"},{\"@type\":\"BreadcrumbList\",\"@id\":\"https:\/\/vert-e-s-vd.ch\/lausanne\/population-en-bonne-sante\/quartiers-vivants#breadcrumb\",\"itemListElement\":[{\"@type\":\"ListItem\",\"position\":1,\"name\":\"Accueil\",\"item\":\"https:\/\/vert-e-s-vd.ch\/lausanne\/\"},{\"@type\":\"ListItem\",\"position\":2,\"name\":\"Agenda\"}]},{\"@type\":\"WebSite\",\"@id\":\"https:\/\/vert-e-s-vd.ch\/lausanne\/#website\",\"url\":\"https:\/\/vert-e-s-vd.ch\/lausanne\/\",\"name\":\"Les VERT\u00b7E\u00b7S lausannois\u00b7es\",\"description\":\"Une longueur d\u2019avance\",\"potentialAction\":[{\"@type\":\"SearchAction\",\"target\":{\"@type\":\"EntryPoint\",\"urlTemplate\":\"https:\/\/vert-e-s-vd.ch\/lausanne\/?s={search_term_string}\"},\"query-input\":{\"@type\":\"PropertyValueSpecification\",\"valueRequired\":true,\"valueName\":\"search_term_string\"}}],\"inLanguage\":\"fr-FR\"}]}<\/script>\n<!-- \/ Yoast SEO plugin. -->","yoast_head_json":{"title":"Quartiers vivants - Les VERT\u00b7E\u00b7S lausannois\u00b7es","description":"C\u2019est \u00e0 l\u2019\u00e9chelle du quartier que la qualit\u00e9 de vie peut \u00eatre le plus concr\u00e8tement soutenue et am\u00e9lior\u00e9e : par des am\u00e9nagements urbains de qualit\u00e9 bien s\u00fbr, mais aussi par des mesures plus transversales qui garantissent l\u2019acc\u00e8s \u00e0 des loisirs et les \u00e9changes entre voisins. Plus un quartier proposera une offre d\u2019activit\u00e9s et des possibilit\u00e9s de rencontre vari\u00e9es, plus la qualit\u00e9 de vie de ses habitant\u00b7e\u00b7s sera \u00e9lev\u00e9e.","robots":{"index":"index","follow":"follow","max-snippet":"max-snippet:-1","max-image-preview":"max-image-preview:large","max-video-preview":"max-video-preview:-1"},"canonical":"https:\/\/vert-e-s-vd.ch\/lausanne\/population-en-bonne-sante\/quartiers-vivants","og_locale":"fr_FR","og_type":"article","og_title":"Quartiers vivants - Les VERT\u00b7E\u00b7S lausannois\u00b7es","og_description":"C\u2019est \u00e0 l\u2019\u00e9chelle du quartier que la qualit\u00e9 de vie peut \u00eatre le plus concr\u00e8tement soutenue et am\u00e9lior\u00e9e : par des am\u00e9nagements \u2026","og_url":"https:\/\/vert-e-s-vd.ch\/lausanne\/population-en-bonne-sante\/quartiers-vivants","og_site_name":"Les VERT\u00b7E\u00b7S lausannois\u00b7es","article_modified_time":"2021-01-31T20:12:25+00:00","og_image":[{"width":1200,"height":1600,"url":"https:\/\/vert-e-s-vd.ch\/lausanne\/wp-content\/uploads\/sites\/7\/2021\/01\/tower-of-sauvabelin-1091582_1920-1200x0-c-default.jpg","type":"image\/jpeg"}],"twitter_card":"summary_large_image","schema":{"@context":"https:\/\/schema.org","@graph":[{"@type":"WebPage","@id":"https:\/\/vert-e-s-vd.ch\/lausanne\/population-en-bonne-sante\/quartiers-vivants","url":"https:\/\/vert-e-s-vd.ch\/lausanne\/population-en-bonne-sante\/quartiers-vivants","name":"Quartiers vivants - Les VERT\u00b7E\u00b7S lausannois\u00b7es","isPartOf":{"@id":"https:\/\/vert-e-s-vd.ch\/lausanne\/#website"},"primaryImageOfPage":{"@id":"https:\/\/vert-e-s-vd.ch\/lausanne\/population-en-bonne-sante\/quartiers-vivants#primaryimage"},"image":{"@id":"https:\/\/vert-e-s-vd.ch\/lausanne\/population-en-bonne-sante\/quartiers-vivants#primaryimage"},"thumbnailUrl":"https:\/\/vert-e-s-vd.ch\/lausanne\/wp-content\/uploads\/sites\/7\/2021\/01\/tower-of-sauvabelin-1091582_1920-2560x0-c-default.jpg","datePublished":"2020-12-06T09:19:06+00:00","dateModified":"2021-01-31T20:12:25+00:00","description":"C\u2019est \u00e0 l\u2019\u00e9chelle du quartier que la qualit\u00e9 de vie peut \u00eatre le plus concr\u00e8tement soutenue et am\u00e9lior\u00e9e : par des am\u00e9nagements urbains de qualit\u00e9 bien s\u00fbr, mais aussi par des mesures plus transversales qui garantissent l\u2019acc\u00e8s \u00e0 des loisirs et les \u00e9changes entre voisins. Plus un quartier proposera une offre d\u2019activit\u00e9s et des possibilit\u00e9s de rencontre vari\u00e9es, plus la qualit\u00e9 de vie de ses habitant\u00b7e\u00b7s sera \u00e9lev\u00e9e.","breadcrumb":{"@id":"https:\/\/vert-e-s-vd.ch\/lausanne\/population-en-bonne-sante\/quartiers-vivants#breadcrumb"},"inLanguage":"fr-FR","potentialAction":[{"@type":"ReadAction","target":["https:\/\/vert-e-s-vd.ch\/lausanne\/population-en-bonne-sante\/quartiers-vivants"]}]},{"@type":"ImageObject","inLanguage":"fr-FR","@id":"https:\/\/vert-e-s-vd.ch\/lausanne\/population-en-bonne-sante\/quartiers-vivants#primaryimage","url":"https:\/\/vert-e-s-vd.ch\/lausanne\/wp-content\/uploads\/sites\/7\/2021\/01\/tower-of-sauvabelin-1091582_1920-2560x0-c-default.jpg","contentUrl":"https:\/\/vert-e-s-vd.ch\/lausanne\/wp-content\/uploads\/sites\/7\/2021\/01\/tower-of-sauvabelin-1091582_1920-2560x0-c-default.jpg","width":1440,"height":1920,"caption":"Sauvabelin"},{"@type":"BreadcrumbList","@id":"https:\/\/vert-e-s-vd.ch\/lausanne\/population-en-bonne-sante\/quartiers-vivants#breadcrumb","itemListElement":[{"@type":"ListItem","position":1,"name":"Accueil","item":"https:\/\/vert-e-s-vd.ch\/lausanne\/"},{"@type":"ListItem","position":2,"name":"Agenda"}]},{"@type":"WebSite","@id":"https:\/\/vert-e-s-vd.ch\/lausanne\/#website","url":"https:\/\/vert-e-s-vd.ch\/lausanne\/","name":"Les VERT\u00b7E\u00b7S lausannois\u00b7es","description":"Une longueur d\u2019avance","potentialAction":[{"@type":"SearchAction","target":{"@type":"EntryPoint","urlTemplate":"https:\/\/vert-e-s-vd.ch\/lausanne\/?s={search_term_string}"},"query-input":{"@type":"PropertyValueSpecification","valueRequired":true,"valueName":"search_term_string"}}],"inLanguage":"fr-FR"}]}},"_links":{"self":[{"href":"https:\/\/vert-e-s-vd.ch\/lausanne\/wp-json\/wp\/v2\/pages\/71957","targetHints":{"allow":["GET"]}}],"collection":[{"href":"https:\/\/vert-e-s-vd.ch\/lausanne\/wp-json\/wp\/v2\/pages"}],"about":[{"href":"https:\/\/vert-e-s-vd.ch\/lausanne\/wp-json\/wp\/v2\/types\/page"}],"author":[{"embeddable":true,"href":"https:\/\/vert-e-s-vd.ch\/lausanne\/wp-json\/wp\/v2\/users\/12"}],"replies":[{"embeddable":true,"href":"https:\/\/vert-e-s-vd.ch\/lausanne\/wp-json\/wp\/v2\/comments?post=71957"}],"version-history":[{"count":13,"href":"https:\/\/vert-e-s-vd.ch\/lausanne\/wp-json\/wp\/v2\/pages\/71957\/revisions"}],"predecessor-version":[{"id":72705,"href":"https:\/\/vert-e-s-vd.ch\/lausanne\/wp-json\/wp\/v2\/pages\/71957\/revisions\/72705"}],"up":[{"embeddable":true,"href":"https:\/\/vert-e-s-vd.ch\/lausanne\/wp-json\/wp\/v2\/pages\/71854"}],"wp:featuredmedia":[{"embeddable":true,"href":"https:\/\/vert-e-s-vd.ch\/lausanne\/wp-json\/wp\/v2\/media\/72703"}],"wp:attachment":[{"href":"https:\/\/vert-e-s-vd.ch\/lausanne\/wp-json\/wp\/v2\/media?parent=71957"}],"curies":[{"name":"wp","href":"https:\/\/api.w.org\/{rel}","templated":true}]}}

<!-- This site is optimized with the Yoast SEO plugin v26.9 - https://yoast.com/product/yoast-seo-wordpress/ -->
<title>Quartiers vivants - Les VERT·E·S lausannois·es</title>
<meta name="description" content="C’est à l’échelle du quartier que la qualité de vie peut être le plus concrètement soutenue et améliorée : par des aménagements urbains de qualité bien sûr, mais aussi par des mesures plus transversales qui garantissent l’accès à des loisirs et les échanges entre voisins. Plus un quartier proposera une offre d’activités et des possibilités de rencontre variées, plus la qualité de vie de ses habitant·e·s sera élevée." />
<meta name="robots" content="index, follow, max-snippet:-1, max-image-preview:large, max-video-preview:-1" />
<link rel="canonical" href="https://vert-e-s-vd.ch/lausanne/population-en-bonne-sante/quartiers-vivants" />
<meta property="og:locale" content="fr_FR" />
<meta property="og:type" content="article" />
<meta property="og:title" content="Quartiers vivants - Les VERT·E·S lausannois·es" />
<meta property="og:description" content="C’est à l’échelle du quartier que la qualité de vie peut être le plus concrètement soutenue et améliorée : par des aménagements …" />
<meta property="og:url" content="https://vert-e-s-vd.ch/lausanne/population-en-bonne-sante/quartiers-vivants" />
<meta property="og:site_name" content="Les VERT·E·S lausannois·es" />
<meta property="article:modified_time" content="2021-01-31T20:12:25+00:00" />
<meta property="og:image" content="https://vert-e-s-vd.ch/lausanne/wp-content/uploads/sites/7/2021/01/tower-of-sauvabelin-1091582_1920-1200x0-c-default.jpg" />
	<meta property="og:image:width" content="1200" />
	<meta property="og:image:height" content="1600" />
	<meta property="og:image:type" content="image/jpeg" />
<meta name="twitter:card" content="summary_large_image" />
<script type="application/ld+json" class="yoast-schema-graph">{"@context":"https://schema.org","@graph":[{"@type":"WebPage","@id":"https://vert-e-s-vd.ch/lausanne/population-en-bonne-sante/quartiers-vivants","url":"https://vert-e-s-vd.ch/lausanne/population-en-bonne-sante/quartiers-vivants","name":"Quartiers vivants - Les VERT·E·S lausannois·es","isPartOf":{"@id":"https://vert-e-s-vd.ch/lausanne/#website"},"primaryImageOfPage":{"@id":"https://vert-e-s-vd.ch/lausanne/population-en-bonne-sante/quartiers-vivants#primaryimage"},"image":{"@id":"https://vert-e-s-vd.ch/lausanne/population-en-bonne-sante/quartiers-vivants#primaryimage"},"thumbnailUrl":"https://vert-e-s-vd.ch/lausanne/wp-content/uploads/sites/7/2021/01/tower-of-sauvabelin-1091582_1920-2560x0-c-default.jpg","datePublished":"2020-12-06T09:19:06+00:00","dateModified":"2021-01-31T20:12:25+00:00","description":"C’est à l’échelle du quartier que la qualité de vie peut être le plus concrètement soutenue et améliorée : par des aménagements urbains de qualité bien sûr, mais aussi par des mesures plus transversales qui garantissent l’accès à des loisirs et les échanges entre voisins. Plus un quartier proposera une offre d’activités et des possibilités de rencontre variées, plus la qualité de vie de ses habitant·e·s sera élevée.","breadcrumb":{"@id":"https://vert-e-s-vd.ch/lausanne/population-en-bonne-sante/quartiers-vivants#breadcrumb"},"inLanguage":"fr-FR","potentialAction":[{"@type":"ReadAction","target":["https://vert-e-s-vd.ch/lausanne/population-en-bonne-sante/quartiers-vivants"]}]},{"@type":"ImageObject","inLanguage":"fr-FR","@id":"https://vert-e-s-vd.ch/lausanne/population-en-bonne-sante/quartiers-vivants#primaryimage","url":"https://vert-e-s-vd.ch/lausanne/wp-content/uploads/sites/7/2021/01/tower-of-sauvabelin-1091582_1920-2560x0-c-default.jpg","contentUrl":"https://vert-e-s-vd.ch/lausanne/wp-content/uploads/sites/7/2021/01/tower-of-sauvabelin-1091582_1920-2560x0-c-default.jpg","width":1440,"height":1920,"caption":"Sauvabelin"},{"@type":"BreadcrumbList","@id":"https://vert-e-s-vd.ch/lausanne/population-en-bonne-sante/quartiers-vivants#breadcrumb","itemListElement":[{"@type":"ListItem","position":1,"name":"Accueil","item":"https://vert-e-s-vd.ch/lausanne/"},{"@type":"ListItem","position":2,"name":"Agenda"}]},{"@type":"WebSite","@id":"https://vert-e-s-vd.ch/lausanne/#website","url":"https://vert-e-s-vd.ch/lausanne/","name":"Les VERT·E·S lausannois·es","description":"Une longueur d’avance","potentialAction":[{"@type":"SearchAction","target":{"@type":"EntryPoint","urlTemplate":"https://vert-e-s-vd.ch/lausanne/?s={search_term_string}"},"query-input":{"@type":"PropertyValueSpecification","valueRequired":true,"valueName":"search_term_string"}}],"inLanguage":"fr-FR"}]}</script>
<!-- / Yoast SEO plugin. -->

C’est à l’échelle du quartier que la qualité de vie peut être le plus concrètement soutenue et améliorée : par des aménagements urbains de qualité bien sûr, mais aussi par des mesures plus transversales qui garantissent l’accès à des loisirs et les échanges entre voisins. Plus un quartier proposera une offre d’activités et des possibilités de rencontre variées, plus la qualité de vie de ses habitant·e·s sera élevée.

C’est à l’échelle du quartier que la qualité de vie peut être le plus concrètement soutenue et améliorée : par des aménagements …
