{"id":71896,"date":"2020-12-01T21:41:11","date_gmt":"2020-12-01T20:41:11","guid":{"rendered":"https:\/\/vert-e-s-vd.ch\/lausanne\/?page_id=71896"},"modified":"2021-01-31T20:18:48","modified_gmt":"2021-01-31T19:18:48","slug":"culture-equitable","status":"publish","type":"page","link":"https:\/\/vert-e-s-vd.ch\/lausanne\/justice-sociale-et-egalite\/culture-equitable","title":{"rendered":"Culture \u00e9quitable"},"content":{"rendered":"","protected":false},"excerpt":{"rendered":"","protected":false},"author":12,"featured_media":71925,"parent":71850,"menu_order":0,"comment_status":"closed","ping_status":"closed","template":"","meta":{"_acf_changed":false,"inline_featured_image":false,"footnotes":""},"class_list":["post-71896","page","type-page","status-publish","has-post-thumbnail","hentry"],"acf":[],"yoast_head":"<!-- This site is optimized with the Yoast SEO plugin v26.9 - https:\/\/yoast.com\/product\/yoast-seo-wordpress\/ -->\n<title>Culture \u00e9quitable - Les VERT\u00b7E\u00b7S lausannois\u00b7es<\/title>\n<meta name=\"description\" content=\"Une vie culturelle riche et diversifi\u00e9e, telle celle dont dispose Lausanne, est essentielle dans une d\u00e9mocratie plurielle. La culture offre un espace indispensable \u00e0 la r\u00e9flexion, \u00e0 la r\u00eaverie, \u00e0 la contemplation, \u00e0 la confrontation, \u00e0 l\u2019\u00e9merveillement. Elle est garante de notre patrimoine, de notre histoire et participe \u00e0 la construction de notre avenir. Le domaine de la culture fait face \u00e0 des d\u00e9fis majeurs dans les ann\u00e9es \u00e0 venir. La pand\u00e9mie l\u2019a fragilis\u00e9 \u00e0 tous les niveaux, acc\u00e9l\u00e9r\u00e9 les effets de la num\u00e9risation et exacerb\u00e9 la pr\u00e9carit\u00e9 d\u2019un grand nombre d\u2019artistes et acteur\u00b7trice\u00b7s culturel\u00b7le\u00b7s. Les Vert\u00b7e\u00b7s s\u2019engagent pour permettre \u00e0 ce secteur indispensable de traverser cette crise et en tirer des le\u00e7ons essentielles pour d\u00e9velopper une culture plus forte, durable et diversifi\u00e9e sur le long terme.\" \/>\n<meta name=\"robots\" content=\"index, follow, max-snippet:-1, max-image-preview:large, max-video-preview:-1\" \/>\n<link rel=\"canonical\" href=\"https:\/\/vert-e-s-vd.ch\/lausanne\/justice-sociale-et-egalite\/culture-equitable\" \/>\n<meta property=\"og:locale\" content=\"fr_FR\" \/>\n<meta property=\"og:type\" content=\"article\" \/>\n<meta property=\"og:title\" content=\"Culture \u00e9quitable - Les VERT\u00b7E\u00b7S lausannois\u00b7es\" \/>\n<meta property=\"og:description\" content=\"Une vie culturelle riche et diversifi\u00e9e, telle celle dont dispose Lausanne, est essentielle dans une d\u00e9mocratie plurielle. La culture \u2026\" \/>\n<meta property=\"og:url\" content=\"https:\/\/vert-e-s-vd.ch\/lausanne\/justice-sociale-et-egalite\/culture-equitable\" \/>\n<meta property=\"og:site_name\" content=\"Les VERT\u00b7E\u00b7S lausannois\u00b7es\" \/>\n<meta property=\"article:modified_time\" content=\"2021-01-31T19:18:48+00:00\" \/>\n<meta property=\"og:image\" content=\"https:\/\/vert-e-s-vd.ch\/lausanne\/wp-content\/uploads\/sites\/7\/2020\/12\/fete-dela-musique-Gabriel-Garcia-Marengo-petit-1580x0-c-default-1200x0-c-default.jpg\" \/>\n\t<meta property=\"og:image:width\" content=\"1200\" \/>\n\t<meta property=\"og:image:height\" content=\"794\" \/>\n\t<meta property=\"og:image:type\" content=\"image\/jpeg\" \/>\n<meta name=\"twitter:card\" content=\"summary_large_image\" \/>\n<script type=\"application\/ld+json\" class=\"yoast-schema-graph\">{\"@context\":\"https:\/\/schema.org\",\"@graph\":[{\"@type\":\"WebPage\",\"@id\":\"https:\/\/vert-e-s-vd.ch\/lausanne\/justice-sociale-et-egalite\/culture-equitable\",\"url\":\"https:\/\/vert-e-s-vd.ch\/lausanne\/justice-sociale-et-egalite\/culture-equitable\",\"name\":\"Culture \u00e9quitable - Les VERT\u00b7E\u00b7S lausannois\u00b7es\",\"isPartOf\":{\"@id\":\"https:\/\/vert-e-s-vd.ch\/lausanne\/#website\"},\"primaryImageOfPage\":{\"@id\":\"https:\/\/vert-e-s-vd.ch\/lausanne\/justice-sociale-et-egalite\/culture-equitable#primaryimage\"},\"image\":{\"@id\":\"https:\/\/vert-e-s-vd.ch\/lausanne\/justice-sociale-et-egalite\/culture-equitable#primaryimage\"},\"thumbnailUrl\":\"https:\/\/vert-e-s-vd.ch\/lausanne\/wp-content\/uploads\/sites\/7\/2020\/12\/fete-dela-musique-Gabriel-Garcia-Marengo-petit-1580x0-c-default-100x0-c-default.jpg\",\"datePublished\":\"2020-12-01T20:41:11+00:00\",\"dateModified\":\"2021-01-31T19:18:48+00:00\",\"description\":\"Une vie culturelle riche et diversifi\u00e9e, telle celle dont dispose Lausanne, est essentielle dans une d\u00e9mocratie plurielle. La culture offre un espace indispensable \u00e0 la r\u00e9flexion, \u00e0 la r\u00eaverie, \u00e0 la contemplation, \u00e0 la confrontation, \u00e0 l\u2019\u00e9merveillement. Elle est garante de notre patrimoine, de notre histoire et participe \u00e0 la construction de notre avenir. Le domaine de la culture fait face \u00e0 des d\u00e9fis majeurs dans les ann\u00e9es \u00e0 venir. La pand\u00e9mie l\u2019a fragilis\u00e9 \u00e0 tous les niveaux, acc\u00e9l\u00e9r\u00e9 les effets de la num\u00e9risation et exacerb\u00e9 la pr\u00e9carit\u00e9 d\u2019un grand nombre d\u2019artistes et acteur\u00b7trice\u00b7s culturel\u00b7le\u00b7s. Les Vert\u00b7e\u00b7s s\u2019engagent pour permettre \u00e0 ce secteur indispensable de traverser cette crise et en tirer des le\u00e7ons essentielles pour d\u00e9velopper une culture plus forte, durable et diversifi\u00e9e sur le long terme.\",\"breadcrumb\":{\"@id\":\"https:\/\/vert-e-s-vd.ch\/lausanne\/justice-sociale-et-egalite\/culture-equitable#breadcrumb\"},\"inLanguage\":\"fr-FR\",\"potentialAction\":[{\"@type\":\"ReadAction\",\"target\":[\"https:\/\/vert-e-s-vd.ch\/lausanne\/justice-sociale-et-egalite\/culture-equitable\"]}]},{\"@type\":\"ImageObject\",\"inLanguage\":\"fr-FR\",\"@id\":\"https:\/\/vert-e-s-vd.ch\/lausanne\/justice-sociale-et-egalite\/culture-equitable#primaryimage\",\"url\":\"https:\/\/vert-e-s-vd.ch\/lausanne\/wp-content\/uploads\/sites\/7\/2020\/12\/fete-dela-musique-Gabriel-Garcia-Marengo-petit-1580x0-c-default-100x0-c-default.jpg\",\"contentUrl\":\"https:\/\/vert-e-s-vd.ch\/lausanne\/wp-content\/uploads\/sites\/7\/2020\/12\/fete-dela-musique-Gabriel-Garcia-Marengo-petit-1580x0-c-default-100x0-c-default.jpg\",\"width\":1580,\"height\":1046,\"caption\":\"culture\"},{\"@type\":\"BreadcrumbList\",\"@id\":\"https:\/\/vert-e-s-vd.ch\/lausanne\/justice-sociale-et-egalite\/culture-equitable#breadcrumb\",\"itemListElement\":[{\"@type\":\"ListItem\",\"position\":1,\"name\":\"Accueil\",\"item\":\"https:\/\/vert-e-s-vd.ch\/lausanne\/\"},{\"@type\":\"ListItem\",\"position\":2,\"name\":\"Agenda\"}]},{\"@type\":\"WebSite\",\"@id\":\"https:\/\/vert-e-s-vd.ch\/lausanne\/#website\",\"url\":\"https:\/\/vert-e-s-vd.ch\/lausanne\/\",\"name\":\"Les VERT\u00b7E\u00b7S lausannois\u00b7es\",\"description\":\"Une longueur d\u2019avance\",\"potentialAction\":[{\"@type\":\"SearchAction\",\"target\":{\"@type\":\"EntryPoint\",\"urlTemplate\":\"https:\/\/vert-e-s-vd.ch\/lausanne\/?s={search_term_string}\"},\"query-input\":{\"@type\":\"PropertyValueSpecification\",\"valueRequired\":true,\"valueName\":\"search_term_string\"}}],\"inLanguage\":\"fr-FR\"}]}<\/script>\n<!-- \/ Yoast SEO plugin. -->","yoast_head_json":{"title":"Culture \u00e9quitable - Les VERT\u00b7E\u00b7S lausannois\u00b7es","description":"Une vie culturelle riche et diversifi\u00e9e, telle celle dont dispose Lausanne, est essentielle dans une d\u00e9mocratie plurielle. La culture offre un espace indispensable \u00e0 la r\u00e9flexion, \u00e0 la r\u00eaverie, \u00e0 la contemplation, \u00e0 la confrontation, \u00e0 l\u2019\u00e9merveillement. Elle est garante de notre patrimoine, de notre histoire et participe \u00e0 la construction de notre avenir. Le domaine de la culture fait face \u00e0 des d\u00e9fis majeurs dans les ann\u00e9es \u00e0 venir. La pand\u00e9mie l\u2019a fragilis\u00e9 \u00e0 tous les niveaux, acc\u00e9l\u00e9r\u00e9 les effets de la num\u00e9risation et exacerb\u00e9 la pr\u00e9carit\u00e9 d\u2019un grand nombre d\u2019artistes et acteur\u00b7trice\u00b7s culturel\u00b7le\u00b7s. Les Vert\u00b7e\u00b7s s\u2019engagent pour permettre \u00e0 ce secteur indispensable de traverser cette crise et en tirer des le\u00e7ons essentielles pour d\u00e9velopper une culture plus forte, durable et diversifi\u00e9e sur le long terme.","robots":{"index":"index","follow":"follow","max-snippet":"max-snippet:-1","max-image-preview":"max-image-preview:large","max-video-preview":"max-video-preview:-1"},"canonical":"https:\/\/vert-e-s-vd.ch\/lausanne\/justice-sociale-et-egalite\/culture-equitable","og_locale":"fr_FR","og_type":"article","og_title":"Culture \u00e9quitable - Les VERT\u00b7E\u00b7S lausannois\u00b7es","og_description":"Une vie culturelle riche et diversifi\u00e9e, telle celle dont dispose Lausanne, est essentielle dans une d\u00e9mocratie plurielle. La culture \u2026","og_url":"https:\/\/vert-e-s-vd.ch\/lausanne\/justice-sociale-et-egalite\/culture-equitable","og_site_name":"Les VERT\u00b7E\u00b7S lausannois\u00b7es","article_modified_time":"2021-01-31T19:18:48+00:00","og_image":[{"width":1200,"height":794,"url":"https:\/\/vert-e-s-vd.ch\/lausanne\/wp-content\/uploads\/sites\/7\/2020\/12\/fete-dela-musique-Gabriel-Garcia-Marengo-petit-1580x0-c-default-1200x0-c-default.jpg","type":"image\/jpeg"}],"twitter_card":"summary_large_image","schema":{"@context":"https:\/\/schema.org","@graph":[{"@type":"WebPage","@id":"https:\/\/vert-e-s-vd.ch\/lausanne\/justice-sociale-et-egalite\/culture-equitable","url":"https:\/\/vert-e-s-vd.ch\/lausanne\/justice-sociale-et-egalite\/culture-equitable","name":"Culture \u00e9quitable - Les VERT\u00b7E\u00b7S lausannois\u00b7es","isPartOf":{"@id":"https:\/\/vert-e-s-vd.ch\/lausanne\/#website"},"primaryImageOfPage":{"@id":"https:\/\/vert-e-s-vd.ch\/lausanne\/justice-sociale-et-egalite\/culture-equitable#primaryimage"},"image":{"@id":"https:\/\/vert-e-s-vd.ch\/lausanne\/justice-sociale-et-egalite\/culture-equitable#primaryimage"},"thumbnailUrl":"https:\/\/vert-e-s-vd.ch\/lausanne\/wp-content\/uploads\/sites\/7\/2020\/12\/fete-dela-musique-Gabriel-Garcia-Marengo-petit-1580x0-c-default-100x0-c-default.jpg","datePublished":"2020-12-01T20:41:11+00:00","dateModified":"2021-01-31T19:18:48+00:00","description":"Une vie culturelle riche et diversifi\u00e9e, telle celle dont dispose Lausanne, est essentielle dans une d\u00e9mocratie plurielle. La culture offre un espace indispensable \u00e0 la r\u00e9flexion, \u00e0 la r\u00eaverie, \u00e0 la contemplation, \u00e0 la confrontation, \u00e0 l\u2019\u00e9merveillement. Elle est garante de notre patrimoine, de notre histoire et participe \u00e0 la construction de notre avenir. Le domaine de la culture fait face \u00e0 des d\u00e9fis majeurs dans les ann\u00e9es \u00e0 venir. La pand\u00e9mie l\u2019a fragilis\u00e9 \u00e0 tous les niveaux, acc\u00e9l\u00e9r\u00e9 les effets de la num\u00e9risation et exacerb\u00e9 la pr\u00e9carit\u00e9 d\u2019un grand nombre d\u2019artistes et acteur\u00b7trice\u00b7s culturel\u00b7le\u00b7s. Les Vert\u00b7e\u00b7s s\u2019engagent pour permettre \u00e0 ce secteur indispensable de traverser cette crise et en tirer des le\u00e7ons essentielles pour d\u00e9velopper une culture plus forte, durable et diversifi\u00e9e sur le long terme.","breadcrumb":{"@id":"https:\/\/vert-e-s-vd.ch\/lausanne\/justice-sociale-et-egalite\/culture-equitable#breadcrumb"},"inLanguage":"fr-FR","potentialAction":[{"@type":"ReadAction","target":["https:\/\/vert-e-s-vd.ch\/lausanne\/justice-sociale-et-egalite\/culture-equitable"]}]},{"@type":"ImageObject","inLanguage":"fr-FR","@id":"https:\/\/vert-e-s-vd.ch\/lausanne\/justice-sociale-et-egalite\/culture-equitable#primaryimage","url":"https:\/\/vert-e-s-vd.ch\/lausanne\/wp-content\/uploads\/sites\/7\/2020\/12\/fete-dela-musique-Gabriel-Garcia-Marengo-petit-1580x0-c-default-100x0-c-default.jpg","contentUrl":"https:\/\/vert-e-s-vd.ch\/lausanne\/wp-content\/uploads\/sites\/7\/2020\/12\/fete-dela-musique-Gabriel-Garcia-Marengo-petit-1580x0-c-default-100x0-c-default.jpg","width":1580,"height":1046,"caption":"culture"},{"@type":"BreadcrumbList","@id":"https:\/\/vert-e-s-vd.ch\/lausanne\/justice-sociale-et-egalite\/culture-equitable#breadcrumb","itemListElement":[{"@type":"ListItem","position":1,"name":"Accueil","item":"https:\/\/vert-e-s-vd.ch\/lausanne\/"},{"@type":"ListItem","position":2,"name":"Agenda"}]},{"@type":"WebSite","@id":"https:\/\/vert-e-s-vd.ch\/lausanne\/#website","url":"https:\/\/vert-e-s-vd.ch\/lausanne\/","name":"Les VERT\u00b7E\u00b7S lausannois\u00b7es","description":"Une longueur d\u2019avance","potentialAction":[{"@type":"SearchAction","target":{"@type":"EntryPoint","urlTemplate":"https:\/\/vert-e-s-vd.ch\/lausanne\/?s={search_term_string}"},"query-input":{"@type":"PropertyValueSpecification","valueRequired":true,"valueName":"search_term_string"}}],"inLanguage":"fr-FR"}]}},"_links":{"self":[{"href":"https:\/\/vert-e-s-vd.ch\/lausanne\/wp-json\/wp\/v2\/pages\/71896","targetHints":{"allow":["GET"]}}],"collection":[{"href":"https:\/\/vert-e-s-vd.ch\/lausanne\/wp-json\/wp\/v2\/pages"}],"about":[{"href":"https:\/\/vert-e-s-vd.ch\/lausanne\/wp-json\/wp\/v2\/types\/page"}],"author":[{"embeddable":true,"href":"https:\/\/vert-e-s-vd.ch\/lausanne\/wp-json\/wp\/v2\/users\/12"}],"replies":[{"embeddable":true,"href":"https:\/\/vert-e-s-vd.ch\/lausanne\/wp-json\/wp\/v2\/comments?post=71896"}],"version-history":[{"count":6,"href":"https:\/\/vert-e-s-vd.ch\/lausanne\/wp-json\/wp\/v2\/pages\/71896\/revisions"}],"predecessor-version":[{"id":72675,"href":"https:\/\/vert-e-s-vd.ch\/lausanne\/wp-json\/wp\/v2\/pages\/71896\/revisions\/72675"}],"up":[{"embeddable":true,"href":"https:\/\/vert-e-s-vd.ch\/lausanne\/wp-json\/wp\/v2\/pages\/71850"}],"wp:featuredmedia":[{"embeddable":true,"href":"https:\/\/vert-e-s-vd.ch\/lausanne\/wp-json\/wp\/v2\/media\/71925"}],"wp:attachment":[{"href":"https:\/\/vert-e-s-vd.ch\/lausanne\/wp-json\/wp\/v2\/media?parent=71896"}],"curies":[{"name":"wp","href":"https:\/\/api.w.org\/{rel}","templated":true}]}}