{"id":71852,"date":"2020-12-01T20:40:08","date_gmt":"2020-12-01T19:40:08","guid":{"rendered":"https:\/\/vert-e-s-vd.ch\/lausanne\/?page_id=71852"},"modified":"2021-01-08T12:22:38","modified_gmt":"2021-01-08T11:22:38","slug":"ville-de-demain","status":"publish","type":"page","link":"https:\/\/vert-e-s-vd.ch\/lausanne\/ville-de-demain","title":{"rendered":"Ville de demain"},"content":{"rendered":"","protected":false},"excerpt":{"rendered":"","protected":false},"author":12,"featured_media":0,"parent":0,"menu_order":0,"comment_status":"closed","ping_status":"closed","template":"single_overview.php","meta":{"_acf_changed":false,"inline_featured_image":false,"footnotes":""},"class_list":["post-71852","page","type-page","status-publish","hentry"],"acf":[],"yoast_head":"<!-- This site is optimized with the Yoast SEO plugin v26.9 - https:\/\/yoast.com\/product\/yoast-seo-wordpress\/ -->\n<title>Ville de demain - Les VERT\u00b7E\u00b7S lausannois\u00b7es<\/title>\n<meta name=\"description\" content=\"Lausanne est une ville o\u00f9 il fait bon vivre ! Dans les nombreux \u00e9coquartiers, la qualit\u00e9 de vie est excellente, la mixit\u00e9 sociale assur\u00e9e, le vivre ensemble une r\u00e9ussite. Pi\u00e9ton\u00b7ne\u00b7s et cyclistes se sont appropri\u00e9\u00b7e\u00b7s les rues et les d\u00e9placements en transports publics sont plus rapides et meilleur march\u00e9. En ville, la v\u00e9g\u00e9tation est omnipr\u00e9sente : espaces verts, arbres, toitures et fa\u00e7ades v\u00e9g\u00e9talis\u00e9es. Ainsi, malgr\u00e9 des canicules de plus en plus fr\u00e9quentes, Lausanne reste bien au frais. Rendu aussi souvent que possible perm\u00e9able, le sol retient l\u2019eau de pluie, ce qui pr\u00e9serve la v\u00e9g\u00e9tation et les nappes phr\u00e9atiques durant les s\u00e9cheresses et att\u00e9nue les risques d\u2019inondations. Gr\u00e2ce \u00e0 tous ces efforts, mais aussi \u00e0 la cr\u00e9ation de couloirs verts, \u00e0 la revitalisation des cours d\u2019eau et \u00e0 la gestion exemplaire des for\u00eats et du patrimoine arbor\u00e9, de multiples esp\u00e8ces ont fait leur retour en ville. Les immeubles sont quant \u00e0 eux assainis et isol\u00e9s avec des mat\u00e9riaux naturels ou recycl\u00e9s. Tous sont reli\u00e9s au syst\u00e8me de chauffage et de refroidissement \u00e0 distance \u00ab z\u00e9ro carbone\u00bb. Les nouvelles constructions pr\u00e9servent les \u00e9chapp\u00e9es visuelles sur le lac et le patrimoine est mis en valeur. En somme, Lausanne conserve son caract\u00e8re, mais en plus vert.\" \/>\n<meta name=\"robots\" content=\"index, follow, max-snippet:-1, max-image-preview:large, max-video-preview:-1\" \/>\n<link rel=\"canonical\" href=\"https:\/\/vert-e-s-vd.ch\/lausanne\/ville-de-demain\" \/>\n<meta property=\"og:locale\" content=\"fr_FR\" \/>\n<meta property=\"og:type\" content=\"article\" \/>\n<meta property=\"og:title\" content=\"Ville de demain - Les VERT\u00b7E\u00b7S lausannois\u00b7es\" \/>\n<meta property=\"og:description\" content=\"Lausanne est une ville o\u00f9 il fait bon vivre ! Dans les nombreux \u00e9coquartiers, la qualit\u00e9 de vie est excellente, la mixit\u00e9 sociale \u2026\" \/>\n<meta property=\"og:url\" content=\"https:\/\/vert-e-s-vd.ch\/lausanne\/ville-de-demain\" \/>\n<meta property=\"og:site_name\" content=\"Les VERT\u00b7E\u00b7S lausannois\u00b7es\" \/>\n<meta property=\"article:modified_time\" content=\"2021-01-08T11:22:38+00:00\" \/>\n<meta name=\"twitter:card\" content=\"summary_large_image\" \/>\n<script type=\"application\/ld+json\" class=\"yoast-schema-graph\">{\"@context\":\"https:\/\/schema.org\",\"@graph\":[{\"@type\":\"WebPage\",\"@id\":\"https:\/\/vert-e-s-vd.ch\/lausanne\/ville-de-demain\",\"url\":\"https:\/\/vert-e-s-vd.ch\/lausanne\/ville-de-demain\",\"name\":\"Ville de demain - Les VERT\u00b7E\u00b7S lausannois\u00b7es\",\"isPartOf\":{\"@id\":\"https:\/\/vert-e-s-vd.ch\/lausanne\/#website\"},\"datePublished\":\"2020-12-01T19:40:08+00:00\",\"dateModified\":\"2021-01-08T11:22:38+00:00\",\"description\":\"Lausanne est une ville o\u00f9 il fait bon vivre ! Dans les nombreux \u00e9coquartiers, la qualit\u00e9 de vie est excellente, la mixit\u00e9 sociale assur\u00e9e, le vivre ensemble une r\u00e9ussite. Pi\u00e9ton\u00b7ne\u00b7s et cyclistes se sont appropri\u00e9\u00b7e\u00b7s les rues et les d\u00e9placements en transports publics sont plus rapides et meilleur march\u00e9. En ville, la v\u00e9g\u00e9tation est omnipr\u00e9sente : espaces verts, arbres, toitures et fa\u00e7ades v\u00e9g\u00e9talis\u00e9es. Ainsi, malgr\u00e9 des canicules de plus en plus fr\u00e9quentes, Lausanne reste bien au frais. Rendu aussi souvent que possible perm\u00e9able, le sol retient l\u2019eau de pluie, ce qui pr\u00e9serve la v\u00e9g\u00e9tation et les nappes phr\u00e9atiques durant les s\u00e9cheresses et att\u00e9nue les risques d\u2019inondations. Gr\u00e2ce \u00e0 tous ces efforts, mais aussi \u00e0 la cr\u00e9ation de couloirs verts, \u00e0 la revitalisation des cours d\u2019eau et \u00e0 la gestion exemplaire des for\u00eats et du patrimoine arbor\u00e9, de multiples esp\u00e8ces ont fait leur retour en ville. Les immeubles sont quant \u00e0 eux assainis et isol\u00e9s avec des mat\u00e9riaux naturels ou recycl\u00e9s. Tous sont reli\u00e9s au syst\u00e8me de chauffage et de refroidissement \u00e0 distance \u00ab z\u00e9ro carbone\u00bb. Les nouvelles constructions pr\u00e9servent les \u00e9chapp\u00e9es visuelles sur le lac et le patrimoine est mis en valeur. En somme, Lausanne conserve son caract\u00e8re, mais en plus vert.\",\"breadcrumb\":{\"@id\":\"https:\/\/vert-e-s-vd.ch\/lausanne\/ville-de-demain#breadcrumb\"},\"inLanguage\":\"fr-FR\",\"potentialAction\":[{\"@type\":\"ReadAction\",\"target\":[\"https:\/\/vert-e-s-vd.ch\/lausanne\/ville-de-demain\"]}]},{\"@type\":\"BreadcrumbList\",\"@id\":\"https:\/\/vert-e-s-vd.ch\/lausanne\/ville-de-demain#breadcrumb\",\"itemListElement\":[{\"@type\":\"ListItem\",\"position\":1,\"name\":\"Accueil\",\"item\":\"https:\/\/vert-e-s-vd.ch\/lausanne\/\"},{\"@type\":\"ListItem\",\"position\":2,\"name\":\"Agenda\"}]},{\"@type\":\"WebSite\",\"@id\":\"https:\/\/vert-e-s-vd.ch\/lausanne\/#website\",\"url\":\"https:\/\/vert-e-s-vd.ch\/lausanne\/\",\"name\":\"Les VERT\u00b7E\u00b7S lausannois\u00b7es\",\"description\":\"Une longueur d\u2019avance\",\"potentialAction\":[{\"@type\":\"SearchAction\",\"target\":{\"@type\":\"EntryPoint\",\"urlTemplate\":\"https:\/\/vert-e-s-vd.ch\/lausanne\/?s={search_term_string}\"},\"query-input\":{\"@type\":\"PropertyValueSpecification\",\"valueRequired\":true,\"valueName\":\"search_term_string\"}}],\"inLanguage\":\"fr-FR\"}]}<\/script>\n<!-- \/ Yoast SEO plugin. -->","yoast_head_json":{"title":"Ville de demain - Les VERT\u00b7E\u00b7S lausannois\u00b7es","description":"Lausanne est une ville o\u00f9 il fait bon vivre ! Dans les nombreux \u00e9coquartiers, la qualit\u00e9 de vie est excellente, la mixit\u00e9 sociale assur\u00e9e, le vivre ensemble une r\u00e9ussite. Pi\u00e9ton\u00b7ne\u00b7s et cyclistes se sont appropri\u00e9\u00b7e\u00b7s les rues et les d\u00e9placements en transports publics sont plus rapides et meilleur march\u00e9. En ville, la v\u00e9g\u00e9tation est omnipr\u00e9sente : espaces verts, arbres, toitures et fa\u00e7ades v\u00e9g\u00e9talis\u00e9es. Ainsi, malgr\u00e9 des canicules de plus en plus fr\u00e9quentes, Lausanne reste bien au frais. Rendu aussi souvent que possible perm\u00e9able, le sol retient l\u2019eau de pluie, ce qui pr\u00e9serve la v\u00e9g\u00e9tation et les nappes phr\u00e9atiques durant les s\u00e9cheresses et att\u00e9nue les risques d\u2019inondations. Gr\u00e2ce \u00e0 tous ces efforts, mais aussi \u00e0 la cr\u00e9ation de couloirs verts, \u00e0 la revitalisation des cours d\u2019eau et \u00e0 la gestion exemplaire des for\u00eats et du patrimoine arbor\u00e9, de multiples esp\u00e8ces ont fait leur retour en ville. Les immeubles sont quant \u00e0 eux assainis et isol\u00e9s avec des mat\u00e9riaux naturels ou recycl\u00e9s. Tous sont reli\u00e9s au syst\u00e8me de chauffage et de refroidissement \u00e0 distance \u00ab z\u00e9ro carbone\u00bb. Les nouvelles constructions pr\u00e9servent les \u00e9chapp\u00e9es visuelles sur le lac et le patrimoine est mis en valeur. En somme, Lausanne conserve son caract\u00e8re, mais en plus vert.","robots":{"index":"index","follow":"follow","max-snippet":"max-snippet:-1","max-image-preview":"max-image-preview:large","max-video-preview":"max-video-preview:-1"},"canonical":"https:\/\/vert-e-s-vd.ch\/lausanne\/ville-de-demain","og_locale":"fr_FR","og_type":"article","og_title":"Ville de demain - Les VERT\u00b7E\u00b7S lausannois\u00b7es","og_description":"Lausanne est une ville o\u00f9 il fait bon vivre ! Dans les nombreux \u00e9coquartiers, la qualit\u00e9 de vie est excellente, la mixit\u00e9 sociale \u2026","og_url":"https:\/\/vert-e-s-vd.ch\/lausanne\/ville-de-demain","og_site_name":"Les VERT\u00b7E\u00b7S lausannois\u00b7es","article_modified_time":"2021-01-08T11:22:38+00:00","twitter_card":"summary_large_image","schema":{"@context":"https:\/\/schema.org","@graph":[{"@type":"WebPage","@id":"https:\/\/vert-e-s-vd.ch\/lausanne\/ville-de-demain","url":"https:\/\/vert-e-s-vd.ch\/lausanne\/ville-de-demain","name":"Ville de demain - Les VERT\u00b7E\u00b7S lausannois\u00b7es","isPartOf":{"@id":"https:\/\/vert-e-s-vd.ch\/lausanne\/#website"},"datePublished":"2020-12-01T19:40:08+00:00","dateModified":"2021-01-08T11:22:38+00:00","description":"Lausanne est une ville o\u00f9 il fait bon vivre ! Dans les nombreux \u00e9coquartiers, la qualit\u00e9 de vie est excellente, la mixit\u00e9 sociale assur\u00e9e, le vivre ensemble une r\u00e9ussite. Pi\u00e9ton\u00b7ne\u00b7s et cyclistes se sont appropri\u00e9\u00b7e\u00b7s les rues et les d\u00e9placements en transports publics sont plus rapides et meilleur march\u00e9. En ville, la v\u00e9g\u00e9tation est omnipr\u00e9sente : espaces verts, arbres, toitures et fa\u00e7ades v\u00e9g\u00e9talis\u00e9es. Ainsi, malgr\u00e9 des canicules de plus en plus fr\u00e9quentes, Lausanne reste bien au frais. Rendu aussi souvent que possible perm\u00e9able, le sol retient l\u2019eau de pluie, ce qui pr\u00e9serve la v\u00e9g\u00e9tation et les nappes phr\u00e9atiques durant les s\u00e9cheresses et att\u00e9nue les risques d\u2019inondations. Gr\u00e2ce \u00e0 tous ces efforts, mais aussi \u00e0 la cr\u00e9ation de couloirs verts, \u00e0 la revitalisation des cours d\u2019eau et \u00e0 la gestion exemplaire des for\u00eats et du patrimoine arbor\u00e9, de multiples esp\u00e8ces ont fait leur retour en ville. Les immeubles sont quant \u00e0 eux assainis et isol\u00e9s avec des mat\u00e9riaux naturels ou recycl\u00e9s. Tous sont reli\u00e9s au syst\u00e8me de chauffage et de refroidissement \u00e0 distance \u00ab z\u00e9ro carbone\u00bb. Les nouvelles constructions pr\u00e9servent les \u00e9chapp\u00e9es visuelles sur le lac et le patrimoine est mis en valeur. En somme, Lausanne conserve son caract\u00e8re, mais en plus vert.","breadcrumb":{"@id":"https:\/\/vert-e-s-vd.ch\/lausanne\/ville-de-demain#breadcrumb"},"inLanguage":"fr-FR","potentialAction":[{"@type":"ReadAction","target":["https:\/\/vert-e-s-vd.ch\/lausanne\/ville-de-demain"]}]},{"@type":"BreadcrumbList","@id":"https:\/\/vert-e-s-vd.ch\/lausanne\/ville-de-demain#breadcrumb","itemListElement":[{"@type":"ListItem","position":1,"name":"Accueil","item":"https:\/\/vert-e-s-vd.ch\/lausanne\/"},{"@type":"ListItem","position":2,"name":"Agenda"}]},{"@type":"WebSite","@id":"https:\/\/vert-e-s-vd.ch\/lausanne\/#website","url":"https:\/\/vert-e-s-vd.ch\/lausanne\/","name":"Les VERT\u00b7E\u00b7S lausannois\u00b7es","description":"Une longueur d\u2019avance","potentialAction":[{"@type":"SearchAction","target":{"@type":"EntryPoint","urlTemplate":"https:\/\/vert-e-s-vd.ch\/lausanne\/?s={search_term_string}"},"query-input":{"@type":"PropertyValueSpecification","valueRequired":true,"valueName":"search_term_string"}}],"inLanguage":"fr-FR"}]}},"_links":{"self":[{"href":"https:\/\/vert-e-s-vd.ch\/lausanne\/wp-json\/wp\/v2\/pages\/71852","targetHints":{"allow":["GET"]}}],"collection":[{"href":"https:\/\/vert-e-s-vd.ch\/lausanne\/wp-json\/wp\/v2\/pages"}],"about":[{"href":"https:\/\/vert-e-s-vd.ch\/lausanne\/wp-json\/wp\/v2\/types\/page"}],"author":[{"embeddable":true,"href":"https:\/\/vert-e-s-vd.ch\/lausanne\/wp-json\/wp\/v2\/users\/12"}],"replies":[{"embeddable":true,"href":"https:\/\/vert-e-s-vd.ch\/lausanne\/wp-json\/wp\/v2\/comments?post=71852"}],"version-history":[{"count":3,"href":"https:\/\/vert-e-s-vd.ch\/lausanne\/wp-json\/wp\/v2\/pages\/71852\/revisions"}],"predecessor-version":[{"id":71954,"href":"https:\/\/vert-e-s-vd.ch\/lausanne\/wp-json\/wp\/v2\/pages\/71852\/revisions\/71954"}],"wp:attachment":[{"href":"https:\/\/vert-e-s-vd.ch\/lausanne\/wp-json\/wp\/v2\/media?parent=71852"}],"curies":[{"name":"wp","href":"https:\/\/api.w.org\/{rel}","templated":true}]}}