{"id":71850,"date":"2020-12-01T20:37:34","date_gmt":"2020-12-01T19:37:34","guid":{"rendered":"https:\/\/vert-e-s-vd.ch\/lausanne\/?page_id=71850"},"modified":"2021-01-08T12:22:38","modified_gmt":"2021-01-08T11:22:38","slug":"justice-sociale-et-egalite","status":"publish","type":"page","link":"https:\/\/vert-e-s-vd.ch\/lausanne\/justice-sociale-et-egalite","title":{"rendered":"Justice sociale et \u00e9galit\u00e9"},"content":{"rendered":"","protected":false},"excerpt":{"rendered":"","protected":false},"author":12,"featured_media":0,"parent":0,"menu_order":0,"comment_status":"closed","ping_status":"closed","template":"single_overview.php","meta":{"_acf_changed":false,"inline_featured_image":false,"footnotes":""},"class_list":["post-71850","page","type-page","status-publish","hentry"],"acf":[],"yoast_head":"<!-- This site is optimized with the Yoast SEO plugin v26.9 - https:\/\/yoast.com\/product\/yoast-seo-wordpress\/ -->\n<title>Justice sociale et \u00e9galit\u00e9 - Les VERT\u00b7E\u00b7S lausannois\u00b7es<\/title>\n<meta name=\"description\" content=\"Les Lausannois\u00b7e\u00b7s aiment leur ville. Ils et elles s\u2019y sentent bien, int\u00e9gr\u00e9\u00b7e\u00b7s, respect\u00e9\u00b7e\u00b7s. Les discriminations ethniques, raciales, de genre, d\u2019orientation sexuelle, d\u2019origine sociale et de classe, de statut administratif, d\u2019\u00e2ge, les discriminations sur la base d\u2019un handicap ou toutes autres formes de discriminations ont drastiquement diminu\u00e9 et sont combattues activement par les actrices et acteurs publics comme priv\u00e9\u00b7e\u00b7s. L\u2019entraide entre les personnes, entre les g\u00e9n\u00e9rations, entre les cultures et les origines est favoris\u00e9e, tout comme l\u2019\u00e9galit\u00e9 des chances. Les revendications sp\u00e9cifiques des associations de la soci\u00e9t\u00e9 civile concern\u00e9es par certains types de discriminations sont \u00e9cout\u00e9es et relay\u00e9es activement. La solidarit\u00e9 est un principe : les r\u00e9seaux de soutien aux personnes les plus \u00e2g\u00e9es ou vuln\u00e9rables fonctionnent et tissent le lien social. Les personnes en situation de handicap b\u00e9n\u00e9ficient d\u2019une politique d\u2019inclusion active. Le travail que m\u00e8nent les travailleur\u00b7euse\u00b7s sociaux\u00b7ales et les associations de quartier est soutenu, et la police de proximit\u00e9 est \u00e0 l\u2019\u00e9coute de chacun\u00b7e. Dans leur temps libre, les habitant\u00b7e\u00b7s profitent des nombreux centres culturels et sportifs mis \u00e0 leur disposition. Largement d\u00e9mocratis\u00e9s et accompagn\u00e9s, ils sont des outils qui favorisent l\u2019int\u00e9gration et qui concr\u00e9tisent le concept de \u00ab vivre ensemble \u00bb. \u00c0 Lausanne, tout le monde a sa place.\" \/>\n<meta name=\"robots\" content=\"index, follow, max-snippet:-1, max-image-preview:large, max-video-preview:-1\" \/>\n<link rel=\"canonical\" href=\"https:\/\/vert-e-s-vd.ch\/lausanne\/justice-sociale-et-egalite\" \/>\n<meta property=\"og:locale\" content=\"fr_FR\" \/>\n<meta property=\"og:type\" content=\"article\" \/>\n<meta property=\"og:title\" content=\"Justice sociale et \u00e9galit\u00e9 - Les VERT\u00b7E\u00b7S lausannois\u00b7es\" \/>\n<meta property=\"og:description\" content=\"Les Lausannois\u00b7e\u00b7s aiment leur ville. Ils et elles s\u2019y sentent bien, int\u00e9gr\u00e9\u00b7e\u00b7s, respect\u00e9\u00b7e\u00b7s. Les discriminations ethniques, \u2026\" \/>\n<meta property=\"og:url\" content=\"https:\/\/vert-e-s-vd.ch\/lausanne\/justice-sociale-et-egalite\" \/>\n<meta property=\"og:site_name\" content=\"Les VERT\u00b7E\u00b7S lausannois\u00b7es\" \/>\n<meta property=\"article:modified_time\" content=\"2021-01-08T11:22:38+00:00\" \/>\n<meta name=\"twitter:card\" content=\"summary_large_image\" \/>\n<script type=\"application\/ld+json\" class=\"yoast-schema-graph\">{\"@context\":\"https:\/\/schema.org\",\"@graph\":[{\"@type\":\"WebPage\",\"@id\":\"https:\/\/vert-e-s-vd.ch\/lausanne\/justice-sociale-et-egalite\",\"url\":\"https:\/\/vert-e-s-vd.ch\/lausanne\/justice-sociale-et-egalite\",\"name\":\"Justice sociale et \u00e9galit\u00e9 - Les VERT\u00b7E\u00b7S lausannois\u00b7es\",\"isPartOf\":{\"@id\":\"https:\/\/vert-e-s-vd.ch\/lausanne\/#website\"},\"datePublished\":\"2020-12-01T19:37:34+00:00\",\"dateModified\":\"2021-01-08T11:22:38+00:00\",\"description\":\"Les Lausannois\u00b7e\u00b7s aiment leur ville. Ils et elles s\u2019y sentent bien, int\u00e9gr\u00e9\u00b7e\u00b7s, respect\u00e9\u00b7e\u00b7s. Les discriminations ethniques, raciales, de genre, d\u2019orientation sexuelle, d\u2019origine sociale et de classe, de statut administratif, d\u2019\u00e2ge, les discriminations sur la base d\u2019un handicap ou toutes autres formes de discriminations ont drastiquement diminu\u00e9 et sont combattues activement par les actrices et acteurs publics comme priv\u00e9\u00b7e\u00b7s. L\u2019entraide entre les personnes, entre les g\u00e9n\u00e9rations, entre les cultures et les origines est favoris\u00e9e, tout comme l\u2019\u00e9galit\u00e9 des chances. Les revendications sp\u00e9cifiques des associations de la soci\u00e9t\u00e9 civile concern\u00e9es par certains types de discriminations sont \u00e9cout\u00e9es et relay\u00e9es activement. La solidarit\u00e9 est un principe : les r\u00e9seaux de soutien aux personnes les plus \u00e2g\u00e9es ou vuln\u00e9rables fonctionnent et tissent le lien social. Les personnes en situation de handicap b\u00e9n\u00e9ficient d\u2019une politique d\u2019inclusion active. Le travail que m\u00e8nent les travailleur\u00b7euse\u00b7s sociaux\u00b7ales et les associations de quartier est soutenu, et la police de proximit\u00e9 est \u00e0 l\u2019\u00e9coute de chacun\u00b7e. Dans leur temps libre, les habitant\u00b7e\u00b7s profitent des nombreux centres culturels et sportifs mis \u00e0 leur disposition. Largement d\u00e9mocratis\u00e9s et accompagn\u00e9s, ils sont des outils qui favorisent l\u2019int\u00e9gration et qui concr\u00e9tisent le concept de \u00ab vivre ensemble \u00bb. \u00c0 Lausanne, tout le monde a sa place.\",\"breadcrumb\":{\"@id\":\"https:\/\/vert-e-s-vd.ch\/lausanne\/justice-sociale-et-egalite#breadcrumb\"},\"inLanguage\":\"fr-FR\",\"potentialAction\":[{\"@type\":\"ReadAction\",\"target\":[\"https:\/\/vert-e-s-vd.ch\/lausanne\/justice-sociale-et-egalite\"]}]},{\"@type\":\"BreadcrumbList\",\"@id\":\"https:\/\/vert-e-s-vd.ch\/lausanne\/justice-sociale-et-egalite#breadcrumb\",\"itemListElement\":[{\"@type\":\"ListItem\",\"position\":1,\"name\":\"Accueil\",\"item\":\"https:\/\/vert-e-s-vd.ch\/lausanne\/\"},{\"@type\":\"ListItem\",\"position\":2,\"name\":\"Agenda\"}]},{\"@type\":\"WebSite\",\"@id\":\"https:\/\/vert-e-s-vd.ch\/lausanne\/#website\",\"url\":\"https:\/\/vert-e-s-vd.ch\/lausanne\/\",\"name\":\"Les VERT\u00b7E\u00b7S lausannois\u00b7es\",\"description\":\"Une longueur d\u2019avance\",\"potentialAction\":[{\"@type\":\"SearchAction\",\"target\":{\"@type\":\"EntryPoint\",\"urlTemplate\":\"https:\/\/vert-e-s-vd.ch\/lausanne\/?s={search_term_string}\"},\"query-input\":{\"@type\":\"PropertyValueSpecification\",\"valueRequired\":true,\"valueName\":\"search_term_string\"}}],\"inLanguage\":\"fr-FR\"}]}<\/script>\n<!-- \/ Yoast SEO plugin. -->","yoast_head_json":{"title":"Justice sociale et \u00e9galit\u00e9 - Les VERT\u00b7E\u00b7S lausannois\u00b7es","description":"Les Lausannois\u00b7e\u00b7s aiment leur ville. Ils et elles s\u2019y sentent bien, int\u00e9gr\u00e9\u00b7e\u00b7s, respect\u00e9\u00b7e\u00b7s. Les discriminations ethniques, raciales, de genre, d\u2019orientation sexuelle, d\u2019origine sociale et de classe, de statut administratif, d\u2019\u00e2ge, les discriminations sur la base d\u2019un handicap ou toutes autres formes de discriminations ont drastiquement diminu\u00e9 et sont combattues activement par les actrices et acteurs publics comme priv\u00e9\u00b7e\u00b7s. L\u2019entraide entre les personnes, entre les g\u00e9n\u00e9rations, entre les cultures et les origines est favoris\u00e9e, tout comme l\u2019\u00e9galit\u00e9 des chances. Les revendications sp\u00e9cifiques des associations de la soci\u00e9t\u00e9 civile concern\u00e9es par certains types de discriminations sont \u00e9cout\u00e9es et relay\u00e9es activement. La solidarit\u00e9 est un principe : les r\u00e9seaux de soutien aux personnes les plus \u00e2g\u00e9es ou vuln\u00e9rables fonctionnent et tissent le lien social. Les personnes en situation de handicap b\u00e9n\u00e9ficient d\u2019une politique d\u2019inclusion active. Le travail que m\u00e8nent les travailleur\u00b7euse\u00b7s sociaux\u00b7ales et les associations de quartier est soutenu, et la police de proximit\u00e9 est \u00e0 l\u2019\u00e9coute de chacun\u00b7e. Dans leur temps libre, les habitant\u00b7e\u00b7s profitent des nombreux centres culturels et sportifs mis \u00e0 leur disposition. Largement d\u00e9mocratis\u00e9s et accompagn\u00e9s, ils sont des outils qui favorisent l\u2019int\u00e9gration et qui concr\u00e9tisent le concept de \u00ab vivre ensemble \u00bb. \u00c0 Lausanne, tout le monde a sa place.","robots":{"index":"index","follow":"follow","max-snippet":"max-snippet:-1","max-image-preview":"max-image-preview:large","max-video-preview":"max-video-preview:-1"},"canonical":"https:\/\/vert-e-s-vd.ch\/lausanne\/justice-sociale-et-egalite","og_locale":"fr_FR","og_type":"article","og_title":"Justice sociale et \u00e9galit\u00e9 - Les VERT\u00b7E\u00b7S lausannois\u00b7es","og_description":"Les Lausannois\u00b7e\u00b7s aiment leur ville. Ils et elles s\u2019y sentent bien, int\u00e9gr\u00e9\u00b7e\u00b7s, respect\u00e9\u00b7e\u00b7s. Les discriminations ethniques, \u2026","og_url":"https:\/\/vert-e-s-vd.ch\/lausanne\/justice-sociale-et-egalite","og_site_name":"Les VERT\u00b7E\u00b7S lausannois\u00b7es","article_modified_time":"2021-01-08T11:22:38+00:00","twitter_card":"summary_large_image","schema":{"@context":"https:\/\/schema.org","@graph":[{"@type":"WebPage","@id":"https:\/\/vert-e-s-vd.ch\/lausanne\/justice-sociale-et-egalite","url":"https:\/\/vert-e-s-vd.ch\/lausanne\/justice-sociale-et-egalite","name":"Justice sociale et \u00e9galit\u00e9 - Les VERT\u00b7E\u00b7S lausannois\u00b7es","isPartOf":{"@id":"https:\/\/vert-e-s-vd.ch\/lausanne\/#website"},"datePublished":"2020-12-01T19:37:34+00:00","dateModified":"2021-01-08T11:22:38+00:00","description":"Les Lausannois\u00b7e\u00b7s aiment leur ville. Ils et elles s\u2019y sentent bien, int\u00e9gr\u00e9\u00b7e\u00b7s, respect\u00e9\u00b7e\u00b7s. Les discriminations ethniques, raciales, de genre, d\u2019orientation sexuelle, d\u2019origine sociale et de classe, de statut administratif, d\u2019\u00e2ge, les discriminations sur la base d\u2019un handicap ou toutes autres formes de discriminations ont drastiquement diminu\u00e9 et sont combattues activement par les actrices et acteurs publics comme priv\u00e9\u00b7e\u00b7s. L\u2019entraide entre les personnes, entre les g\u00e9n\u00e9rations, entre les cultures et les origines est favoris\u00e9e, tout comme l\u2019\u00e9galit\u00e9 des chances. Les revendications sp\u00e9cifiques des associations de la soci\u00e9t\u00e9 civile concern\u00e9es par certains types de discriminations sont \u00e9cout\u00e9es et relay\u00e9es activement. La solidarit\u00e9 est un principe : les r\u00e9seaux de soutien aux personnes les plus \u00e2g\u00e9es ou vuln\u00e9rables fonctionnent et tissent le lien social. Les personnes en situation de handicap b\u00e9n\u00e9ficient d\u2019une politique d\u2019inclusion active. Le travail que m\u00e8nent les travailleur\u00b7euse\u00b7s sociaux\u00b7ales et les associations de quartier est soutenu, et la police de proximit\u00e9 est \u00e0 l\u2019\u00e9coute de chacun\u00b7e. Dans leur temps libre, les habitant\u00b7e\u00b7s profitent des nombreux centres culturels et sportifs mis \u00e0 leur disposition. Largement d\u00e9mocratis\u00e9s et accompagn\u00e9s, ils sont des outils qui favorisent l\u2019int\u00e9gration et qui concr\u00e9tisent le concept de \u00ab vivre ensemble \u00bb. \u00c0 Lausanne, tout le monde a sa place.","breadcrumb":{"@id":"https:\/\/vert-e-s-vd.ch\/lausanne\/justice-sociale-et-egalite#breadcrumb"},"inLanguage":"fr-FR","potentialAction":[{"@type":"ReadAction","target":["https:\/\/vert-e-s-vd.ch\/lausanne\/justice-sociale-et-egalite"]}]},{"@type":"BreadcrumbList","@id":"https:\/\/vert-e-s-vd.ch\/lausanne\/justice-sociale-et-egalite#breadcrumb","itemListElement":[{"@type":"ListItem","position":1,"name":"Accueil","item":"https:\/\/vert-e-s-vd.ch\/lausanne\/"},{"@type":"ListItem","position":2,"name":"Agenda"}]},{"@type":"WebSite","@id":"https:\/\/vert-e-s-vd.ch\/lausanne\/#website","url":"https:\/\/vert-e-s-vd.ch\/lausanne\/","name":"Les VERT\u00b7E\u00b7S lausannois\u00b7es","description":"Une longueur d\u2019avance","potentialAction":[{"@type":"SearchAction","target":{"@type":"EntryPoint","urlTemplate":"https:\/\/vert-e-s-vd.ch\/lausanne\/?s={search_term_string}"},"query-input":{"@type":"PropertyValueSpecification","valueRequired":true,"valueName":"search_term_string"}}],"inLanguage":"fr-FR"}]}},"_links":{"self":[{"href":"https:\/\/vert-e-s-vd.ch\/lausanne\/wp-json\/wp\/v2\/pages\/71850","targetHints":{"allow":["GET"]}}],"collection":[{"href":"https:\/\/vert-e-s-vd.ch\/lausanne\/wp-json\/wp\/v2\/pages"}],"about":[{"href":"https:\/\/vert-e-s-vd.ch\/lausanne\/wp-json\/wp\/v2\/types\/page"}],"author":[{"embeddable":true,"href":"https:\/\/vert-e-s-vd.ch\/lausanne\/wp-json\/wp\/v2\/users\/12"}],"replies":[{"embeddable":true,"href":"https:\/\/vert-e-s-vd.ch\/lausanne\/wp-json\/wp\/v2\/comments?post=71850"}],"version-history":[{"count":5,"href":"https:\/\/vert-e-s-vd.ch\/lausanne\/wp-json\/wp\/v2\/pages\/71850\/revisions"}],"predecessor-version":[{"id":71931,"href":"https:\/\/vert-e-s-vd.ch\/lausanne\/wp-json\/wp\/v2\/pages\/71850\/revisions\/71931"}],"wp:attachment":[{"href":"https:\/\/vert-e-s-vd.ch\/lausanne\/wp-json\/wp\/v2\/media?parent=71850"}],"curies":[{"name":"wp","href":"https:\/\/api.w.org\/{rel}","templated":true}]}}