{"id":71109,"date":"2020-11-16T15:00:12","date_gmt":"2020-11-16T14:00:12","guid":{"rendered":"https:\/\/vert-e-s-vd.ch\/lacote\/communes\/rolle-copy"},"modified":"2021-05-03T15:17:12","modified_gmt":"2021-05-03T13:17:12","slug":"prangins","status":"publish","type":"page","link":"https:\/\/vert-e-s-vd.ch\/lacote\/elues\/prangins","title":{"rendered":"Prangins"},"content":{"rendered":"<div class=\"fce2ColsWrap fce5050\">\n<div class=\"fce5050-1\">\n<p>A Rolle, et pour la l\u00e9gislature 2016-2020, les verts si\u00e8gent au sein du groupe Rose-Verts. &nbsp;<br \/>\nAu sein de ce groupe, nous nous engageons pour que notre cit\u00e9 offre de bonnes conditions de vie pour tous, respectueuses de notre environnement.&nbsp;<br \/>\nNous inscrivons nos actions locales dans une prise en compte de l\u2019environnent global.<\/p>\n<h2 class=\"bodytext\"><span class=\"typeface-js-selected-text\">Elections communales 2021<\/span><\/h2>\n<\/div>\n<\/div>\n<p class=\"bodytext\">En pr\u00e9paration des \u00e9lections 2021, nous cherchons activement des citoyen.ne.s rollois.e.s int\u00e9ress\u00e9s.es \u00e0 participer activement \u00e0 la vie politique de leur commune en tant que conseiller.e. communal.&nbsp;<br \/>\nLes Verts offrent un cadre propice \u00e0 cette engagement. &nbsp;<br \/>\nA Rolle, vous rejoindrez un groupe dynamique, ouvert et respectueux des points de vue divers en accord avec les valeurs des Verts suisses. Vous pourrez ainsi faire l\u2018apprentissage de la vie politique locale et aurez la possibilit\u00e9 de faire entendre votre voix.<br \/>\n&nbsp;&nbsp;<br \/>\nLa prochaine l\u00e9gislature est une excellente occasion pour faire le pas&#8230;<\/p>\n<p class=\"bodytext\">Nous esp\u00e9rons vous accueillir bient\u00f4t!&nbsp;<\/p>\n<p>Pour nous contacter: rolle@vert-e-s-vd.ch<\/p>\n","protected":false},"excerpt":{"rendered":"<p>A Rolle, et pour la l\u00e9gislature 2016-2020, les verts si\u00e8gent au sein du groupe Rose-Verts. &nbsp; Au sein de ce groupe, nous nous engageons pour que notre cit\u00e9 offre de [&hellip;]<\/p>\n","protected":false},"author":3,"featured_media":0,"parent":11,"menu_order":0,"comment_status":"closed","ping_status":"closed","template":"","meta":{"_acf_changed":false,"inline_featured_image":false,"footnotes":""},"class_list":["post-71109","page","type-page","status-publish","hentry"],"acf":[],"yoast_head":"<!-- This site is optimized with the Yoast SEO plugin v26.9 - https:\/\/yoast.com\/product\/yoast-seo-wordpress\/ -->\n<title>Prangins - Les Vert\u00b7e\u00b7s vaudois\u00b7e\u00b7s, section La C\u00f4te<\/title>\n<meta name=\"description\" content=\"Nos \u00e9lu\u00b7e\u00b7s \u00e0 Prangins.\" \/>\n<meta name=\"robots\" content=\"index, follow, max-snippet:-1, max-image-preview:large, max-video-preview:-1\" \/>\n<link rel=\"canonical\" href=\"https:\/\/vert-e-s-vd.ch\/lacote\/elues\/prangins\" \/>\n<meta property=\"og:locale\" content=\"fr_FR\" \/>\n<meta property=\"og:type\" content=\"article\" \/>\n<meta property=\"og:title\" content=\"Prangins - Les Vert\u00b7e\u00b7s vaudois\u00b7e\u00b7s, section La C\u00f4te\" \/>\n<meta property=\"og:description\" content=\"Nos \u00e9lu\u00b7e\u00b7s \u00e0 Prangins.\" \/>\n<meta property=\"og:url\" content=\"https:\/\/vert-e-s-vd.ch\/lacote\/elues\/prangins\" \/>\n<meta property=\"og:site_name\" content=\"Les Vert\u00b7e\u00b7s vaudois\u00b7e\u00b7s, section La C\u00f4te\" \/>\n<meta property=\"article:publisher\" content=\"https:\/\/www.facebook.com\/VertsLaCote\" \/>\n<meta property=\"article:modified_time\" content=\"2021-05-03T13:17:12+00:00\" \/>\n<meta property=\"og:image\" content=\"https:\/\/vert-e-s-vd.ch\/lacote\/wp-content\/uploads\/sites\/5\/2019\/02\/GrueneLesVerts_URL_Logo_RGB_pos-790x0-c-default.png\" \/>\n\t<meta property=\"og:image:width\" content=\"790\" \/>\n\t<meta property=\"og:image:height\" content=\"543\" \/>\n\t<meta property=\"og:image:type\" content=\"image\/png\" \/>\n<meta name=\"twitter:card\" content=\"summary_large_image\" \/>\n<meta name=\"twitter:site\" content=\"@vertsvd\" \/>\n<meta name=\"twitter:label1\" content=\"Dur\u00e9e de lecture estim\u00e9e\" \/>\n\t<meta name=\"twitter:data1\" content=\"1 minute\" \/>\n<script type=\"application\/ld+json\" class=\"yoast-schema-graph\">{\"@context\":\"https:\/\/schema.org\",\"@graph\":[{\"@type\":\"WebPage\",\"@id\":\"https:\/\/vert-e-s-vd.ch\/lacote\/elues\/prangins\",\"url\":\"https:\/\/vert-e-s-vd.ch\/lacote\/elues\/prangins\",\"name\":\"Prangins - Les Vert\u00b7e\u00b7s vaudois\u00b7e\u00b7s, section La C\u00f4te\",\"isPartOf\":{\"@id\":\"https:\/\/vert-e-s-vd.ch\/lacote\/#website\"},\"datePublished\":\"2020-11-16T14:00:12+00:00\",\"dateModified\":\"2021-05-03T13:17:12+00:00\",\"description\":\"Nos \u00e9lu\u00b7e\u00b7s \u00e0 Prangins.\",\"breadcrumb\":{\"@id\":\"https:\/\/vert-e-s-vd.ch\/lacote\/elues\/prangins#breadcrumb\"},\"inLanguage\":\"fr-FR\",\"potentialAction\":[{\"@type\":\"ReadAction\",\"target\":[\"https:\/\/vert-e-s-vd.ch\/lacote\/elues\/prangins\"]}]},{\"@type\":\"BreadcrumbList\",\"@id\":\"https:\/\/vert-e-s-vd.ch\/lacote\/elues\/prangins#breadcrumb\",\"itemListElement\":[{\"@type\":\"ListItem\",\"position\":1,\"name\":\"Accueil\",\"item\":\"https:\/\/vert-e-s-vd.ch\/lacote\/\"},{\"@type\":\"ListItem\",\"position\":2,\"name\":\"Agenda\"}]},{\"@type\":\"WebSite\",\"@id\":\"https:\/\/vert-e-s-vd.ch\/lacote\/#website\",\"url\":\"https:\/\/vert-e-s-vd.ch\/lacote\/\",\"name\":\"Les Vert\u00b7e\u00b7s vaudois\u00b7e\u00b7s, section La C\u00f4te\",\"description\":\"Une longueur d\u2019avance\",\"publisher\":{\"@id\":\"https:\/\/vert-e-s-vd.ch\/lacote\/#organization\"},\"potentialAction\":[{\"@type\":\"SearchAction\",\"target\":{\"@type\":\"EntryPoint\",\"urlTemplate\":\"https:\/\/vert-e-s-vd.ch\/lacote\/?s={search_term_string}\"},\"query-input\":{\"@type\":\"PropertyValueSpecification\",\"valueRequired\":true,\"valueName\":\"search_term_string\"}}],\"inLanguage\":\"fr-FR\"},{\"@type\":\"Organization\",\"@id\":\"https:\/\/vert-e-s-vd.ch\/lacote\/#organization\",\"name\":\"Les Vert.e.s vaudois.e.s\",\"url\":\"https:\/\/vert-e-s-vd.ch\/lacote\/\",\"logo\":{\"@type\":\"ImageObject\",\"inLanguage\":\"fr-FR\",\"@id\":\"https:\/\/vert-e-s-vd.ch\/lacote\/#\/schema\/logo\/image\/\",\"url\":\"https:\/\/vert-e-s-vd.ch\/lacote\/wp-content\/uploads\/sites\/5\/2019\/02\/logo-defr-green.svg\",\"contentUrl\":\"https:\/\/vert-e-s-vd.ch\/lacote\/wp-content\/uploads\/sites\/5\/2019\/02\/logo-defr-green.svg\",\"width\":1,\"height\":1,\"caption\":\"Les Vert.e.s vaudois.e.s\"},\"image\":{\"@id\":\"https:\/\/vert-e-s-vd.ch\/lacote\/#\/schema\/logo\/image\/\"},\"sameAs\":[\"https:\/\/www.facebook.com\/VertsLaCote\",\"https:\/\/x.com\/vertsvd\"]}]}<\/script>\n<!-- \/ Yoast SEO plugin. -->","yoast_head_json":{"title":"Prangins - Les Vert\u00b7e\u00b7s vaudois\u00b7e\u00b7s, section La C\u00f4te","description":"Nos \u00e9lu\u00b7e\u00b7s \u00e0 Prangins.","robots":{"index":"index","follow":"follow","max-snippet":"max-snippet:-1","max-image-preview":"max-image-preview:large","max-video-preview":"max-video-preview:-1"},"canonical":"https:\/\/vert-e-s-vd.ch\/lacote\/elues\/prangins","og_locale":"fr_FR","og_type":"article","og_title":"Prangins - Les Vert\u00b7e\u00b7s vaudois\u00b7e\u00b7s, section La C\u00f4te","og_description":"Nos \u00e9lu\u00b7e\u00b7s \u00e0 Prangins.","og_url":"https:\/\/vert-e-s-vd.ch\/lacote\/elues\/prangins","og_site_name":"Les Vert\u00b7e\u00b7s vaudois\u00b7e\u00b7s, section La C\u00f4te","article_publisher":"https:\/\/www.facebook.com\/VertsLaCote","article_modified_time":"2021-05-03T13:17:12+00:00","og_image":[{"url":"https:\/\/vert-e-s-vd.ch\/lacote\/wp-content\/uploads\/sites\/5\/2019\/02\/GrueneLesVerts_URL_Logo_RGB_pos-790x0-c-default.png","width":790,"height":543,"type":"image\/png"}],"twitter_card":"summary_large_image","twitter_site":"@vertsvd","twitter_misc":{"Dur\u00e9e de lecture estim\u00e9e":"1 minute"},"schema":{"@context":"https:\/\/schema.org","@graph":[{"@type":"WebPage","@id":"https:\/\/vert-e-s-vd.ch\/lacote\/elues\/prangins","url":"https:\/\/vert-e-s-vd.ch\/lacote\/elues\/prangins","name":"Prangins - Les Vert\u00b7e\u00b7s vaudois\u00b7e\u00b7s, section La C\u00f4te","isPartOf":{"@id":"https:\/\/vert-e-s-vd.ch\/lacote\/#website"},"datePublished":"2020-11-16T14:00:12+00:00","dateModified":"2021-05-03T13:17:12+00:00","description":"Nos \u00e9lu\u00b7e\u00b7s \u00e0 Prangins.","breadcrumb":{"@id":"https:\/\/vert-e-s-vd.ch\/lacote\/elues\/prangins#breadcrumb"},"inLanguage":"fr-FR","potentialAction":[{"@type":"ReadAction","target":["https:\/\/vert-e-s-vd.ch\/lacote\/elues\/prangins"]}]},{"@type":"BreadcrumbList","@id":"https:\/\/vert-e-s-vd.ch\/lacote\/elues\/prangins#breadcrumb","itemListElement":[{"@type":"ListItem","position":1,"name":"Accueil","item":"https:\/\/vert-e-s-vd.ch\/lacote\/"},{"@type":"ListItem","position":2,"name":"Agenda"}]},{"@type":"WebSite","@id":"https:\/\/vert-e-s-vd.ch\/lacote\/#website","url":"https:\/\/vert-e-s-vd.ch\/lacote\/","name":"Les Vert\u00b7e\u00b7s vaudois\u00b7e\u00b7s, section La C\u00f4te","description":"Une longueur d\u2019avance","publisher":{"@id":"https:\/\/vert-e-s-vd.ch\/lacote\/#organization"},"potentialAction":[{"@type":"SearchAction","target":{"@type":"EntryPoint","urlTemplate":"https:\/\/vert-e-s-vd.ch\/lacote\/?s={search_term_string}"},"query-input":{"@type":"PropertyValueSpecification","valueRequired":true,"valueName":"search_term_string"}}],"inLanguage":"fr-FR"},{"@type":"Organization","@id":"https:\/\/vert-e-s-vd.ch\/lacote\/#organization","name":"Les Vert.e.s vaudois.e.s","url":"https:\/\/vert-e-s-vd.ch\/lacote\/","logo":{"@type":"ImageObject","inLanguage":"fr-FR","@id":"https:\/\/vert-e-s-vd.ch\/lacote\/#\/schema\/logo\/image\/","url":"https:\/\/vert-e-s-vd.ch\/lacote\/wp-content\/uploads\/sites\/5\/2019\/02\/logo-defr-green.svg","contentUrl":"https:\/\/vert-e-s-vd.ch\/lacote\/wp-content\/uploads\/sites\/5\/2019\/02\/logo-defr-green.svg","width":1,"height":1,"caption":"Les Vert.e.s vaudois.e.s"},"image":{"@id":"https:\/\/vert-e-s-vd.ch\/lacote\/#\/schema\/logo\/image\/"},"sameAs":["https:\/\/www.facebook.com\/VertsLaCote","https:\/\/x.com\/vertsvd"]}]}},"_links":{"self":[{"href":"https:\/\/vert-e-s-vd.ch\/lacote\/wp-json\/wp\/v2\/pages\/71109","targetHints":{"allow":["GET"]}}],"collection":[{"href":"https:\/\/vert-e-s-vd.ch\/lacote\/wp-json\/wp\/v2\/pages"}],"about":[{"href":"https:\/\/vert-e-s-vd.ch\/lacote\/wp-json\/wp\/v2\/types\/page"}],"author":[{"embeddable":true,"href":"https:\/\/vert-e-s-vd.ch\/lacote\/wp-json\/wp\/v2\/users\/3"}],"replies":[{"embeddable":true,"href":"https:\/\/vert-e-s-vd.ch\/lacote\/wp-json\/wp\/v2\/comments?post=71109"}],"version-history":[{"count":12,"href":"https:\/\/vert-e-s-vd.ch\/lacote\/wp-json\/wp\/v2\/pages\/71109\/revisions"}],"predecessor-version":[{"id":71959,"href":"https:\/\/vert-e-s-vd.ch\/lacote\/wp-json\/wp\/v2\/pages\/71109\/revisions\/71959"}],"up":[{"embeddable":true,"href":"https:\/\/vert-e-s-vd.ch\/lacote\/wp-json\/wp\/v2\/pages\/11"}],"wp:attachment":[{"href":"https:\/\/vert-e-s-vd.ch\/lacote\/wp-json\/wp\/v2\/media?parent=71109"}],"curies":[{"name":"wp","href":"https:\/\/api.w.org\/{rel}","templated":true}]}}

<div class="fce2ColsWrap fce5050">
<div class="fce5050-1">
<p>A Rolle, et pour la législature 2016-2020, les verts siègent au sein du groupe Rose-Verts. &nbsp;<br />
Au sein de ce groupe, nous nous engageons pour que notre cité offre de bonnes conditions de vie pour tous, respectueuses de notre environnement.&nbsp;<br />
Nous inscrivons nos actions locales dans une prise en compte de l’environnent global.</p>
<h2 class="bodytext"><span class="typeface-js-selected-text">Elections communales 2021</span></h2>
</div>
</div>
<p class="bodytext">En préparation des élections 2021, nous cherchons activement des citoyen.ne.s rollois.e.s intéressés.es à participer activement à la vie politique de leur commune en tant que conseiller.e. communal.&nbsp;<br />
Les Verts offrent un cadre propice à cette engagement. &nbsp;<br />
A Rolle, vous rejoindrez un groupe dynamique, ouvert et respectueux des points de vue divers en accord avec les valeurs des Verts suisses. Vous pourrez ainsi faire l‘apprentissage de la vie politique locale et aurez la possibilité de faire entendre votre voix.<br />
&nbsp;&nbsp;<br />
La prochaine législature est une excellente occasion pour faire le pas&#8230;</p>
<p class="bodytext">Nous espérons vous accueillir bientôt!&nbsp;</p>
<p>Pour nous contacter: rolle@vert-e-s-vd.ch</p>

<p>A Rolle, et pour la législature 2016-2020, les verts siègent au sein du groupe Rose-Verts. &nbsp; Au sein de ce groupe, nous nous engageons pour que notre cité offre de [&hellip;]</p>

<!-- This site is optimized with the Yoast SEO plugin v26.9 - https://yoast.com/product/yoast-seo-wordpress/ -->
<title>Prangins - Les Vert·e·s vaudois·e·s, section La Côte</title>
<meta name="description" content="Nos élu·e·s à Prangins." />
<meta name="robots" content="index, follow, max-snippet:-1, max-image-preview:large, max-video-preview:-1" />
<link rel="canonical" href="https://vert-e-s-vd.ch/lacote/elues/prangins" />
<meta property="og:locale" content="fr_FR" />
<meta property="og:type" content="article" />
<meta property="og:title" content="Prangins - Les Vert·e·s vaudois·e·s, section La Côte" />
<meta property="og:description" content="Nos élu·e·s à Prangins." />
<meta property="og:url" content="https://vert-e-s-vd.ch/lacote/elues/prangins" />
<meta property="og:site_name" content="Les Vert·e·s vaudois·e·s, section La Côte" />
<meta property="article:publisher" content="https://www.facebook.com/VertsLaCote" />
<meta property="article:modified_time" content="2021-05-03T13:17:12+00:00" />
<meta property="og:image" content="https://vert-e-s-vd.ch/lacote/wp-content/uploads/sites/5/2019/02/GrueneLesVerts_URL_Logo_RGB_pos-790x0-c-default.png" />
	<meta property="og:image:width" content="790" />
	<meta property="og:image:height" content="543" />
	<meta property="og:image:type" content="image/png" />
<meta name="twitter:card" content="summary_large_image" />
<meta name="twitter:site" content="@vertsvd" />
<meta name="twitter:label1" content="Durée de lecture estimée" />
	<meta name="twitter:data1" content="1 minute" />
<script type="application/ld+json" class="yoast-schema-graph">{"@context":"https://schema.org","@graph":[{"@type":"WebPage","@id":"https://vert-e-s-vd.ch/lacote/elues/prangins","url":"https://vert-e-s-vd.ch/lacote/elues/prangins","name":"Prangins - Les Vert·e·s vaudois·e·s, section La Côte","isPartOf":{"@id":"https://vert-e-s-vd.ch/lacote/#website"},"datePublished":"2020-11-16T14:00:12+00:00","dateModified":"2021-05-03T13:17:12+00:00","description":"Nos élu·e·s à Prangins.","breadcrumb":{"@id":"https://vert-e-s-vd.ch/lacote/elues/prangins#breadcrumb"},"inLanguage":"fr-FR","potentialAction":[{"@type":"ReadAction","target":["https://vert-e-s-vd.ch/lacote/elues/prangins"]}]},{"@type":"BreadcrumbList","@id":"https://vert-e-s-vd.ch/lacote/elues/prangins#breadcrumb","itemListElement":[{"@type":"ListItem","position":1,"name":"Accueil","item":"https://vert-e-s-vd.ch/lacote/"},{"@type":"ListItem","position":2,"name":"Agenda"}]},{"@type":"WebSite","@id":"https://vert-e-s-vd.ch/lacote/#website","url":"https://vert-e-s-vd.ch/lacote/","name":"Les Vert·e·s vaudois·e·s, section La Côte","description":"Une longueur d’avance","publisher":{"@id":"https://vert-e-s-vd.ch/lacote/#organization"},"potentialAction":[{"@type":"SearchAction","target":{"@type":"EntryPoint","urlTemplate":"https://vert-e-s-vd.ch/lacote/?s={search_term_string}"},"query-input":{"@type":"PropertyValueSpecification","valueRequired":true,"valueName":"search_term_string"}}],"inLanguage":"fr-FR"},{"@type":"Organization","@id":"https://vert-e-s-vd.ch/lacote/#organization","name":"Les Vert.e.s vaudois.e.s","url":"https://vert-e-s-vd.ch/lacote/","logo":{"@type":"ImageObject","inLanguage":"fr-FR","@id":"https://vert-e-s-vd.ch/lacote/#/schema/logo/image/","url":"https://vert-e-s-vd.ch/lacote/wp-content/uploads/sites/5/2019/02/logo-defr-green.svg","contentUrl":"https://vert-e-s-vd.ch/lacote/wp-content/uploads/sites/5/2019/02/logo-defr-green.svg","width":1,"height":1,"caption":"Les Vert.e.s vaudois.e.s"},"image":{"@id":"https://vert-e-s-vd.ch/lacote/#/schema/logo/image/"},"sameAs":["https://www.facebook.com/VertsLaCote","https://x.com/vertsvd"]}]}</script>
<!-- / Yoast SEO plugin. -->

Prangins - Les Vert·e·s vaudois·e·s, section La Côte

Nos élu·e·s à Prangins.

Les Vert·e·s vaudois·e·s, section La Côte
