{"id":73135,"date":"2026-01-29T15:25:59","date_gmt":"2026-01-29T14:25:59","guid":{"rendered":"https:\/\/vert-e-s-vd.ch\/jura-nordvaudois\/?page_id=73135"},"modified":"2026-02-02T16:44:25","modified_gmt":"2026-02-02T15:44:25","slug":"bilan-de-nos-municipaux","status":"publish","type":"page","link":"https:\/\/vert-e-s-vd.ch\/jura-nordvaudois\/bilan-de-nos-municipaux","title":{"rendered":"Bilan de nos municipaux"},"content":{"rendered":"","protected":false},"excerpt":{"rendered":"","protected":false},"author":86,"featured_media":73136,"parent":0,"menu_order":0,"comment_status":"closed","ping_status":"closed","template":"","meta":{"_acf_changed":false,"inline_featured_image":false,"footnotes":""},"class_list":["post-73135","page","type-page","status-publish","has-post-thumbnail","hentry"],"acf":[],"yoast_head":"<!-- This site is optimized with the Yoast SEO plugin v26.9 - https:\/\/yoast.com\/product\/yoast-seo-wordpress\/ -->\n<title>Bilan de nos municipaux - Les Vert.e.s, section Jura et Nord-Vaudois<\/title>\n<meta name=\"description\" content=\"Carmen Tanner et Benoist Guillard ont men\u00e9 de nombreux projets durant cette l\u00e9gislature, incarnant une \u00e9cologie sociale et concr\u00e8te, en phase avec son temps et \u00e0 l\u2019\u00e9coute des besoins de la population.\" \/>\n<meta name=\"robots\" content=\"index, follow, max-snippet:-1, max-image-preview:large, max-video-preview:-1\" \/>\n<link rel=\"canonical\" href=\"https:\/\/vert-e-s-vd.ch\/jura-nordvaudois\/bilan-de-nos-municipaux\" \/>\n<meta property=\"og:locale\" content=\"fr_FR\" \/>\n<meta property=\"og:type\" content=\"article\" \/>\n<meta property=\"og:title\" content=\"Bilan de nos municipaux - Les Vert.e.s, section Jura et Nord-Vaudois\" \/>\n<meta property=\"og:description\" content=\"Carmen Tanner et Benoist Guillard ont men\u00e9 de nombreux projets durant cette l\u00e9gislature, incarnant une \u00e9cologie sociale et concr\u00e8te, en \u2026\" \/>\n<meta property=\"og:url\" content=\"https:\/\/vert-e-s-vd.ch\/jura-nordvaudois\/bilan-de-nos-municipaux\" \/>\n<meta property=\"og:site_name\" content=\"Les Vert.e.s, section Jura et Nord-Vaudois\" \/>\n<meta property=\"article:publisher\" content=\"https:\/\/www.facebook.com\/verts.yverdon\" \/>\n<meta property=\"article:modified_time\" content=\"2026-02-02T15:44:25+00:00\" \/>\n<meta property=\"og:image\" content=\"https:\/\/vert-e-s-vd.ch\/jura-nordvaudois\/wp-content\/uploads\/sites\/11\/2026\/01\/Carmen-et-Benoist-DUO_MG_5032-1200x630.jpg\" \/>\n\t<meta property=\"og:image:width\" content=\"1200\" \/>\n\t<meta property=\"og:image:height\" content=\"630\" \/>\n\t<meta property=\"og:image:type\" content=\"image\/jpeg\" \/>\n<meta name=\"twitter:card\" content=\"summary_large_image\" \/>\n<meta name=\"twitter:site\" content=\"@vertsyverdon\" \/>\n<meta name=\"twitter:label1\" content=\"Dur\u00e9e de lecture estim\u00e9e\" \/>\n\t<meta name=\"twitter:data1\" content=\"8 minutes\" \/>\n<script type=\"application\/ld+json\" class=\"yoast-schema-graph\">{\"@context\":\"https:\/\/schema.org\",\"@graph\":[{\"@type\":\"WebPage\",\"@id\":\"https:\/\/vert-e-s-vd.ch\/jura-nordvaudois\/bilan-de-nos-municipaux\",\"url\":\"https:\/\/vert-e-s-vd.ch\/jura-nordvaudois\/bilan-de-nos-municipaux\",\"name\":\"Bilan de nos municipaux - Les Vert.e.s, section Jura et Nord-Vaudois\",\"isPartOf\":{\"@id\":\"https:\/\/vert-e-s-vd.ch\/jura-nordvaudois\/#website\"},\"primaryImageOfPage\":{\"@id\":\"https:\/\/vert-e-s-vd.ch\/jura-nordvaudois\/bilan-de-nos-municipaux#primaryimage\"},\"image\":{\"@id\":\"https:\/\/vert-e-s-vd.ch\/jura-nordvaudois\/bilan-de-nos-municipaux#primaryimage\"},\"thumbnailUrl\":\"https:\/\/vert-e-s-vd.ch\/jura-nordvaudois\/wp-content\/uploads\/sites\/11\/2026\/01\/Carmen-et-Benoist-DUO_MG_5032-scaled.jpg\",\"datePublished\":\"2026-01-29T14:25:59+00:00\",\"dateModified\":\"2026-02-02T15:44:25+00:00\",\"description\":\"Carmen Tanner et Benoist Guillard ont men\u00e9 de nombreux projets durant cette l\u00e9gislature, incarnant une \u00e9cologie sociale et concr\u00e8te, en phase avec son temps et \u00e0 l\u2019\u00e9coute des besoins de la population.\",\"breadcrumb\":{\"@id\":\"https:\/\/vert-e-s-vd.ch\/jura-nordvaudois\/bilan-de-nos-municipaux#breadcrumb\"},\"inLanguage\":\"fr-FR\",\"potentialAction\":[{\"@type\":\"ReadAction\",\"target\":[\"https:\/\/vert-e-s-vd.ch\/jura-nordvaudois\/bilan-de-nos-municipaux\"]}]},{\"@type\":\"ImageObject\",\"inLanguage\":\"fr-FR\",\"@id\":\"https:\/\/vert-e-s-vd.ch\/jura-nordvaudois\/bilan-de-nos-municipaux#primaryimage\",\"url\":\"https:\/\/vert-e-s-vd.ch\/jura-nordvaudois\/wp-content\/uploads\/sites\/11\/2026\/01\/Carmen-et-Benoist-DUO_MG_5032-scaled.jpg\",\"contentUrl\":\"https:\/\/vert-e-s-vd.ch\/jura-nordvaudois\/wp-content\/uploads\/sites\/11\/2026\/01\/Carmen-et-Benoist-DUO_MG_5032-scaled.jpg\",\"width\":2560,\"height\":1707},{\"@type\":\"BreadcrumbList\",\"@id\":\"https:\/\/vert-e-s-vd.ch\/jura-nordvaudois\/bilan-de-nos-municipaux#breadcrumb\",\"itemListElement\":[{\"@type\":\"ListItem\",\"position\":1,\"name\":\"Accueil\",\"item\":\"https:\/\/vert-e-s-vd.ch\/jura-nordvaudois\/\"},{\"@type\":\"ListItem\",\"position\":2,\"name\":\"Bilan de nos municipaux\"}]},{\"@type\":\"WebSite\",\"@id\":\"https:\/\/vert-e-s-vd.ch\/jura-nordvaudois\/#website\",\"url\":\"https:\/\/vert-e-s-vd.ch\/jura-nordvaudois\/\",\"name\":\"Les Vert.e.s, section Jura et Nord-Vaudois\",\"description\":\"Une longueur d\u2019avance\",\"potentialAction\":[{\"@type\":\"SearchAction\",\"target\":{\"@type\":\"EntryPoint\",\"urlTemplate\":\"https:\/\/vert-e-s-vd.ch\/jura-nordvaudois\/?s={search_term_string}\"},\"query-input\":{\"@type\":\"PropertyValueSpecification\",\"valueRequired\":true,\"valueName\":\"search_term_string\"}}],\"inLanguage\":\"fr-FR\"}]}<\/script>\n<!-- \/ Yoast SEO plugin. -->","yoast_head_json":{"title":"Bilan de nos municipaux - Les Vert.e.s, section Jura et Nord-Vaudois","description":"Carmen Tanner et Benoist Guillard ont men\u00e9 de nombreux projets durant cette l\u00e9gislature, incarnant une \u00e9cologie sociale et concr\u00e8te, en phase avec son temps et \u00e0 l\u2019\u00e9coute des besoins de la population.","robots":{"index":"index","follow":"follow","max-snippet":"max-snippet:-1","max-image-preview":"max-image-preview:large","max-video-preview":"max-video-preview:-1"},"canonical":"https:\/\/vert-e-s-vd.ch\/jura-nordvaudois\/bilan-de-nos-municipaux","og_locale":"fr_FR","og_type":"article","og_title":"Bilan de nos municipaux - Les Vert.e.s, section Jura et Nord-Vaudois","og_description":"Carmen Tanner et Benoist Guillard ont men\u00e9 de nombreux projets durant cette l\u00e9gislature, incarnant une \u00e9cologie sociale et concr\u00e8te, en \u2026","og_url":"https:\/\/vert-e-s-vd.ch\/jura-nordvaudois\/bilan-de-nos-municipaux","og_site_name":"Les Vert.e.s, section Jura et Nord-Vaudois","article_publisher":"https:\/\/www.facebook.com\/verts.yverdon","article_modified_time":"2026-02-02T15:44:25+00:00","og_image":[{"width":1200,"height":630,"url":"https:\/\/vert-e-s-vd.ch\/jura-nordvaudois\/wp-content\/uploads\/sites\/11\/2026\/01\/Carmen-et-Benoist-DUO_MG_5032-1200x630.jpg","type":"image\/jpeg"}],"twitter_card":"summary_large_image","twitter_site":"@vertsyverdon","twitter_misc":{"Dur\u00e9e de lecture estim\u00e9e":"8 minutes"},"schema":{"@context":"https:\/\/schema.org","@graph":[{"@type":"WebPage","@id":"https:\/\/vert-e-s-vd.ch\/jura-nordvaudois\/bilan-de-nos-municipaux","url":"https:\/\/vert-e-s-vd.ch\/jura-nordvaudois\/bilan-de-nos-municipaux","name":"Bilan de nos municipaux - Les Vert.e.s, section Jura et Nord-Vaudois","isPartOf":{"@id":"https:\/\/vert-e-s-vd.ch\/jura-nordvaudois\/#website"},"primaryImageOfPage":{"@id":"https:\/\/vert-e-s-vd.ch\/jura-nordvaudois\/bilan-de-nos-municipaux#primaryimage"},"image":{"@id":"https:\/\/vert-e-s-vd.ch\/jura-nordvaudois\/bilan-de-nos-municipaux#primaryimage"},"thumbnailUrl":"https:\/\/vert-e-s-vd.ch\/jura-nordvaudois\/wp-content\/uploads\/sites\/11\/2026\/01\/Carmen-et-Benoist-DUO_MG_5032-scaled.jpg","datePublished":"2026-01-29T14:25:59+00:00","dateModified":"2026-02-02T15:44:25+00:00","description":"Carmen Tanner et Benoist Guillard ont men\u00e9 de nombreux projets durant cette l\u00e9gislature, incarnant une \u00e9cologie sociale et concr\u00e8te, en phase avec son temps et \u00e0 l\u2019\u00e9coute des besoins de la population.","breadcrumb":{"@id":"https:\/\/vert-e-s-vd.ch\/jura-nordvaudois\/bilan-de-nos-municipaux#breadcrumb"},"inLanguage":"fr-FR","potentialAction":[{"@type":"ReadAction","target":["https:\/\/vert-e-s-vd.ch\/jura-nordvaudois\/bilan-de-nos-municipaux"]}]},{"@type":"ImageObject","inLanguage":"fr-FR","@id":"https:\/\/vert-e-s-vd.ch\/jura-nordvaudois\/bilan-de-nos-municipaux#primaryimage","url":"https:\/\/vert-e-s-vd.ch\/jura-nordvaudois\/wp-content\/uploads\/sites\/11\/2026\/01\/Carmen-et-Benoist-DUO_MG_5032-scaled.jpg","contentUrl":"https:\/\/vert-e-s-vd.ch\/jura-nordvaudois\/wp-content\/uploads\/sites\/11\/2026\/01\/Carmen-et-Benoist-DUO_MG_5032-scaled.jpg","width":2560,"height":1707},{"@type":"BreadcrumbList","@id":"https:\/\/vert-e-s-vd.ch\/jura-nordvaudois\/bilan-de-nos-municipaux#breadcrumb","itemListElement":[{"@type":"ListItem","position":1,"name":"Accueil","item":"https:\/\/vert-e-s-vd.ch\/jura-nordvaudois\/"},{"@type":"ListItem","position":2,"name":"Bilan de nos municipaux"}]},{"@type":"WebSite","@id":"https:\/\/vert-e-s-vd.ch\/jura-nordvaudois\/#website","url":"https:\/\/vert-e-s-vd.ch\/jura-nordvaudois\/","name":"Les Vert.e.s, section Jura et Nord-Vaudois","description":"Une longueur d\u2019avance","potentialAction":[{"@type":"SearchAction","target":{"@type":"EntryPoint","urlTemplate":"https:\/\/vert-e-s-vd.ch\/jura-nordvaudois\/?s={search_term_string}"},"query-input":{"@type":"PropertyValueSpecification","valueRequired":true,"valueName":"search_term_string"}}],"inLanguage":"fr-FR"}]}},"_links":{"self":[{"href":"https:\/\/vert-e-s-vd.ch\/jura-nordvaudois\/wp-json\/wp\/v2\/pages\/73135","targetHints":{"allow":["GET"]}}],"collection":[{"href":"https:\/\/vert-e-s-vd.ch\/jura-nordvaudois\/wp-json\/wp\/v2\/pages"}],"about":[{"href":"https:\/\/vert-e-s-vd.ch\/jura-nordvaudois\/wp-json\/wp\/v2\/types\/page"}],"author":[{"embeddable":true,"href":"https:\/\/vert-e-s-vd.ch\/jura-nordvaudois\/wp-json\/wp\/v2\/users\/86"}],"replies":[{"embeddable":true,"href":"https:\/\/vert-e-s-vd.ch\/jura-nordvaudois\/wp-json\/wp\/v2\/comments?post=73135"}],"version-history":[{"count":12,"href":"https:\/\/vert-e-s-vd.ch\/jura-nordvaudois\/wp-json\/wp\/v2\/pages\/73135\/revisions"}],"predecessor-version":[{"id":73187,"href":"https:\/\/vert-e-s-vd.ch\/jura-nordvaudois\/wp-json\/wp\/v2\/pages\/73135\/revisions\/73187"}],"wp:featuredmedia":[{"embeddable":true,"href":"https:\/\/vert-e-s-vd.ch\/jura-nordvaudois\/wp-json\/wp\/v2\/media\/73136"}],"wp:attachment":[{"href":"https:\/\/vert-e-s-vd.ch\/jura-nordvaudois\/wp-json\/wp\/v2\/media?parent=73135"}],"curies":[{"name":"wp","href":"https:\/\/api.w.org\/{rel}","templated":true}]}}

<!-- This site is optimized with the Yoast SEO plugin v26.9 - https://yoast.com/product/yoast-seo-wordpress/ -->
<title>Bilan de nos municipaux - Les Vert.e.s, section Jura et Nord-Vaudois</title>
<meta name="description" content="Carmen Tanner et Benoist Guillard ont mené de nombreux projets durant cette législature, incarnant une écologie sociale et concrète, en phase avec son temps et à l’écoute des besoins de la population." />
<meta name="robots" content="index, follow, max-snippet:-1, max-image-preview:large, max-video-preview:-1" />
<link rel="canonical" href="https://vert-e-s-vd.ch/jura-nordvaudois/bilan-de-nos-municipaux" />
<meta property="og:locale" content="fr_FR" />
<meta property="og:type" content="article" />
<meta property="og:title" content="Bilan de nos municipaux - Les Vert.e.s, section Jura et Nord-Vaudois" />
<meta property="og:description" content="Carmen Tanner et Benoist Guillard ont mené de nombreux projets durant cette législature, incarnant une écologie sociale et concrète, en …" />
<meta property="og:url" content="https://vert-e-s-vd.ch/jura-nordvaudois/bilan-de-nos-municipaux" />
<meta property="og:site_name" content="Les Vert.e.s, section Jura et Nord-Vaudois" />
<meta property="article:publisher" content="https://www.facebook.com/verts.yverdon" />
<meta property="article:modified_time" content="2026-02-02T15:44:25+00:00" />
<meta property="og:image" content="https://vert-e-s-vd.ch/jura-nordvaudois/wp-content/uploads/sites/11/2026/01/Carmen-et-Benoist-DUO_MG_5032-1200x630.jpg" />
	<meta property="og:image:width" content="1200" />
	<meta property="og:image:height" content="630" />
	<meta property="og:image:type" content="image/jpeg" />
<meta name="twitter:card" content="summary_large_image" />
<meta name="twitter:site" content="@vertsyverdon" />
<meta name="twitter:label1" content="Durée de lecture estimée" />
	<meta name="twitter:data1" content="8 minutes" />
<script type="application/ld+json" class="yoast-schema-graph">{"@context":"https://schema.org","@graph":[{"@type":"WebPage","@id":"https://vert-e-s-vd.ch/jura-nordvaudois/bilan-de-nos-municipaux","url":"https://vert-e-s-vd.ch/jura-nordvaudois/bilan-de-nos-municipaux","name":"Bilan de nos municipaux - Les Vert.e.s, section Jura et Nord-Vaudois","isPartOf":{"@id":"https://vert-e-s-vd.ch/jura-nordvaudois/#website"},"primaryImageOfPage":{"@id":"https://vert-e-s-vd.ch/jura-nordvaudois/bilan-de-nos-municipaux#primaryimage"},"image":{"@id":"https://vert-e-s-vd.ch/jura-nordvaudois/bilan-de-nos-municipaux#primaryimage"},"thumbnailUrl":"https://vert-e-s-vd.ch/jura-nordvaudois/wp-content/uploads/sites/11/2026/01/Carmen-et-Benoist-DUO_MG_5032-scaled.jpg","datePublished":"2026-01-29T14:25:59+00:00","dateModified":"2026-02-02T15:44:25+00:00","description":"Carmen Tanner et Benoist Guillard ont mené de nombreux projets durant cette législature, incarnant une écologie sociale et concrète, en phase avec son temps et à l’écoute des besoins de la population.","breadcrumb":{"@id":"https://vert-e-s-vd.ch/jura-nordvaudois/bilan-de-nos-municipaux#breadcrumb"},"inLanguage":"fr-FR","potentialAction":[{"@type":"ReadAction","target":["https://vert-e-s-vd.ch/jura-nordvaudois/bilan-de-nos-municipaux"]}]},{"@type":"ImageObject","inLanguage":"fr-FR","@id":"https://vert-e-s-vd.ch/jura-nordvaudois/bilan-de-nos-municipaux#primaryimage","url":"https://vert-e-s-vd.ch/jura-nordvaudois/wp-content/uploads/sites/11/2026/01/Carmen-et-Benoist-DUO_MG_5032-scaled.jpg","contentUrl":"https://vert-e-s-vd.ch/jura-nordvaudois/wp-content/uploads/sites/11/2026/01/Carmen-et-Benoist-DUO_MG_5032-scaled.jpg","width":2560,"height":1707},{"@type":"BreadcrumbList","@id":"https://vert-e-s-vd.ch/jura-nordvaudois/bilan-de-nos-municipaux#breadcrumb","itemListElement":[{"@type":"ListItem","position":1,"name":"Accueil","item":"https://vert-e-s-vd.ch/jura-nordvaudois/"},{"@type":"ListItem","position":2,"name":"Bilan de nos municipaux"}]},{"@type":"WebSite","@id":"https://vert-e-s-vd.ch/jura-nordvaudois/#website","url":"https://vert-e-s-vd.ch/jura-nordvaudois/","name":"Les Vert.e.s, section Jura et Nord-Vaudois","description":"Une longueur d’avance","potentialAction":[{"@type":"SearchAction","target":{"@type":"EntryPoint","urlTemplate":"https://vert-e-s-vd.ch/jura-nordvaudois/?s={search_term_string}"},"query-input":{"@type":"PropertyValueSpecification","valueRequired":true,"valueName":"search_term_string"}}],"inLanguage":"fr-FR"}]}</script>
<!-- / Yoast SEO plugin. -->

Carmen Tanner et Benoist Guillard ont mené de nombreux projets durant cette législature, incarnant une écologie sociale et concrète, en phase avec son temps et à l’écoute des besoins de la population.

Carmen Tanner et Benoist Guillard ont mené de nombreux projets durant cette législature, incarnant une écologie sociale et concrète, en …
