{"id":71711,"date":"2021-01-15T21:46:53","date_gmt":"2021-01-15T20:46:53","guid":{"rendered":"https:\/\/vert-e-s-vd.ch\/chablais-vaudois\/?post_type=tribe_events&#038;p=71711"},"modified":"2021-01-15T21:46:53","modified_gmt":"2021-01-15T20:46:53","slug":"rencontrez-les-vert-e-s-de-bex","status":"publish","type":"tribe_events","link":"https:\/\/vert-e-s-vd.ch\/chablais-vaudois\/event\/rencontrez-les-vert-e-s-de-bex","title":{"rendered":"Rencontrez les Vert.e.s de Bex !"},"content":{"rendered":"","protected":false},"excerpt":{"rendered":"<h2>Vous souhaitez vous investir pour la commune de Bex&nbsp;?<\/h2>\n<ul>\n<li>\u00c9changeons en vue des \u00e9lections communales de 2021<\/li>\n<li>Discutons de nos projets de campagne et de nos engagements \u00e9cologiques et sociaux<\/li>\n<li>Et si affinit\u00e9s, inscrivez-vous sur la liste de l\u2019\u00e9lection au Conseil communal<\/li>\n<\/ul>\n<p><strong>-&gt; le 30 septembre 2020<\/strong>,&nbsp;<strong>19h30,&nbsp;<\/strong><strong>A l\u2019H\u00f4tel de ville de Bex<\/strong><\/p>\n<p>Pour contacter le groupe de Bex&nbsp;:&nbsp;<a href=\"mailto:Bex@verts-vd.ch\">bex@verts-vd.ch<\/a><br \/>\nou Martine Gerber 079 262 85 45<\/p>\n<figure class=\"wp-block-gallery columns-2 is-cropped\">\n<figure><img decoding=\"async\" class=\"wp-image-727\" src=\"https:\/\/vert-e-s-vd.ch\/chablais-vaudois\/files\/2020\/09\/20200905_130322-1-1024x1024.jpg\" alt=\"\" data-id=\"727\" data-full-url=\"https:\/\/vert-e-s-vd.ch\/chablais-vaudois\/files\/2020\/09\/20200905_130322-1-scaled.jpg\" data-link=\"https:\/\/vert-e-s-vd.ch\/chablais-vaudois\/?attachment_id=727#main\" \/><\/figure>\n<\/figure>\n","protected":false},"author":15,"featured_media":0,"template":"","meta":{"_acf_changed":false,"inline_featured_image":false,"_tribe_events_status":"","_tribe_events_status_reason":"","footnotes":""},"tags":[],"tribe_events_cat":[409],"class_list":["post-71711","tribe_events","type-tribe_events","status-publish","hentry","tribe_events_cat-evenements-locaux","cat_evenements-locaux"],"acf":[],"yoast_head":"<!-- This site is optimized with the Yoast SEO plugin v26.9 - https:\/\/yoast.com\/product\/yoast-seo-wordpress\/ -->\n<title>Les VERT.E.S, section du Chablais vaudois et des Alpes Vaudoises<\/title>\n<meta name=\"description\" content=\"Vous souhaitez vous investir pour la commune de Bex&nbsp;?  \u00c9changeons en vue des \u00e9lections communales de 2021 Discutons de nos projets de campagne et de nos engagements \u00e9cologiques et sociaux Et si affinit\u00e9s, inscrivez-vous sur la liste de l\u2019\u00e9lection au Conseil communal  -&gt; le 30 septembre 2020,&nbsp;19h30,&nbsp;A l\u2019H\u00f4tel de ville de Bex Pour contacter le groupe de Bex&nbsp;:&nbsp;bex@verts-vd.ch ou Martine Gerber 079 262 85 45\" \/>\n<meta name=\"robots\" content=\"index, follow, max-snippet:-1, max-image-preview:large, max-video-preview:-1\" \/>\n<link rel=\"canonical\" href=\"https:\/\/vert-e-s-vd.ch\/chablais-vaudois\/event\/rencontrez-les-vert-e-s-de-bex\" \/>\n<meta property=\"og:locale\" content=\"fr_FR\" \/>\n<meta property=\"og:type\" content=\"article\" \/>\n<meta property=\"og:description\" content=\"Vous souhaitez vous investir pour la commune de Bex&nbsp;? \u00c9changeons en vue des \u00e9lections communales de 2021 Discutons de nos projets de \u2026\" \/>\n<meta property=\"og:url\" content=\"https:\/\/vert-e-s-vd.ch\/chablais-vaudois\/event\/rencontrez-les-vert-e-s-de-bex\" \/>\n<meta property=\"og:site_name\" content=\"Les VERT.E.S, section du Chablais vaudois et des Alpes Vaudoises\" \/>\n<meta name=\"twitter:card\" content=\"summary_large_image\" \/>\n<script type=\"application\/ld+json\" class=\"yoast-schema-graph\">{\"@context\":\"https:\/\/schema.org\",\"@graph\":[{\"@type\":\"WebPage\",\"@id\":\"https:\/\/vert-e-s-vd.ch\/chablais-vaudois\/event\/rencontrez-les-vert-e-s-de-bex\",\"url\":\"https:\/\/vert-e-s-vd.ch\/chablais-vaudois\/event\/rencontrez-les-vert-e-s-de-bex\",\"name\":\"\",\"isPartOf\":{\"@id\":\"https:\/\/vert-e-s-vd.ch\/chablais-vaudois\/#website\"},\"datePublished\":\"2021-01-15T20:46:53+00:00\",\"description\":\"Vous souhaitez vous investir pour la commune de Bex&nbsp;? \u2022 \u00c9changeons en vue des \u00e9lections communales de 2021 \u2022 Discutons de nos projets de campagne et de nos engagements \u00e9cologiques et sociaux \u2022 Et si affinit\u00e9s, inscrivez-vous sur la liste de l\u2019\u00e9lection au Conseil communal -&gt; le 30 septembre 2020,&nbsp;19h30,&nbsp;A l\u2019H\u00f4tel de ville de Bex Pour contacter le groupe de Bex&nbsp;:&nbsp;bex@verts-vd.ch ou Martine Gerber 079 262 85 45\",\"breadcrumb\":{\"@id\":\"https:\/\/vert-e-s-vd.ch\/chablais-vaudois\/event\/rencontrez-les-vert-e-s-de-bex#breadcrumb\"},\"inLanguage\":\"fr-FR\",\"potentialAction\":[{\"@type\":\"ReadAction\",\"target\":[\"https:\/\/vert-e-s-vd.ch\/chablais-vaudois\/event\/rencontrez-les-vert-e-s-de-bex\"]}]},{\"@type\":\"BreadcrumbList\",\"@id\":\"https:\/\/vert-e-s-vd.ch\/chablais-vaudois\/event\/rencontrez-les-vert-e-s-de-bex#breadcrumb\",\"itemListElement\":[{\"@type\":\"ListItem\",\"position\":1,\"name\":\"Accueil\",\"item\":\"https:\/\/vert-e-s-vd.ch\/chablais-vaudois\/\"},{\"@type\":\"ListItem\",\"position\":2,\"name\":\"Agenda\"}]},{\"@type\":\"WebSite\",\"@id\":\"https:\/\/vert-e-s-vd.ch\/chablais-vaudois\/#website\",\"url\":\"https:\/\/vert-e-s-vd.ch\/chablais-vaudois\/\",\"name\":\"Les VERT.E.S, section du Chablais vaudois et des Alpes Vaudoises\",\"description\":\"Une longueur d\u2019avance\",\"potentialAction\":[{\"@type\":\"SearchAction\",\"target\":{\"@type\":\"EntryPoint\",\"urlTemplate\":\"https:\/\/vert-e-s-vd.ch\/chablais-vaudois\/?s={search_term_string}\"},\"query-input\":{\"@type\":\"PropertyValueSpecification\",\"valueRequired\":true,\"valueName\":\"search_term_string\"}}],\"inLanguage\":\"fr-FR\"}]}<\/script>\n<!-- \/ Yoast SEO plugin. -->","yoast_head_json":{"title":"Les VERT.E.S, section du Chablais vaudois et des Alpes Vaudoises","description":"Vous souhaitez vous investir pour la commune de Bex&nbsp;?  \u00c9changeons en vue des \u00e9lections communales de 2021 Discutons de nos projets de campagne et de nos engagements \u00e9cologiques et sociaux Et si affinit\u00e9s, inscrivez-vous sur la liste de l\u2019\u00e9lection au Conseil communal  -&gt; le 30 septembre 2020,&nbsp;19h30,&nbsp;A l\u2019H\u00f4tel de ville de Bex Pour contacter le groupe de Bex&nbsp;:&nbsp;bex@verts-vd.ch ou Martine Gerber 079 262 85 45","robots":{"index":"index","follow":"follow","max-snippet":"max-snippet:-1","max-image-preview":"max-image-preview:large","max-video-preview":"max-video-preview:-1"},"canonical":"https:\/\/vert-e-s-vd.ch\/chablais-vaudois\/event\/rencontrez-les-vert-e-s-de-bex","og_locale":"fr_FR","og_type":"article","og_description":"Vous souhaitez vous investir pour la commune de Bex&nbsp;? \u00c9changeons en vue des \u00e9lections communales de 2021 Discutons de nos projets de \u2026","og_url":"https:\/\/vert-e-s-vd.ch\/chablais-vaudois\/event\/rencontrez-les-vert-e-s-de-bex","og_site_name":"Les VERT.E.S, section du Chablais vaudois et des Alpes Vaudoises","twitter_card":"summary_large_image","schema":{"@context":"https:\/\/schema.org","@graph":[{"@type":"WebPage","@id":"https:\/\/vert-e-s-vd.ch\/chablais-vaudois\/event\/rencontrez-les-vert-e-s-de-bex","url":"https:\/\/vert-e-s-vd.ch\/chablais-vaudois\/event\/rencontrez-les-vert-e-s-de-bex","name":"","isPartOf":{"@id":"https:\/\/vert-e-s-vd.ch\/chablais-vaudois\/#website"},"datePublished":"2021-01-15T20:46:53+00:00","description":"Vous souhaitez vous investir pour la commune de Bex&nbsp;? \u2022 \u00c9changeons en vue des \u00e9lections communales de 2021 \u2022 Discutons de nos projets de campagne et de nos engagements \u00e9cologiques et sociaux \u2022 Et si affinit\u00e9s, inscrivez-vous sur la liste de l\u2019\u00e9lection au Conseil communal -&gt; le 30 septembre 2020,&nbsp;19h30,&nbsp;A l\u2019H\u00f4tel de ville de Bex Pour contacter le groupe de Bex&nbsp;:&nbsp;bex@verts-vd.ch ou Martine Gerber 079 262 85 45","breadcrumb":{"@id":"https:\/\/vert-e-s-vd.ch\/chablais-vaudois\/event\/rencontrez-les-vert-e-s-de-bex#breadcrumb"},"inLanguage":"fr-FR","potentialAction":[{"@type":"ReadAction","target":["https:\/\/vert-e-s-vd.ch\/chablais-vaudois\/event\/rencontrez-les-vert-e-s-de-bex"]}]},{"@type":"BreadcrumbList","@id":"https:\/\/vert-e-s-vd.ch\/chablais-vaudois\/event\/rencontrez-les-vert-e-s-de-bex#breadcrumb","itemListElement":[{"@type":"ListItem","position":1,"name":"Accueil","item":"https:\/\/vert-e-s-vd.ch\/chablais-vaudois\/"},{"@type":"ListItem","position":2,"name":"Agenda"}]},{"@type":"WebSite","@id":"https:\/\/vert-e-s-vd.ch\/chablais-vaudois\/#website","url":"https:\/\/vert-e-s-vd.ch\/chablais-vaudois\/","name":"Les VERT.E.S, section du Chablais vaudois et des Alpes Vaudoises","description":"Une longueur d\u2019avance","potentialAction":[{"@type":"SearchAction","target":{"@type":"EntryPoint","urlTemplate":"https:\/\/vert-e-s-vd.ch\/chablais-vaudois\/?s={search_term_string}"},"query-input":{"@type":"PropertyValueSpecification","valueRequired":true,"valueName":"search_term_string"}}],"inLanguage":"fr-FR"}]}},"_links":{"self":[{"href":"https:\/\/vert-e-s-vd.ch\/chablais-vaudois\/wp-json\/wp\/v2\/tribe_events\/71711","targetHints":{"allow":["GET"]}}],"collection":[{"href":"https:\/\/vert-e-s-vd.ch\/chablais-vaudois\/wp-json\/wp\/v2\/tribe_events"}],"about":[{"href":"https:\/\/vert-e-s-vd.ch\/chablais-vaudois\/wp-json\/wp\/v2\/types\/tribe_events"}],"author":[{"embeddable":true,"href":"https:\/\/vert-e-s-vd.ch\/chablais-vaudois\/wp-json\/wp\/v2\/users\/15"}],"version-history":[{"count":1,"href":"https:\/\/vert-e-s-vd.ch\/chablais-vaudois\/wp-json\/wp\/v2\/tribe_events\/71711\/revisions"}],"predecessor-version":[{"id":71712,"href":"https:\/\/vert-e-s-vd.ch\/chablais-vaudois\/wp-json\/wp\/v2\/tribe_events\/71711\/revisions\/71712"}],"wp:attachment":[{"href":"https:\/\/vert-e-s-vd.ch\/chablais-vaudois\/wp-json\/wp\/v2\/media?parent=71711"}],"wp:term":[{"taxonomy":"post_tag","embeddable":true,"href":"https:\/\/vert-e-s-vd.ch\/chablais-vaudois\/wp-json\/wp\/v2\/tags?post=71711"},{"taxonomy":"tribe_events_cat","embeddable":true,"href":"https:\/\/vert-e-s-vd.ch\/chablais-vaudois\/wp-json\/wp\/v2\/tribe_events_cat?post=71711"}],"curies":[{"name":"wp","href":"https:\/\/api.w.org\/{rel}","templated":true}]}}

<h2>Vous souhaitez vous investir pour la commune de Bex&nbsp;?</h2>
<ul>
<li>Échangeons en vue des élections communales de 2021</li>
<li>Discutons de nos projets de campagne et de nos engagements écologiques et sociaux</li>
<li>Et si affinités, inscrivez-vous sur la liste de l’élection au Conseil communal</li>
</ul>
<p><strong>-&gt; le 30 septembre 2020</strong>,&nbsp;<strong>19h30,&nbsp;</strong><strong>A l’Hôtel de ville de Bex</strong></p>
<p>Pour contacter le groupe de Bex&nbsp;:&nbsp;<a href="mailto:Bex@verts-vd.ch">bex@verts-vd.ch</a><br />
ou Martine Gerber 079 262 85 45</p>
<figure class="wp-block-gallery columns-2 is-cropped">
<figure><img decoding="async" class="wp-image-727" src="https://vert-e-s-vd.ch/chablais-vaudois/files/2020/09/20200905_130322-1-1024x1024.jpg" alt="" data-id="727" data-full-url="https://vert-e-s-vd.ch/chablais-vaudois/files/2020/09/20200905_130322-1-scaled.jpg" data-link="https://vert-e-s-vd.ch/chablais-vaudois/?attachment_id=727#main" /></figure>
</figure>

<!-- This site is optimized with the Yoast SEO plugin v26.9 - https://yoast.com/product/yoast-seo-wordpress/ -->
<title>Les VERT.E.S, section du Chablais vaudois et des Alpes Vaudoises</title>
<meta name="description" content="Vous souhaitez vous investir pour la commune de Bex&nbsp;?  Échangeons en vue des élections communales de 2021 Discutons de nos projets de campagne et de nos engagements écologiques et sociaux Et si affinités, inscrivez-vous sur la liste de l’élection au Conseil communal  -&gt; le 30 septembre 2020,&nbsp;19h30,&nbsp;A l’Hôtel de ville de Bex Pour contacter le groupe de Bex&nbsp;:&nbsp;bex@verts-vd.ch ou Martine Gerber 079 262 85 45" />
<meta name="robots" content="index, follow, max-snippet:-1, max-image-preview:large, max-video-preview:-1" />
<link rel="canonical" href="https://vert-e-s-vd.ch/chablais-vaudois/event/rencontrez-les-vert-e-s-de-bex" />
<meta property="og:locale" content="fr_FR" />
<meta property="og:type" content="article" />
<meta property="og:description" content="Vous souhaitez vous investir pour la commune de Bex&nbsp;? Échangeons en vue des élections communales de 2021 Discutons de nos projets de …" />
<meta property="og:url" content="https://vert-e-s-vd.ch/chablais-vaudois/event/rencontrez-les-vert-e-s-de-bex" />
<meta property="og:site_name" content="Les VERT.E.S, section du Chablais vaudois et des Alpes Vaudoises" />
<meta name="twitter:card" content="summary_large_image" />
<script type="application/ld+json" class="yoast-schema-graph">{"@context":"https://schema.org","@graph":[{"@type":"WebPage","@id":"https://vert-e-s-vd.ch/chablais-vaudois/event/rencontrez-les-vert-e-s-de-bex","url":"https://vert-e-s-vd.ch/chablais-vaudois/event/rencontrez-les-vert-e-s-de-bex","name":"","isPartOf":{"@id":"https://vert-e-s-vd.ch/chablais-vaudois/#website"},"datePublished":"2021-01-15T20:46:53+00:00","description":"Vous souhaitez vous investir pour la commune de Bex&nbsp;? • Échangeons en vue des élections communales de 2021 • Discutons de nos projets de campagne et de nos engagements écologiques et sociaux • Et si affinités, inscrivez-vous sur la liste de l’élection au Conseil communal -&gt; le 30 septembre 2020,&nbsp;19h30,&nbsp;A l’Hôtel de ville de Bex Pour contacter le groupe de Bex&nbsp;:&nbsp;bex@verts-vd.ch ou Martine Gerber 079 262 85 45","breadcrumb":{"@id":"https://vert-e-s-vd.ch/chablais-vaudois/event/rencontrez-les-vert-e-s-de-bex#breadcrumb"},"inLanguage":"fr-FR","potentialAction":[{"@type":"ReadAction","target":["https://vert-e-s-vd.ch/chablais-vaudois/event/rencontrez-les-vert-e-s-de-bex"]}]},{"@type":"BreadcrumbList","@id":"https://vert-e-s-vd.ch/chablais-vaudois/event/rencontrez-les-vert-e-s-de-bex#breadcrumb","itemListElement":[{"@type":"ListItem","position":1,"name":"Accueil","item":"https://vert-e-s-vd.ch/chablais-vaudois/"},{"@type":"ListItem","position":2,"name":"Agenda"}]},{"@type":"WebSite","@id":"https://vert-e-s-vd.ch/chablais-vaudois/#website","url":"https://vert-e-s-vd.ch/chablais-vaudois/","name":"Les VERT.E.S, section du Chablais vaudois et des Alpes Vaudoises","description":"Une longueur d’avance","potentialAction":[{"@type":"SearchAction","target":{"@type":"EntryPoint","urlTemplate":"https://vert-e-s-vd.ch/chablais-vaudois/?s={search_term_string}"},"query-input":{"@type":"PropertyValueSpecification","valueRequired":true,"valueName":"search_term_string"}}],"inLanguage":"fr-FR"}]}</script>
<!-- / Yoast SEO plugin. -->

Vous souhaitez vous investir pour la commune de Bex&nbsp;?  Échangeons en vue des élections communales de 2021 Discutons de nos projets de campagne et de nos engagements écologiques et sociaux Et si affinités, inscrivez-vous sur la liste de l’élection au Conseil communal  -&gt; le 30 septembre 2020,&nbsp;19h30,&nbsp;A l’Hôtel de ville de Bex Pour contacter le groupe de Bex&nbsp;:&nbsp;bex@verts-vd.ch ou Martine Gerber 079 262 85 45

Vous souhaitez vous investir pour la commune de Bex&nbsp;? Échangeons en vue des élections communales de 2021 Discutons de nos projets de …

Vous souhaitez vous investir pour la commune de Bex&nbsp;? • Échangeons en vue des élections communales de 2021 • Discutons de nos projets de campagne et de nos engagements écologiques et sociaux • Et si affinités, inscrivez-vous sur la liste de l’élection au Conseil communal -&gt; le 30 septembre 2020,&nbsp;19h30,&nbsp;A l’Hôtel de ville de Bex Pour contacter le groupe de Bex&nbsp;:&nbsp;bex@verts-vd.ch ou Martine Gerber 079 262 85 45
