{"id":71430,"date":"2021-01-04T20:42:24","date_gmt":"2021-01-04T19:42:24","guid":{"rendered":"https:\/\/vert-e-s-vd.ch\/chablais-vaudois\/?page_id=71430"},"modified":"2026-01-24T10:16:59","modified_gmt":"2026-01-24T09:16:59","slug":"les-candidats-aux-municipalites","status":"publish","type":"page","link":"https:\/\/vert-e-s-vd.ch\/chablais-vaudois\/les-candidats-aux-municipalites","title":{"rendered":"Les Candidat.e.s aux Municipalit\u00e9s 2026"},"content":{"rendered":"","protected":false},"excerpt":{"rendered":"","protected":false},"author":15,"featured_media":0,"parent":0,"menu_order":0,"comment_status":"closed","ping_status":"closed","template":"","meta":{"_acf_changed":false,"inline_featured_image":false,"footnotes":""},"class_list":["post-71430","page","type-page","status-publish","hentry"],"acf":[],"yoast_head":"<!-- This site is optimized with the Yoast SEO plugin v26.9 - https:\/\/yoast.com\/product\/yoast-seo-wordpress\/ -->\n<title>Les Candidat.e.s aux Municipalit\u00e9s 2026 - Les VERT.E.S, section du Chablais vaudois et des Alpes Vaudoises<\/title>\n<meta name=\"description\" content=\"Nos candidat.e.s aux Municipales de 2026 s&#039;engagent pour un d\u00e9veloppement et une \u00e9conomie durable, une politique sociale solidaire et la protection de l&#039;environnement. D\u00e9couvrez leurs portraits, actions et programmes et soutenez-les lors des votations !\" \/>\n<meta name=\"robots\" content=\"index, follow, max-snippet:-1, max-image-preview:large, max-video-preview:-1\" \/>\n<link rel=\"canonical\" href=\"https:\/\/vert-e-s-vd.ch\/chablais-vaudois\/les-candidats-aux-municipalites\" \/>\n<meta property=\"og:locale\" content=\"fr_FR\" \/>\n<meta property=\"og:type\" content=\"article\" \/>\n<meta property=\"og:title\" content=\"Les Candidat.e.s aux Municipalit\u00e9s 2026 - Les VERT.E.S, section du Chablais vaudois et des Alpes Vaudoises\" \/>\n<meta property=\"og:description\" content=\"Nos candidat.e.s aux Municipales de 2026 s&#039;engagent pour un d\u00e9veloppement et une \u00e9conomie durable, une politique sociale solidaire et la \u2026\" \/>\n<meta property=\"og:url\" content=\"https:\/\/vert-e-s-vd.ch\/chablais-vaudois\/les-candidats-aux-municipalites\" \/>\n<meta property=\"og:site_name\" content=\"Les VERT.E.S, section du Chablais vaudois et des Alpes Vaudoises\" \/>\n<meta property=\"article:modified_time\" content=\"2026-01-24T09:16:59+00:00\" \/>\n<meta name=\"twitter:card\" content=\"summary_large_image\" \/>\n<meta name=\"twitter:label1\" content=\"Dur\u00e9e de lecture estim\u00e9e\" \/>\n\t<meta name=\"twitter:data1\" content=\"6 minutes\" \/>\n<script type=\"application\/ld+json\" class=\"yoast-schema-graph\">{\"@context\":\"https:\/\/schema.org\",\"@graph\":[{\"@type\":\"WebPage\",\"@id\":\"https:\/\/vert-e-s-vd.ch\/chablais-vaudois\/les-candidats-aux-municipalites\",\"url\":\"https:\/\/vert-e-s-vd.ch\/chablais-vaudois\/les-candidats-aux-municipalites\",\"name\":\"Les Candidat.e.s aux Municipalit\u00e9s 2026 - Les VERT.E.S, section du Chablais vaudois et des Alpes Vaudoises\",\"isPartOf\":{\"@id\":\"https:\/\/vert-e-s-vd.ch\/chablais-vaudois\/#website\"},\"datePublished\":\"2021-01-04T19:42:24+00:00\",\"dateModified\":\"2026-01-24T09:16:59+00:00\",\"description\":\"Nos candidat.e.s aux Municipales de 2026 s'engagent pour un d\u00e9veloppement et une \u00e9conomie durable, une politique sociale solidaire et la protection de l'environnement. D\u00e9couvrez leurs portraits, actions et programmes et soutenez-les lors des votations !\",\"breadcrumb\":{\"@id\":\"https:\/\/vert-e-s-vd.ch\/chablais-vaudois\/les-candidats-aux-municipalites#breadcrumb\"},\"inLanguage\":\"fr-FR\",\"potentialAction\":[{\"@type\":\"ReadAction\",\"target\":[\"https:\/\/vert-e-s-vd.ch\/chablais-vaudois\/les-candidats-aux-municipalites\"]}]},{\"@type\":\"BreadcrumbList\",\"@id\":\"https:\/\/vert-e-s-vd.ch\/chablais-vaudois\/les-candidats-aux-municipalites#breadcrumb\",\"itemListElement\":[{\"@type\":\"ListItem\",\"position\":1,\"name\":\"Accueil\",\"item\":\"https:\/\/vert-e-s-vd.ch\/chablais-vaudois\/\"},{\"@type\":\"ListItem\",\"position\":2,\"name\":\"Agenda\"}]},{\"@type\":\"WebSite\",\"@id\":\"https:\/\/vert-e-s-vd.ch\/chablais-vaudois\/#website\",\"url\":\"https:\/\/vert-e-s-vd.ch\/chablais-vaudois\/\",\"name\":\"Les VERT.E.S, section du Chablais vaudois et des Alpes Vaudoises\",\"description\":\"Une longueur d\u2019avance\",\"potentialAction\":[{\"@type\":\"SearchAction\",\"target\":{\"@type\":\"EntryPoint\",\"urlTemplate\":\"https:\/\/vert-e-s-vd.ch\/chablais-vaudois\/?s={search_term_string}\"},\"query-input\":{\"@type\":\"PropertyValueSpecification\",\"valueRequired\":true,\"valueName\":\"search_term_string\"}}],\"inLanguage\":\"fr-FR\"}]}<\/script>\n<!-- \/ Yoast SEO plugin. -->","yoast_head_json":{"title":"Les Candidat.e.s aux Municipalit\u00e9s 2026 - Les VERT.E.S, section du Chablais vaudois et des Alpes Vaudoises","description":"Nos candidat.e.s aux Municipales de 2026 s'engagent pour un d\u00e9veloppement et une \u00e9conomie durable, une politique sociale solidaire et la protection de l'environnement. D\u00e9couvrez leurs portraits, actions et programmes et soutenez-les lors des votations !","robots":{"index":"index","follow":"follow","max-snippet":"max-snippet:-1","max-image-preview":"max-image-preview:large","max-video-preview":"max-video-preview:-1"},"canonical":"https:\/\/vert-e-s-vd.ch\/chablais-vaudois\/les-candidats-aux-municipalites","og_locale":"fr_FR","og_type":"article","og_title":"Les Candidat.e.s aux Municipalit\u00e9s 2026 - Les VERT.E.S, section du Chablais vaudois et des Alpes Vaudoises","og_description":"Nos candidat.e.s aux Municipales de 2026 s'engagent pour un d\u00e9veloppement et une \u00e9conomie durable, une politique sociale solidaire et la \u2026","og_url":"https:\/\/vert-e-s-vd.ch\/chablais-vaudois\/les-candidats-aux-municipalites","og_site_name":"Les VERT.E.S, section du Chablais vaudois et des Alpes Vaudoises","article_modified_time":"2026-01-24T09:16:59+00:00","twitter_card":"summary_large_image","twitter_misc":{"Dur\u00e9e de lecture estim\u00e9e":"6 minutes"},"schema":{"@context":"https:\/\/schema.org","@graph":[{"@type":"WebPage","@id":"https:\/\/vert-e-s-vd.ch\/chablais-vaudois\/les-candidats-aux-municipalites","url":"https:\/\/vert-e-s-vd.ch\/chablais-vaudois\/les-candidats-aux-municipalites","name":"Les Candidat.e.s aux Municipalit\u00e9s 2026 - Les VERT.E.S, section du Chablais vaudois et des Alpes Vaudoises","isPartOf":{"@id":"https:\/\/vert-e-s-vd.ch\/chablais-vaudois\/#website"},"datePublished":"2021-01-04T19:42:24+00:00","dateModified":"2026-01-24T09:16:59+00:00","description":"Nos candidat.e.s aux Municipales de 2026 s'engagent pour un d\u00e9veloppement et une \u00e9conomie durable, une politique sociale solidaire et la protection de l'environnement. D\u00e9couvrez leurs portraits, actions et programmes et soutenez-les lors des votations !","breadcrumb":{"@id":"https:\/\/vert-e-s-vd.ch\/chablais-vaudois\/les-candidats-aux-municipalites#breadcrumb"},"inLanguage":"fr-FR","potentialAction":[{"@type":"ReadAction","target":["https:\/\/vert-e-s-vd.ch\/chablais-vaudois\/les-candidats-aux-municipalites"]}]},{"@type":"BreadcrumbList","@id":"https:\/\/vert-e-s-vd.ch\/chablais-vaudois\/les-candidats-aux-municipalites#breadcrumb","itemListElement":[{"@type":"ListItem","position":1,"name":"Accueil","item":"https:\/\/vert-e-s-vd.ch\/chablais-vaudois\/"},{"@type":"ListItem","position":2,"name":"Agenda"}]},{"@type":"WebSite","@id":"https:\/\/vert-e-s-vd.ch\/chablais-vaudois\/#website","url":"https:\/\/vert-e-s-vd.ch\/chablais-vaudois\/","name":"Les VERT.E.S, section du Chablais vaudois et des Alpes Vaudoises","description":"Une longueur d\u2019avance","potentialAction":[{"@type":"SearchAction","target":{"@type":"EntryPoint","urlTemplate":"https:\/\/vert-e-s-vd.ch\/chablais-vaudois\/?s={search_term_string}"},"query-input":{"@type":"PropertyValueSpecification","valueRequired":true,"valueName":"search_term_string"}}],"inLanguage":"fr-FR"}]}},"_links":{"self":[{"href":"https:\/\/vert-e-s-vd.ch\/chablais-vaudois\/wp-json\/wp\/v2\/pages\/71430","targetHints":{"allow":["GET"]}}],"collection":[{"href":"https:\/\/vert-e-s-vd.ch\/chablais-vaudois\/wp-json\/wp\/v2\/pages"}],"about":[{"href":"https:\/\/vert-e-s-vd.ch\/chablais-vaudois\/wp-json\/wp\/v2\/types\/page"}],"author":[{"embeddable":true,"href":"https:\/\/vert-e-s-vd.ch\/chablais-vaudois\/wp-json\/wp\/v2\/users\/15"}],"replies":[{"embeddable":true,"href":"https:\/\/vert-e-s-vd.ch\/chablais-vaudois\/wp-json\/wp\/v2\/comments?post=71430"}],"version-history":[{"count":46,"href":"https:\/\/vert-e-s-vd.ch\/chablais-vaudois\/wp-json\/wp\/v2\/pages\/71430\/revisions"}],"predecessor-version":[{"id":72862,"href":"https:\/\/vert-e-s-vd.ch\/chablais-vaudois\/wp-json\/wp\/v2\/pages\/71430\/revisions\/72862"}],"wp:attachment":[{"href":"https:\/\/vert-e-s-vd.ch\/chablais-vaudois\/wp-json\/wp\/v2\/media?parent=71430"}],"curies":[{"name":"wp","href":"https:\/\/api.w.org\/{rel}","templated":true}]}}

Les Candidat.e.s aux Municipalités 2026

<!-- This site is optimized with the Yoast SEO plugin v26.9 - https://yoast.com/product/yoast-seo-wordpress/ -->
<title>Les Candidat.e.s aux Municipalités 2026 - Les VERT.E.S, section du Chablais vaudois et des Alpes Vaudoises</title>
<meta name="description" content="Nos candidat.e.s aux Municipales de 2026 s&#039;engagent pour un développement et une économie durable, une politique sociale solidaire et la protection de l&#039;environnement. Découvrez leurs portraits, actions et programmes et soutenez-les lors des votations !" />
<meta name="robots" content="index, follow, max-snippet:-1, max-image-preview:large, max-video-preview:-1" />
<link rel="canonical" href="https://vert-e-s-vd.ch/chablais-vaudois/les-candidats-aux-municipalites" />
<meta property="og:locale" content="fr_FR" />
<meta property="og:type" content="article" />
<meta property="og:title" content="Les Candidat.e.s aux Municipalités 2026 - Les VERT.E.S, section du Chablais vaudois et des Alpes Vaudoises" />
<meta property="og:description" content="Nos candidat.e.s aux Municipales de 2026 s&#039;engagent pour un développement et une économie durable, une politique sociale solidaire et la …" />
<meta property="og:url" content="https://vert-e-s-vd.ch/chablais-vaudois/les-candidats-aux-municipalites" />
<meta property="og:site_name" content="Les VERT.E.S, section du Chablais vaudois et des Alpes Vaudoises" />
<meta property="article:modified_time" content="2026-01-24T09:16:59+00:00" />
<meta name="twitter:card" content="summary_large_image" />
<meta name="twitter:label1" content="Durée de lecture estimée" />
	<meta name="twitter:data1" content="6 minutes" />
<script type="application/ld+json" class="yoast-schema-graph">{"@context":"https://schema.org","@graph":[{"@type":"WebPage","@id":"https://vert-e-s-vd.ch/chablais-vaudois/les-candidats-aux-municipalites","url":"https://vert-e-s-vd.ch/chablais-vaudois/les-candidats-aux-municipalites","name":"Les Candidat.e.s aux Municipalités 2026 - Les VERT.E.S, section du Chablais vaudois et des Alpes Vaudoises","isPartOf":{"@id":"https://vert-e-s-vd.ch/chablais-vaudois/#website"},"datePublished":"2021-01-04T19:42:24+00:00","dateModified":"2026-01-24T09:16:59+00:00","description":"Nos candidat.e.s aux Municipales de 2026 s'engagent pour un développement et une économie durable, une politique sociale solidaire et la protection de l'environnement. Découvrez leurs portraits, actions et programmes et soutenez-les lors des votations !","breadcrumb":{"@id":"https://vert-e-s-vd.ch/chablais-vaudois/les-candidats-aux-municipalites#breadcrumb"},"inLanguage":"fr-FR","potentialAction":[{"@type":"ReadAction","target":["https://vert-e-s-vd.ch/chablais-vaudois/les-candidats-aux-municipalites"]}]},{"@type":"BreadcrumbList","@id":"https://vert-e-s-vd.ch/chablais-vaudois/les-candidats-aux-municipalites#breadcrumb","itemListElement":[{"@type":"ListItem","position":1,"name":"Accueil","item":"https://vert-e-s-vd.ch/chablais-vaudois/"},{"@type":"ListItem","position":2,"name":"Agenda"}]},{"@type":"WebSite","@id":"https://vert-e-s-vd.ch/chablais-vaudois/#website","url":"https://vert-e-s-vd.ch/chablais-vaudois/","name":"Les VERT.E.S, section du Chablais vaudois et des Alpes Vaudoises","description":"Une longueur d’avance","potentialAction":[{"@type":"SearchAction","target":{"@type":"EntryPoint","urlTemplate":"https://vert-e-s-vd.ch/chablais-vaudois/?s={search_term_string}"},"query-input":{"@type":"PropertyValueSpecification","valueRequired":true,"valueName":"search_term_string"}}],"inLanguage":"fr-FR"}]}</script>
<!-- / Yoast SEO plugin. -->

Les Candidat.e.s aux Municipalités 2026 - Les VERT.E.S, section du Chablais vaudois et des Alpes Vaudoises

Nos candidat.e.s aux Municipales de 2026 s'engagent pour un développement et une économie durable, une politique sociale solidaire et la protection de l'environnement. Découvrez leurs portraits, actions et programmes et soutenez-les lors des votations !

Nos candidat.e.s aux Municipales de 2026 s'engagent pour un développement et une économie durable, une politique sociale solidaire et la …
