{"id":70915,"date":"2020-10-21T13:07:47","date_gmt":"2020-10-21T11:07:47","guid":{"rendered":"https:\/\/vert-e-s-vd.ch\/chablais-vaudois\/?page_id=70915"},"modified":"2021-01-08T12:27:42","modified_gmt":"2021-01-08T11:27:42","slug":"accueil-de-jour","status":"publish","type":"page","link":"https:\/\/vert-e-s-vd.ch\/chablais-vaudois\/accueil-de-jour","title":{"rendered":"Politique familiale et sociale"},"content":{"rendered":"","protected":false},"excerpt":{"rendered":"","protected":false},"author":3,"featured_media":71371,"parent":0,"menu_order":0,"comment_status":"closed","ping_status":"closed","template":"","meta":{"_acf_changed":false,"inline_featured_image":false,"footnotes":""},"class_list":["post-70915","page","type-page","status-publish","has-post-thumbnail","hentry"],"acf":[],"yoast_head":"<!-- This site is optimized with the Yoast SEO plugin v26.9 - https:\/\/yoast.com\/product\/yoast-seo-wordpress\/ -->\n<title>Politique familiale et sociale - Les VERT.E.S, section du Chablais vaudois et des Alpes Vaudoises<\/title>\n<meta name=\"description\" content=\"Les Vert.e.s s&#039;engagent pour une politique familiale qui permet de concilier travail et famille, qui permet de vivre en harmonie quelque soit son genre et ses pr\u00e9f\u00e9rences sexuelles. Nous militons pour un cong\u00e9 parental, l&#039;\u00e9galit\u00e9 des genre (cong\u00e9 paternit\u00e9) et des conditions fiscales favorables aux familles. Aussi, nous nous engageons afin que des places de cr\u00e8ches soient cr\u00e9\u00e9es pour permettre aux parents de concilier travail et famille, encourageons le t\u00e9l\u00e9travail et militons pour une \u00e9ducation des genres plus \u00e9galitaire et solidaire. Enfin, les Vert.e.s s&#039;engagent pour une politique de soutien social qui facilite l&#039;int\u00e9gration, les projets individuels et le soutien aux plus d\u00e9munis.\" \/>\n<meta name=\"robots\" content=\"index, follow, max-snippet:-1, max-image-preview:large, max-video-preview:-1\" \/>\n<link rel=\"canonical\" href=\"https:\/\/vert-e-s-vd.ch\/chablais-vaudois\/accueil-de-jour\" \/>\n<meta property=\"og:locale\" content=\"fr_FR\" \/>\n<meta property=\"og:type\" content=\"article\" \/>\n<meta property=\"og:title\" content=\"Politique familiale et sociale - Les VERT.E.S, section du Chablais vaudois et des Alpes Vaudoises\" \/>\n<meta property=\"og:description\" content=\"Les Vert.e.s s&#039;engagent pour une politique familiale qui permet de concilier travail et famille, qui permet de vivre en harmonie quelque \u2026\" \/>\n<meta property=\"og:url\" content=\"https:\/\/vert-e-s-vd.ch\/chablais-vaudois\/accueil-de-jour\" \/>\n<meta property=\"og:site_name\" content=\"Les VERT.E.S, section du Chablais vaudois et des Alpes Vaudoises\" \/>\n<meta property=\"article:modified_time\" content=\"2021-01-08T11:27:42+00:00\" \/>\n<meta property=\"og:image\" content=\"https:\/\/vert-e-s-vd.ch\/chablais-vaudois\/wp-content\/uploads\/sites\/12\/2020\/12\/father-22194_1920-1200x0-c-default.jpg\" \/>\n\t<meta property=\"og:image:width\" content=\"1200\" \/>\n\t<meta property=\"og:image:height\" content=\"799\" \/>\n\t<meta property=\"og:image:type\" content=\"image\/jpeg\" \/>\n<meta name=\"twitter:card\" content=\"summary_large_image\" \/>\n<script type=\"application\/ld+json\" class=\"yoast-schema-graph\">{\"@context\":\"https:\/\/schema.org\",\"@graph\":[{\"@type\":\"WebPage\",\"@id\":\"https:\/\/vert-e-s-vd.ch\/chablais-vaudois\/accueil-de-jour\",\"url\":\"https:\/\/vert-e-s-vd.ch\/chablais-vaudois\/accueil-de-jour\",\"name\":\"Politique familiale et sociale - Les VERT.E.S, section du Chablais vaudois et des Alpes Vaudoises\",\"isPartOf\":{\"@id\":\"https:\/\/vert-e-s-vd.ch\/chablais-vaudois\/#website\"},\"primaryImageOfPage\":{\"@id\":\"https:\/\/vert-e-s-vd.ch\/chablais-vaudois\/accueil-de-jour#primaryimage\"},\"image\":{\"@id\":\"https:\/\/vert-e-s-vd.ch\/chablais-vaudois\/accueil-de-jour#primaryimage\"},\"thumbnailUrl\":\"https:\/\/vert-e-s-vd.ch\/chablais-vaudois\/wp-content\/uploads\/sites\/12\/2020\/12\/father-22194_1920-2560x0-c-default.jpg\",\"datePublished\":\"2020-10-21T11:07:47+00:00\",\"dateModified\":\"2021-01-08T11:27:42+00:00\",\"description\":\"Les Vert.e.s s'engagent pour une politique familiale qui permet de concilier travail et famille, qui permet de vivre en harmonie quelque soit son genre et ses pr\u00e9f\u00e9rences sexuelles. Nous militons pour un cong\u00e9 parental, l'\u00e9galit\u00e9 des genre (cong\u00e9 paternit\u00e9) et des conditions fiscales favorables aux familles. Aussi, nous nous engageons afin que des places de cr\u00e8ches soient cr\u00e9\u00e9es pour permettre aux parents de concilier travail et famille, encourageons le t\u00e9l\u00e9travail et militons pour une \u00e9ducation des genres plus \u00e9galitaire et solidaire. Enfin, les Vert.e.s s'engagent pour une politique de soutien social qui facilite l'int\u00e9gration, les projets individuels et le soutien aux plus d\u00e9munis.\",\"breadcrumb\":{\"@id\":\"https:\/\/vert-e-s-vd.ch\/chablais-vaudois\/accueil-de-jour#breadcrumb\"},\"inLanguage\":\"fr-FR\",\"potentialAction\":[{\"@type\":\"ReadAction\",\"target\":[\"https:\/\/vert-e-s-vd.ch\/chablais-vaudois\/accueil-de-jour\"]}]},{\"@type\":\"ImageObject\",\"inLanguage\":\"fr-FR\",\"@id\":\"https:\/\/vert-e-s-vd.ch\/chablais-vaudois\/accueil-de-jour#primaryimage\",\"url\":\"https:\/\/vert-e-s-vd.ch\/chablais-vaudois\/wp-content\/uploads\/sites\/12\/2020\/12\/father-22194_1920-2560x0-c-default.jpg\",\"contentUrl\":\"https:\/\/vert-e-s-vd.ch\/chablais-vaudois\/wp-content\/uploads\/sites\/12\/2020\/12\/father-22194_1920-2560x0-c-default.jpg\",\"width\":1920,\"height\":1279},{\"@type\":\"BreadcrumbList\",\"@id\":\"https:\/\/vert-e-s-vd.ch\/chablais-vaudois\/accueil-de-jour#breadcrumb\",\"itemListElement\":[{\"@type\":\"ListItem\",\"position\":1,\"name\":\"Accueil\",\"item\":\"https:\/\/vert-e-s-vd.ch\/chablais-vaudois\/\"},{\"@type\":\"ListItem\",\"position\":2,\"name\":\"Agenda\"}]},{\"@type\":\"WebSite\",\"@id\":\"https:\/\/vert-e-s-vd.ch\/chablais-vaudois\/#website\",\"url\":\"https:\/\/vert-e-s-vd.ch\/chablais-vaudois\/\",\"name\":\"Les VERT.E.S, section du Chablais vaudois et des Alpes Vaudoises\",\"description\":\"Une longueur d\u2019avance\",\"potentialAction\":[{\"@type\":\"SearchAction\",\"target\":{\"@type\":\"EntryPoint\",\"urlTemplate\":\"https:\/\/vert-e-s-vd.ch\/chablais-vaudois\/?s={search_term_string}\"},\"query-input\":{\"@type\":\"PropertyValueSpecification\",\"valueRequired\":true,\"valueName\":\"search_term_string\"}}],\"inLanguage\":\"fr-FR\"}]}<\/script>\n<!-- \/ Yoast SEO plugin. -->","yoast_head_json":{"title":"Politique familiale et sociale - Les VERT.E.S, section du Chablais vaudois et des Alpes Vaudoises","description":"Les Vert.e.s s'engagent pour une politique familiale qui permet de concilier travail et famille, qui permet de vivre en harmonie quelque soit son genre et ses pr\u00e9f\u00e9rences sexuelles. Nous militons pour un cong\u00e9 parental, l'\u00e9galit\u00e9 des genre (cong\u00e9 paternit\u00e9) et des conditions fiscales favorables aux familles. Aussi, nous nous engageons afin que des places de cr\u00e8ches soient cr\u00e9\u00e9es pour permettre aux parents de concilier travail et famille, encourageons le t\u00e9l\u00e9travail et militons pour une \u00e9ducation des genres plus \u00e9galitaire et solidaire. Enfin, les Vert.e.s s'engagent pour une politique de soutien social qui facilite l'int\u00e9gration, les projets individuels et le soutien aux plus d\u00e9munis.","robots":{"index":"index","follow":"follow","max-snippet":"max-snippet:-1","max-image-preview":"max-image-preview:large","max-video-preview":"max-video-preview:-1"},"canonical":"https:\/\/vert-e-s-vd.ch\/chablais-vaudois\/accueil-de-jour","og_locale":"fr_FR","og_type":"article","og_title":"Politique familiale et sociale - Les VERT.E.S, section du Chablais vaudois et des Alpes Vaudoises","og_description":"Les Vert.e.s s'engagent pour une politique familiale qui permet de concilier travail et famille, qui permet de vivre en harmonie quelque \u2026","og_url":"https:\/\/vert-e-s-vd.ch\/chablais-vaudois\/accueil-de-jour","og_site_name":"Les VERT.E.S, section du Chablais vaudois et des Alpes Vaudoises","article_modified_time":"2021-01-08T11:27:42+00:00","og_image":[{"width":1200,"height":799,"url":"https:\/\/vert-e-s-vd.ch\/chablais-vaudois\/wp-content\/uploads\/sites\/12\/2020\/12\/father-22194_1920-1200x0-c-default.jpg","type":"image\/jpeg"}],"twitter_card":"summary_large_image","schema":{"@context":"https:\/\/schema.org","@graph":[{"@type":"WebPage","@id":"https:\/\/vert-e-s-vd.ch\/chablais-vaudois\/accueil-de-jour","url":"https:\/\/vert-e-s-vd.ch\/chablais-vaudois\/accueil-de-jour","name":"Politique familiale et sociale - Les VERT.E.S, section du Chablais vaudois et des Alpes Vaudoises","isPartOf":{"@id":"https:\/\/vert-e-s-vd.ch\/chablais-vaudois\/#website"},"primaryImageOfPage":{"@id":"https:\/\/vert-e-s-vd.ch\/chablais-vaudois\/accueil-de-jour#primaryimage"},"image":{"@id":"https:\/\/vert-e-s-vd.ch\/chablais-vaudois\/accueil-de-jour#primaryimage"},"thumbnailUrl":"https:\/\/vert-e-s-vd.ch\/chablais-vaudois\/wp-content\/uploads\/sites\/12\/2020\/12\/father-22194_1920-2560x0-c-default.jpg","datePublished":"2020-10-21T11:07:47+00:00","dateModified":"2021-01-08T11:27:42+00:00","description":"Les Vert.e.s s'engagent pour une politique familiale qui permet de concilier travail et famille, qui permet de vivre en harmonie quelque soit son genre et ses pr\u00e9f\u00e9rences sexuelles. Nous militons pour un cong\u00e9 parental, l'\u00e9galit\u00e9 des genre (cong\u00e9 paternit\u00e9) et des conditions fiscales favorables aux familles. Aussi, nous nous engageons afin que des places de cr\u00e8ches soient cr\u00e9\u00e9es pour permettre aux parents de concilier travail et famille, encourageons le t\u00e9l\u00e9travail et militons pour une \u00e9ducation des genres plus \u00e9galitaire et solidaire. Enfin, les Vert.e.s s'engagent pour une politique de soutien social qui facilite l'int\u00e9gration, les projets individuels et le soutien aux plus d\u00e9munis.","breadcrumb":{"@id":"https:\/\/vert-e-s-vd.ch\/chablais-vaudois\/accueil-de-jour#breadcrumb"},"inLanguage":"fr-FR","potentialAction":[{"@type":"ReadAction","target":["https:\/\/vert-e-s-vd.ch\/chablais-vaudois\/accueil-de-jour"]}]},{"@type":"ImageObject","inLanguage":"fr-FR","@id":"https:\/\/vert-e-s-vd.ch\/chablais-vaudois\/accueil-de-jour#primaryimage","url":"https:\/\/vert-e-s-vd.ch\/chablais-vaudois\/wp-content\/uploads\/sites\/12\/2020\/12\/father-22194_1920-2560x0-c-default.jpg","contentUrl":"https:\/\/vert-e-s-vd.ch\/chablais-vaudois\/wp-content\/uploads\/sites\/12\/2020\/12\/father-22194_1920-2560x0-c-default.jpg","width":1920,"height":1279},{"@type":"BreadcrumbList","@id":"https:\/\/vert-e-s-vd.ch\/chablais-vaudois\/accueil-de-jour#breadcrumb","itemListElement":[{"@type":"ListItem","position":1,"name":"Accueil","item":"https:\/\/vert-e-s-vd.ch\/chablais-vaudois\/"},{"@type":"ListItem","position":2,"name":"Agenda"}]},{"@type":"WebSite","@id":"https:\/\/vert-e-s-vd.ch\/chablais-vaudois\/#website","url":"https:\/\/vert-e-s-vd.ch\/chablais-vaudois\/","name":"Les VERT.E.S, section du Chablais vaudois et des Alpes Vaudoises","description":"Une longueur d\u2019avance","potentialAction":[{"@type":"SearchAction","target":{"@type":"EntryPoint","urlTemplate":"https:\/\/vert-e-s-vd.ch\/chablais-vaudois\/?s={search_term_string}"},"query-input":{"@type":"PropertyValueSpecification","valueRequired":true,"valueName":"search_term_string"}}],"inLanguage":"fr-FR"}]}},"_links":{"self":[{"href":"https:\/\/vert-e-s-vd.ch\/chablais-vaudois\/wp-json\/wp\/v2\/pages\/70915","targetHints":{"allow":["GET"]}}],"collection":[{"href":"https:\/\/vert-e-s-vd.ch\/chablais-vaudois\/wp-json\/wp\/v2\/pages"}],"about":[{"href":"https:\/\/vert-e-s-vd.ch\/chablais-vaudois\/wp-json\/wp\/v2\/types\/page"}],"author":[{"embeddable":true,"href":"https:\/\/vert-e-s-vd.ch\/chablais-vaudois\/wp-json\/wp\/v2\/users\/3"}],"replies":[{"embeddable":true,"href":"https:\/\/vert-e-s-vd.ch\/chablais-vaudois\/wp-json\/wp\/v2\/comments?post=70915"}],"version-history":[{"count":4,"href":"https:\/\/vert-e-s-vd.ch\/chablais-vaudois\/wp-json\/wp\/v2\/pages\/70915\/revisions"}],"predecessor-version":[{"id":71374,"href":"https:\/\/vert-e-s-vd.ch\/chablais-vaudois\/wp-json\/wp\/v2\/pages\/70915\/revisions\/71374"}],"wp:featuredmedia":[{"embeddable":true,"href":"https:\/\/vert-e-s-vd.ch\/chablais-vaudois\/wp-json\/wp\/v2\/media\/71371"}],"wp:attachment":[{"href":"https:\/\/vert-e-s-vd.ch\/chablais-vaudois\/wp-json\/wp\/v2\/media?parent=70915"}],"curies":[{"name":"wp","href":"https:\/\/api.w.org\/{rel}","templated":true}]}}

<!-- This site is optimized with the Yoast SEO plugin v26.9 - https://yoast.com/product/yoast-seo-wordpress/ -->
<title>Politique familiale et sociale - Les VERT.E.S, section du Chablais vaudois et des Alpes Vaudoises</title>
<meta name="description" content="Les Vert.e.s s&#039;engagent pour une politique familiale qui permet de concilier travail et famille, qui permet de vivre en harmonie quelque soit son genre et ses préférences sexuelles. Nous militons pour un congé parental, l&#039;égalité des genre (congé paternité) et des conditions fiscales favorables aux familles. Aussi, nous nous engageons afin que des places de crèches soient créées pour permettre aux parents de concilier travail et famille, encourageons le télétravail et militons pour une éducation des genres plus égalitaire et solidaire. Enfin, les Vert.e.s s&#039;engagent pour une politique de soutien social qui facilite l&#039;intégration, les projets individuels et le soutien aux plus démunis." />
<meta name="robots" content="index, follow, max-snippet:-1, max-image-preview:large, max-video-preview:-1" />
<link rel="canonical" href="https://vert-e-s-vd.ch/chablais-vaudois/accueil-de-jour" />
<meta property="og:locale" content="fr_FR" />
<meta property="og:type" content="article" />
<meta property="og:title" content="Politique familiale et sociale - Les VERT.E.S, section du Chablais vaudois et des Alpes Vaudoises" />
<meta property="og:description" content="Les Vert.e.s s&#039;engagent pour une politique familiale qui permet de concilier travail et famille, qui permet de vivre en harmonie quelque …" />
<meta property="og:url" content="https://vert-e-s-vd.ch/chablais-vaudois/accueil-de-jour" />
<meta property="og:site_name" content="Les VERT.E.S, section du Chablais vaudois et des Alpes Vaudoises" />
<meta property="article:modified_time" content="2021-01-08T11:27:42+00:00" />
<meta property="og:image" content="https://vert-e-s-vd.ch/chablais-vaudois/wp-content/uploads/sites/12/2020/12/father-22194_1920-1200x0-c-default.jpg" />
	<meta property="og:image:width" content="1200" />
	<meta property="og:image:height" content="799" />
	<meta property="og:image:type" content="image/jpeg" />
<meta name="twitter:card" content="summary_large_image" />
<script type="application/ld+json" class="yoast-schema-graph">{"@context":"https://schema.org","@graph":[{"@type":"WebPage","@id":"https://vert-e-s-vd.ch/chablais-vaudois/accueil-de-jour","url":"https://vert-e-s-vd.ch/chablais-vaudois/accueil-de-jour","name":"Politique familiale et sociale - Les VERT.E.S, section du Chablais vaudois et des Alpes Vaudoises","isPartOf":{"@id":"https://vert-e-s-vd.ch/chablais-vaudois/#website"},"primaryImageOfPage":{"@id":"https://vert-e-s-vd.ch/chablais-vaudois/accueil-de-jour#primaryimage"},"image":{"@id":"https://vert-e-s-vd.ch/chablais-vaudois/accueil-de-jour#primaryimage"},"thumbnailUrl":"https://vert-e-s-vd.ch/chablais-vaudois/wp-content/uploads/sites/12/2020/12/father-22194_1920-2560x0-c-default.jpg","datePublished":"2020-10-21T11:07:47+00:00","dateModified":"2021-01-08T11:27:42+00:00","description":"Les Vert.e.s s'engagent pour une politique familiale qui permet de concilier travail et famille, qui permet de vivre en harmonie quelque soit son genre et ses préférences sexuelles. Nous militons pour un congé parental, l'égalité des genre (congé paternité) et des conditions fiscales favorables aux familles. Aussi, nous nous engageons afin que des places de crèches soient créées pour permettre aux parents de concilier travail et famille, encourageons le télétravail et militons pour une éducation des genres plus égalitaire et solidaire. Enfin, les Vert.e.s s'engagent pour une politique de soutien social qui facilite l'intégration, les projets individuels et le soutien aux plus démunis.","breadcrumb":{"@id":"https://vert-e-s-vd.ch/chablais-vaudois/accueil-de-jour#breadcrumb"},"inLanguage":"fr-FR","potentialAction":[{"@type":"ReadAction","target":["https://vert-e-s-vd.ch/chablais-vaudois/accueil-de-jour"]}]},{"@type":"ImageObject","inLanguage":"fr-FR","@id":"https://vert-e-s-vd.ch/chablais-vaudois/accueil-de-jour#primaryimage","url":"https://vert-e-s-vd.ch/chablais-vaudois/wp-content/uploads/sites/12/2020/12/father-22194_1920-2560x0-c-default.jpg","contentUrl":"https://vert-e-s-vd.ch/chablais-vaudois/wp-content/uploads/sites/12/2020/12/father-22194_1920-2560x0-c-default.jpg","width":1920,"height":1279},{"@type":"BreadcrumbList","@id":"https://vert-e-s-vd.ch/chablais-vaudois/accueil-de-jour#breadcrumb","itemListElement":[{"@type":"ListItem","position":1,"name":"Accueil","item":"https://vert-e-s-vd.ch/chablais-vaudois/"},{"@type":"ListItem","position":2,"name":"Agenda"}]},{"@type":"WebSite","@id":"https://vert-e-s-vd.ch/chablais-vaudois/#website","url":"https://vert-e-s-vd.ch/chablais-vaudois/","name":"Les VERT.E.S, section du Chablais vaudois et des Alpes Vaudoises","description":"Une longueur d’avance","potentialAction":[{"@type":"SearchAction","target":{"@type":"EntryPoint","urlTemplate":"https://vert-e-s-vd.ch/chablais-vaudois/?s={search_term_string}"},"query-input":{"@type":"PropertyValueSpecification","valueRequired":true,"valueName":"search_term_string"}}],"inLanguage":"fr-FR"}]}</script>
<!-- / Yoast SEO plugin. -->

Les Vert.e.s s'engagent pour une politique familiale qui permet de concilier travail et famille, qui permet de vivre en harmonie quelque soit son genre et ses préférences sexuelles. Nous militons pour un congé parental, l'égalité des genre (congé paternité) et des conditions fiscales favorables aux familles. Aussi, nous nous engageons afin que des places de crèches soient créées pour permettre aux parents de concilier travail et famille, encourageons le télétravail et militons pour une éducation des genres plus égalitaire et solidaire. Enfin, les Vert.e.s s'engagent pour une politique de soutien social qui facilite l'intégration, les projets individuels et le soutien aux plus démunis.
