{"id":70907,"date":"2020-10-21T12:57:01","date_gmt":"2020-10-21T10:57:01","guid":{"rendered":"https:\/\/vert-e-s-vd.ch\/chablais-vaudois\/?page_id=70907"},"modified":"2021-01-08T12:27:42","modified_gmt":"2021-01-08T11:27:42","slug":"mobilite","status":"publish","type":"page","link":"https:\/\/vert-e-s-vd.ch\/chablais-vaudois\/environnement\/mobilite","title":{"rendered":"Mobilit\u00e9"},"content":{"rendered":"","protected":false},"excerpt":{"rendered":"","protected":false},"author":3,"featured_media":71271,"parent":70893,"menu_order":0,"comment_status":"closed","ping_status":"closed","template":"","meta":{"_acf_changed":false,"inline_featured_image":false,"footnotes":""},"class_list":["post-70907","page","type-page","status-publish","has-post-thumbnail","hentry"],"acf":[],"yoast_head":"<!-- This site is optimized with the Yoast SEO plugin v26.9 - https:\/\/yoast.com\/product\/yoast-seo-wordpress\/ -->\n<title>Mobilit\u00e9 - Les VERT.E.S, section du Chablais vaudois et des Alpes Vaudoises<\/title>\n<meta name=\"description\" content=\"Les Vert.e.s s&#039;engagent pour une mobilit\u00e9 respectueuse de l&#039;environnement. Nous avons besoin d&#039;un tournant dans notre mani\u00e8re de nous d\u00e9placer et nos technologies actuelles permettent, si elles sont accompagn\u00e9es d&#039;une r\u00e9elle volont\u00e9 politique et citoyenne, de penser nos d\u00e9placements autrement !\" \/>\n<meta name=\"robots\" content=\"index, follow, max-snippet:-1, max-image-preview:large, max-video-preview:-1\" \/>\n<link rel=\"canonical\" href=\"https:\/\/vert-e-s-vd.ch\/chablais-vaudois\/environnement\/mobilite\" \/>\n<meta property=\"og:locale\" content=\"fr_FR\" \/>\n<meta property=\"og:type\" content=\"article\" \/>\n<meta property=\"og:title\" content=\"Mobilit\u00e9 - Les VERT.E.S, section du Chablais vaudois et des Alpes Vaudoises\" \/>\n<meta property=\"og:description\" content=\"Les Vert.e.s s&#039;engagent pour une mobilit\u00e9 respectueuse de l&#039;environnement. Nous avons besoin d&#039;un tournant dans notre mani\u00e8re de nous \u2026\" \/>\n<meta property=\"og:url\" content=\"https:\/\/vert-e-s-vd.ch\/chablais-vaudois\/environnement\/mobilite\" \/>\n<meta property=\"og:site_name\" content=\"Les VERT.E.S, section du Chablais vaudois et des Alpes Vaudoises\" \/>\n<meta property=\"article:modified_time\" content=\"2021-01-08T11:27:42+00:00\" \/>\n<meta property=\"og:image\" content=\"https:\/\/vert-e-s-vd.ch\/chablais-vaudois\/wp-content\/uploads\/sites\/12\/2020\/12\/pexels-visionpic-net-1539970-1200x0-c-default.jpg\" \/>\n\t<meta property=\"og:image:width\" content=\"1200\" \/>\n\t<meta property=\"og:image:height\" content=\"800\" \/>\n\t<meta property=\"og:image:type\" content=\"image\/jpeg\" \/>\n<meta name=\"twitter:card\" content=\"summary_large_image\" \/>\n<script type=\"application\/ld+json\" class=\"yoast-schema-graph\">{\"@context\":\"https:\/\/schema.org\",\"@graph\":[{\"@type\":\"WebPage\",\"@id\":\"https:\/\/vert-e-s-vd.ch\/chablais-vaudois\/environnement\/mobilite\",\"url\":\"https:\/\/vert-e-s-vd.ch\/chablais-vaudois\/environnement\/mobilite\",\"name\":\"Mobilit\u00e9 - Les VERT.E.S, section du Chablais vaudois et des Alpes Vaudoises\",\"isPartOf\":{\"@id\":\"https:\/\/vert-e-s-vd.ch\/chablais-vaudois\/#website\"},\"primaryImageOfPage\":{\"@id\":\"https:\/\/vert-e-s-vd.ch\/chablais-vaudois\/environnement\/mobilite#primaryimage\"},\"image\":{\"@id\":\"https:\/\/vert-e-s-vd.ch\/chablais-vaudois\/environnement\/mobilite#primaryimage\"},\"thumbnailUrl\":\"https:\/\/vert-e-s-vd.ch\/chablais-vaudois\/wp-content\/uploads\/sites\/12\/2020\/12\/pexels-visionpic-net-1539970-scaled.jpg\",\"datePublished\":\"2020-10-21T10:57:01+00:00\",\"dateModified\":\"2021-01-08T11:27:42+00:00\",\"description\":\"Les Vert.e.s s'engagent pour une mobilit\u00e9 respectueuse de l'environnement. Nous avons besoin d'un tournant dans notre mani\u00e8re de nous d\u00e9placer et nos technologies actuelles permettent, si elles sont accompagn\u00e9es d'une r\u00e9elle volont\u00e9 politique et citoyenne, de penser nos d\u00e9placements autrement !\",\"breadcrumb\":{\"@id\":\"https:\/\/vert-e-s-vd.ch\/chablais-vaudois\/environnement\/mobilite#breadcrumb\"},\"inLanguage\":\"fr-FR\",\"potentialAction\":[{\"@type\":\"ReadAction\",\"target\":[\"https:\/\/vert-e-s-vd.ch\/chablais-vaudois\/environnement\/mobilite\"]}]},{\"@type\":\"ImageObject\",\"inLanguage\":\"fr-FR\",\"@id\":\"https:\/\/vert-e-s-vd.ch\/chablais-vaudois\/environnement\/mobilite#primaryimage\",\"url\":\"https:\/\/vert-e-s-vd.ch\/chablais-vaudois\/wp-content\/uploads\/sites\/12\/2020\/12\/pexels-visionpic-net-1539970-scaled.jpg\",\"contentUrl\":\"https:\/\/vert-e-s-vd.ch\/chablais-vaudois\/wp-content\/uploads\/sites\/12\/2020\/12\/pexels-visionpic-net-1539970-scaled.jpg\",\"width\":2560,\"height\":1707},{\"@type\":\"BreadcrumbList\",\"@id\":\"https:\/\/vert-e-s-vd.ch\/chablais-vaudois\/environnement\/mobilite#breadcrumb\",\"itemListElement\":[{\"@type\":\"ListItem\",\"position\":1,\"name\":\"Accueil\",\"item\":\"https:\/\/vert-e-s-vd.ch\/chablais-vaudois\/\"},{\"@type\":\"ListItem\",\"position\":2,\"name\":\"Agenda\"}]},{\"@type\":\"WebSite\",\"@id\":\"https:\/\/vert-e-s-vd.ch\/chablais-vaudois\/#website\",\"url\":\"https:\/\/vert-e-s-vd.ch\/chablais-vaudois\/\",\"name\":\"Les VERT.E.S, section du Chablais vaudois et des Alpes Vaudoises\",\"description\":\"Une longueur d\u2019avance\",\"potentialAction\":[{\"@type\":\"SearchAction\",\"target\":{\"@type\":\"EntryPoint\",\"urlTemplate\":\"https:\/\/vert-e-s-vd.ch\/chablais-vaudois\/?s={search_term_string}\"},\"query-input\":{\"@type\":\"PropertyValueSpecification\",\"valueRequired\":true,\"valueName\":\"search_term_string\"}}],\"inLanguage\":\"fr-FR\"}]}<\/script>\n<!-- \/ Yoast SEO plugin. -->","yoast_head_json":{"title":"Mobilit\u00e9 - Les VERT.E.S, section du Chablais vaudois et des Alpes Vaudoises","description":"Les Vert.e.s s'engagent pour une mobilit\u00e9 respectueuse de l'environnement. Nous avons besoin d'un tournant dans notre mani\u00e8re de nous d\u00e9placer et nos technologies actuelles permettent, si elles sont accompagn\u00e9es d'une r\u00e9elle volont\u00e9 politique et citoyenne, de penser nos d\u00e9placements autrement !","robots":{"index":"index","follow":"follow","max-snippet":"max-snippet:-1","max-image-preview":"max-image-preview:large","max-video-preview":"max-video-preview:-1"},"canonical":"https:\/\/vert-e-s-vd.ch\/chablais-vaudois\/environnement\/mobilite","og_locale":"fr_FR","og_type":"article","og_title":"Mobilit\u00e9 - Les VERT.E.S, section du Chablais vaudois et des Alpes Vaudoises","og_description":"Les Vert.e.s s'engagent pour une mobilit\u00e9 respectueuse de l'environnement. Nous avons besoin d'un tournant dans notre mani\u00e8re de nous \u2026","og_url":"https:\/\/vert-e-s-vd.ch\/chablais-vaudois\/environnement\/mobilite","og_site_name":"Les VERT.E.S, section du Chablais vaudois et des Alpes Vaudoises","article_modified_time":"2021-01-08T11:27:42+00:00","og_image":[{"width":1200,"height":800,"url":"https:\/\/vert-e-s-vd.ch\/chablais-vaudois\/wp-content\/uploads\/sites\/12\/2020\/12\/pexels-visionpic-net-1539970-1200x0-c-default.jpg","type":"image\/jpeg"}],"twitter_card":"summary_large_image","schema":{"@context":"https:\/\/schema.org","@graph":[{"@type":"WebPage","@id":"https:\/\/vert-e-s-vd.ch\/chablais-vaudois\/environnement\/mobilite","url":"https:\/\/vert-e-s-vd.ch\/chablais-vaudois\/environnement\/mobilite","name":"Mobilit\u00e9 - Les VERT.E.S, section du Chablais vaudois et des Alpes Vaudoises","isPartOf":{"@id":"https:\/\/vert-e-s-vd.ch\/chablais-vaudois\/#website"},"primaryImageOfPage":{"@id":"https:\/\/vert-e-s-vd.ch\/chablais-vaudois\/environnement\/mobilite#primaryimage"},"image":{"@id":"https:\/\/vert-e-s-vd.ch\/chablais-vaudois\/environnement\/mobilite#primaryimage"},"thumbnailUrl":"https:\/\/vert-e-s-vd.ch\/chablais-vaudois\/wp-content\/uploads\/sites\/12\/2020\/12\/pexels-visionpic-net-1539970-scaled.jpg","datePublished":"2020-10-21T10:57:01+00:00","dateModified":"2021-01-08T11:27:42+00:00","description":"Les Vert.e.s s'engagent pour une mobilit\u00e9 respectueuse de l'environnement. Nous avons besoin d'un tournant dans notre mani\u00e8re de nous d\u00e9placer et nos technologies actuelles permettent, si elles sont accompagn\u00e9es d'une r\u00e9elle volont\u00e9 politique et citoyenne, de penser nos d\u00e9placements autrement !","breadcrumb":{"@id":"https:\/\/vert-e-s-vd.ch\/chablais-vaudois\/environnement\/mobilite#breadcrumb"},"inLanguage":"fr-FR","potentialAction":[{"@type":"ReadAction","target":["https:\/\/vert-e-s-vd.ch\/chablais-vaudois\/environnement\/mobilite"]}]},{"@type":"ImageObject","inLanguage":"fr-FR","@id":"https:\/\/vert-e-s-vd.ch\/chablais-vaudois\/environnement\/mobilite#primaryimage","url":"https:\/\/vert-e-s-vd.ch\/chablais-vaudois\/wp-content\/uploads\/sites\/12\/2020\/12\/pexels-visionpic-net-1539970-scaled.jpg","contentUrl":"https:\/\/vert-e-s-vd.ch\/chablais-vaudois\/wp-content\/uploads\/sites\/12\/2020\/12\/pexels-visionpic-net-1539970-scaled.jpg","width":2560,"height":1707},{"@type":"BreadcrumbList","@id":"https:\/\/vert-e-s-vd.ch\/chablais-vaudois\/environnement\/mobilite#breadcrumb","itemListElement":[{"@type":"ListItem","position":1,"name":"Accueil","item":"https:\/\/vert-e-s-vd.ch\/chablais-vaudois\/"},{"@type":"ListItem","position":2,"name":"Agenda"}]},{"@type":"WebSite","@id":"https:\/\/vert-e-s-vd.ch\/chablais-vaudois\/#website","url":"https:\/\/vert-e-s-vd.ch\/chablais-vaudois\/","name":"Les VERT.E.S, section du Chablais vaudois et des Alpes Vaudoises","description":"Une longueur d\u2019avance","potentialAction":[{"@type":"SearchAction","target":{"@type":"EntryPoint","urlTemplate":"https:\/\/vert-e-s-vd.ch\/chablais-vaudois\/?s={search_term_string}"},"query-input":{"@type":"PropertyValueSpecification","valueRequired":true,"valueName":"search_term_string"}}],"inLanguage":"fr-FR"}]}},"_links":{"self":[{"href":"https:\/\/vert-e-s-vd.ch\/chablais-vaudois\/wp-json\/wp\/v2\/pages\/70907","targetHints":{"allow":["GET"]}}],"collection":[{"href":"https:\/\/vert-e-s-vd.ch\/chablais-vaudois\/wp-json\/wp\/v2\/pages"}],"about":[{"href":"https:\/\/vert-e-s-vd.ch\/chablais-vaudois\/wp-json\/wp\/v2\/types\/page"}],"author":[{"embeddable":true,"href":"https:\/\/vert-e-s-vd.ch\/chablais-vaudois\/wp-json\/wp\/v2\/users\/3"}],"replies":[{"embeddable":true,"href":"https:\/\/vert-e-s-vd.ch\/chablais-vaudois\/wp-json\/wp\/v2\/comments?post=70907"}],"version-history":[{"count":4,"href":"https:\/\/vert-e-s-vd.ch\/chablais-vaudois\/wp-json\/wp\/v2\/pages\/70907\/revisions"}],"predecessor-version":[{"id":71363,"href":"https:\/\/vert-e-s-vd.ch\/chablais-vaudois\/wp-json\/wp\/v2\/pages\/70907\/revisions\/71363"}],"up":[{"embeddable":true,"href":"https:\/\/vert-e-s-vd.ch\/chablais-vaudois\/wp-json\/wp\/v2\/pages\/70893"}],"wp:featuredmedia":[{"embeddable":true,"href":"https:\/\/vert-e-s-vd.ch\/chablais-vaudois\/wp-json\/wp\/v2\/media\/71271"}],"wp:attachment":[{"href":"https:\/\/vert-e-s-vd.ch\/chablais-vaudois\/wp-json\/wp\/v2\/media?parent=70907"}],"curies":[{"name":"wp","href":"https:\/\/api.w.org\/{rel}","templated":true}]}}

Mobilité

<!-- This site is optimized with the Yoast SEO plugin v26.9 - https://yoast.com/product/yoast-seo-wordpress/ -->
<title>Mobilité - Les VERT.E.S, section du Chablais vaudois et des Alpes Vaudoises</title>
<meta name="description" content="Les Vert.e.s s&#039;engagent pour une mobilité respectueuse de l&#039;environnement. Nous avons besoin d&#039;un tournant dans notre manière de nous déplacer et nos technologies actuelles permettent, si elles sont accompagnées d&#039;une réelle volonté politique et citoyenne, de penser nos déplacements autrement !" />
<meta name="robots" content="index, follow, max-snippet:-1, max-image-preview:large, max-video-preview:-1" />
<link rel="canonical" href="https://vert-e-s-vd.ch/chablais-vaudois/environnement/mobilite" />
<meta property="og:locale" content="fr_FR" />
<meta property="og:type" content="article" />
<meta property="og:title" content="Mobilité - Les VERT.E.S, section du Chablais vaudois et des Alpes Vaudoises" />
<meta property="og:description" content="Les Vert.e.s s&#039;engagent pour une mobilité respectueuse de l&#039;environnement. Nous avons besoin d&#039;un tournant dans notre manière de nous …" />
<meta property="og:url" content="https://vert-e-s-vd.ch/chablais-vaudois/environnement/mobilite" />
<meta property="og:site_name" content="Les VERT.E.S, section du Chablais vaudois et des Alpes Vaudoises" />
<meta property="article:modified_time" content="2021-01-08T11:27:42+00:00" />
<meta property="og:image" content="https://vert-e-s-vd.ch/chablais-vaudois/wp-content/uploads/sites/12/2020/12/pexels-visionpic-net-1539970-1200x0-c-default.jpg" />
	<meta property="og:image:width" content="1200" />
	<meta property="og:image:height" content="800" />
	<meta property="og:image:type" content="image/jpeg" />
<meta name="twitter:card" content="summary_large_image" />
<script type="application/ld+json" class="yoast-schema-graph">{"@context":"https://schema.org","@graph":[{"@type":"WebPage","@id":"https://vert-e-s-vd.ch/chablais-vaudois/environnement/mobilite","url":"https://vert-e-s-vd.ch/chablais-vaudois/environnement/mobilite","name":"Mobilité - Les VERT.E.S, section du Chablais vaudois et des Alpes Vaudoises","isPartOf":{"@id":"https://vert-e-s-vd.ch/chablais-vaudois/#website"},"primaryImageOfPage":{"@id":"https://vert-e-s-vd.ch/chablais-vaudois/environnement/mobilite#primaryimage"},"image":{"@id":"https://vert-e-s-vd.ch/chablais-vaudois/environnement/mobilite#primaryimage"},"thumbnailUrl":"https://vert-e-s-vd.ch/chablais-vaudois/wp-content/uploads/sites/12/2020/12/pexels-visionpic-net-1539970-scaled.jpg","datePublished":"2020-10-21T10:57:01+00:00","dateModified":"2021-01-08T11:27:42+00:00","description":"Les Vert.e.s s'engagent pour une mobilité respectueuse de l'environnement. Nous avons besoin d'un tournant dans notre manière de nous déplacer et nos technologies actuelles permettent, si elles sont accompagnées d'une réelle volonté politique et citoyenne, de penser nos déplacements autrement !","breadcrumb":{"@id":"https://vert-e-s-vd.ch/chablais-vaudois/environnement/mobilite#breadcrumb"},"inLanguage":"fr-FR","potentialAction":[{"@type":"ReadAction","target":["https://vert-e-s-vd.ch/chablais-vaudois/environnement/mobilite"]}]},{"@type":"ImageObject","inLanguage":"fr-FR","@id":"https://vert-e-s-vd.ch/chablais-vaudois/environnement/mobilite#primaryimage","url":"https://vert-e-s-vd.ch/chablais-vaudois/wp-content/uploads/sites/12/2020/12/pexels-visionpic-net-1539970-scaled.jpg","contentUrl":"https://vert-e-s-vd.ch/chablais-vaudois/wp-content/uploads/sites/12/2020/12/pexels-visionpic-net-1539970-scaled.jpg","width":2560,"height":1707},{"@type":"BreadcrumbList","@id":"https://vert-e-s-vd.ch/chablais-vaudois/environnement/mobilite#breadcrumb","itemListElement":[{"@type":"ListItem","position":1,"name":"Accueil","item":"https://vert-e-s-vd.ch/chablais-vaudois/"},{"@type":"ListItem","position":2,"name":"Agenda"}]},{"@type":"WebSite","@id":"https://vert-e-s-vd.ch/chablais-vaudois/#website","url":"https://vert-e-s-vd.ch/chablais-vaudois/","name":"Les VERT.E.S, section du Chablais vaudois et des Alpes Vaudoises","description":"Une longueur d’avance","potentialAction":[{"@type":"SearchAction","target":{"@type":"EntryPoint","urlTemplate":"https://vert-e-s-vd.ch/chablais-vaudois/?s={search_term_string}"},"query-input":{"@type":"PropertyValueSpecification","valueRequired":true,"valueName":"search_term_string"}}],"inLanguage":"fr-FR"}]}</script>
<!-- / Yoast SEO plugin. -->

Mobilité - Les VERT.E.S, section du Chablais vaudois et des Alpes Vaudoises

Les Vert.e.s s'engagent pour une mobilité respectueuse de l'environnement. Nous avons besoin d'un tournant dans notre manière de nous déplacer et nos technologies actuelles permettent, si elles sont accompagnées d'une réelle volonté politique et citoyenne, de penser nos déplacements autrement !

Les Vert.e.s s'engagent pour une mobilité respectueuse de l'environnement. Nous avons besoin d'un tournant dans notre manière de nous …
